-- https://www.phpmyadmin.net/
--

START TRANSACTION;



--
-- Database: `sports_academy`
--

-- --------------------------------------------------------

--
-- Table structure for table `activity_log`
--

CREATE TABLE `activity_log` (
  `id` bigint(20) UNSIGNED NOT NULL,
  `log_name` varchar(255) COLLATE utf8mb4_unicode_ci DEFAULT NULL,
  `description` text COLLATE utf8mb4_unicode_ci NOT NULL,
  `subject_type` varchar(255) COLLATE utf8mb4_unicode_ci DEFAULT NULL,
  `event` varchar(255) COLLATE utf8mb4_unicode_ci DEFAULT NULL,
  `subject_id` bigint(20) UNSIGNED DEFAULT NULL,
  `causer_type` varchar(255) COLLATE utf8mb4_unicode_ci DEFAULT NULL,
  `causer_id` bigint(20) UNSIGNED DEFAULT NULL,
  `properties` longtext CHARACTER SET utf8mb4 COLLATE utf8mb4_bin DEFAULT NULL CHECK (json_valid(`properties`)),
  `batch_uuid` char(36) COLLATE utf8mb4_unicode_ci DEFAULT NULL,
  `created_at` timestamp NULL DEFAULT NULL,
  `updated_at` timestamp NULL DEFAULT NULL
) ENGINE=InnoDB DEFAULT CHARSET=utf8mb4 COLLATE=utf8mb4_unicode_ci ROW_FORMAT=DYNAMIC;

-- --------------------------------------------------------

--
-- Table structure for table `booking`
--

CREATE TABLE `booking` (
  `id` int(11) NOT NULL,
  `player_id` int(11) NOT NULL,
  `day_id` int(11) NOT NULL,
  `no_of_slots` int(11) NOT NULL,
  `court_id` int(11) NOT NULL,
  `date` timestamp NOT NULL DEFAULT current_timestamp(),
  `price` varchar(20) NOT NULL,
  `total_payload` longtext CHARACTER SET utf8mb4 COLLATE utf8mb4_bin NOT NULL CHECK (json_valid(`total_payload`)),
  `payment_status` enum('success','failed','initiate') NOT NULL,
  `created_at` timestamp NOT NULL DEFAULT current_timestamp(),
  `updated_at` datetime NOT NULL DEFAULT current_timestamp()
) ENGINE=InnoDB DEFAULT CHARSET=utf8mb4;

--
-- Dumping data for table `booking`
--

INSERT INTO `booking` (`id`, `player_id`, `day_id`, `no_of_slots`, `court_id`, `date`, `price`, `total_payload`, `payment_status`, `created_at`, `updated_at`) VALUES
(1, 19, 2, 2, 13, '2022-11-02 07:11:25', '2500', '', 'success', '2022-11-01 07:12:11', '2022-11-01 12:42:11'),
(2, 19, 2, 2, 1, '0000-00-00 00:00:00', '1750', '{\"g_total\":2000,\"discount\":200,\"play_coin\":50}', '', '2022-11-01 13:42:20', '2022-11-01 19:12:20'),
(3, 19, 2, 2, 1, '0000-00-00 00:00:00', '1750', '{\"g_total\":2000,\"discount\":200,\"play_coin\":50}', '', '2022-11-01 13:42:31', '2022-11-01 19:12:31'),
(4, 19, 2, 2, 1, '0000-00-00 00:00:00', '1750', '{\"g_total\":2000,\"discount\":200,\"play_coin\":50}', '', '2022-11-01 13:42:44', '2022-11-01 19:12:44');

-- --------------------------------------------------------

--
-- Table structure for table `booking_slots`
--

CREATE TABLE `booking_slots` (
  `id` int(11) NOT NULL,
  `booking_id` int(11) NOT NULL,
  `slot_id` int(11) DEFAULT NULL,
  `day_id` int(11) NOT NULL,
  `cus_slot_id` int(11) DEFAULT 0,
  `slot_status` enum('booked','hold') NOT NULL,
  `court_id` int(11) NOT NULL,
  `booking_date` date NOT NULL,
  `player_id` int(11) NOT NULL,
  `created_at` timestamp NOT NULL DEFAULT current_timestamp(),
  `updated_at` datetime NOT NULL DEFAULT current_timestamp()
) ENGINE=InnoDB DEFAULT CHARSET=utf8mb4;

--
-- Dumping data for table `booking_slots`
--

INSERT INTO `booking_slots` (`id`, `booking_id`, `slot_id`, `day_id`, `cus_slot_id`, `slot_status`, `court_id`, `booking_date`, `player_id`, `created_at`, `updated_at`) VALUES
(1, 1, 18, 3, 0, 'booked', 13, '2022-11-02', 19, '2022-10-21 07:09:20', '2022-10-21 12:39:20'),
(2, 3, 18, 2, 0, 'hold', 1, '0000-00-00', 19, '2022-11-01 13:42:31', '2022-11-01 19:12:31'),
(3, 3, 19, 2, 0, 'hold', 1, '0000-00-00', 19, '2022-11-01 13:42:31', '2022-11-01 19:12:31'),
(4, 4, 18, 2, 0, 'hold', 1, '0000-00-00', 19, '2022-11-01 13:42:44', '2022-11-01 19:12:44'),
(5, 4, 19, 2, 0, 'hold', 1, '0000-00-00', 19, '2022-11-01 13:42:44', '2022-11-01 19:12:44');

-- --------------------------------------------------------

--
-- Table structure for table `category`
--

CREATE TABLE `category` (
  `id` int(11) NOT NULL,
  `name` varchar(255) NOT NULL,
  `image` varchar(100) NOT NULL,
  `slug` varchar(100) NOT NULL,
  `sort` int(11) DEFAULT NULL,
  `created_at` timestamp NOT NULL DEFAULT current_timestamp(),
  `updated_at` timestamp NOT NULL DEFAULT current_timestamp()
) ENGINE=InnoDB DEFAULT CHARSET=utf8mb4;

--
-- Dumping data for table `category`
--

INSERT INTO `category` (`id`, `name`, `image`, `slug`, `sort`, `created_at`, `updated_at`) VALUES
(1, 'Indoor', 'category/thumbnail/1666268430.jpg', 'indoor', NULL, '2022-10-20 06:50:30', '2022-10-20 06:50:30'),
(2, 'Outdoor', 'category/thumbnail/1666268446.jpg', 'outdoor', NULL, '2022-10-20 06:50:46', '2022-10-20 06:50:46');

-- --------------------------------------------------------

--
-- Table structure for table `coaching_schedule`
--

CREATE TABLE `coaching_schedule` (
  `id` int(11) NOT NULL,
  `group` varchar(20) NOT NULL,
  `weekid` longtext CHARACTER SET utf8mb4 COLLATE utf8mb4_bin NOT NULL CHECK (json_valid(`weekid`)),
  `court_id` int(11) NOT NULL,
  `couching_start` int(11) NOT NULL,
  `created_at` timestamp NOT NULL DEFAULT current_timestamp(),
  `updated_at` timestamp NOT NULL DEFAULT current_timestamp()
) ENGINE=InnoDB DEFAULT CHARSET=utf8mb4;

--
-- Dumping data for table `coaching_schedule`
--

INSERT INTO `coaching_schedule` (`id`, `group`, `weekid`, `court_id`, `couching_start`, `created_at`, `updated_at`) VALUES
(1, 'Session1', '[\"1\",\"3\",\"5\"]', 1, 0, '2022-10-20 06:54:01', '2022-10-20 06:54:01'),
(2, 'Session2', '[\"2\",\"4\",\"6\"]', 1, 0, '2022-10-20 06:54:22', '2022-10-20 06:54:22'),
(3, 'Special', '[\"0\"]', 1, 0, '2022-10-20 07:39:38', '2022-10-20 07:39:38'),
(4, '123456', '[\"1\",\"5\"]', 10, 0, '2022-10-24 10:37:02', '2022-10-24 10:37:02');

-- --------------------------------------------------------

--
-- Table structure for table `coaching_timing_schedule`
--

CREATE TABLE `coaching_timing_schedule` (
  `id` int(11) NOT NULL,
  `court_id` int(11) NOT NULL,
  `cs_id` int(11) NOT NULL,
  `start_time` varchar(11) NOT NULL,
  `end_time` varchar(11) NOT NULL,
  `customer_type` enum('kids','women','adult') NOT NULL,
  `customer_level` enum('beginner','intermediate','professional') NOT NULL,
  `break_time` int(11) NOT NULL,
  `duration` int(11) NOT NULL,
  `max_join` int(11) NOT NULL,
  `amount` int(11) NOT NULL,
  `status` tinyint(1) NOT NULL,
  `created_at` timestamp NOT NULL DEFAULT current_timestamp(),
  `updated_at` timestamp NOT NULL DEFAULT current_timestamp()
) ENGINE=InnoDB DEFAULT CHARSET=utf8mb4;

--
-- Dumping data for table `coaching_timing_schedule`
--

INSERT INTO `coaching_timing_schedule` (`id`, `court_id`, `cs_id`, `start_time`, `end_time`, `customer_type`, `customer_level`, `break_time`, `duration`, `max_join`, `amount`, `status`, `created_at`, `updated_at`) VALUES
(1, 1, 1, '06:00', '07:00', 'kids', 'beginner', 15, 1, 15, 5000, 1, '2022-10-20 12:26:24', '2022-10-20 12:26:24'),
(2, 1, 1, '07:15', '08:15', 'kids', 'beginner', 15, 1, 15, 5000, 1, '2022-10-20 12:26:24', '2022-10-20 12:26:24'),
(3, 1, 1, '08:30', '09:30', 'kids', 'intermediate', 15, 1, 15, 5000, 1, '2022-10-20 12:26:24', '2022-10-20 12:26:24'),
(4, 1, 1, '09:45', '10:45', 'kids', 'professional', 15, 1, 15, 5000, 1, '2022-10-20 12:26:24', '2022-10-20 12:26:24'),
(5, 1, 1, '16:00', '17:00', 'adult', 'beginner', 15, 1, 15, 1000, 1, '2022-10-20 12:26:24', '2022-10-20 12:26:24'),
(6, 1, 1, '17:15', '18:15', 'adult', 'beginner', 15, 1, 15, 1000, 1, '2022-10-20 12:26:24', '2022-10-20 12:26:24'),
(7, 1, 1, '18:30', '19:30', 'adult', 'intermediate', 15, 1, 15, 1000, 1, '2022-10-20 12:26:24', '2022-10-20 12:26:24'),
(8, 1, 1, '19:45', '20:45', 'adult', 'intermediate', 15, 1, 15, 1000, 1, '2022-10-20 12:26:24', '2022-10-20 12:26:24'),
(9, 1, 2, '06:00', '07:00', 'kids', 'beginner', 15, 1, 15, 1000, 1, '2022-10-20 12:27:56', '2022-10-20 12:27:56'),
(10, 1, 2, '07:15', '08:15', 'kids', 'beginner', 15, 1, 15, 1000, 1, '2022-10-20 12:27:56', '2022-10-20 12:27:56'),
(11, 1, 2, '08:30', '09:30', 'kids', 'beginner', 15, 1, 15, 1000, 1, '2022-10-20 12:27:56', '2022-10-20 12:27:56'),
(12, 1, 2, '09:45', '10:45', 'adult', 'beginner', 15, 1, 15, 1000, 1, '2022-10-20 12:27:56', '2022-10-20 12:27:56'),
(13, 1, 2, '16:00', '17:00', 'adult', 'beginner', 15, 1, 15, 10000, 1, '2022-10-20 12:27:56', '2022-10-20 12:27:56'),
(14, 1, 2, '17:15', '18:15', 'adult', 'intermediate', 15, 1, 15, 10000, 1, '2022-10-20 12:27:56', '2022-10-20 12:27:56'),
(15, 1, 2, '18:30', '19:30', 'adult', 'intermediate', 15, 1, 15, 10000, 1, '2022-10-20 12:27:56', '2022-10-20 12:27:56'),
(16, 1, 2, '19:45', '20:45', 'women', 'beginner', 15, 1, 15, 10000, 1, '2022-10-20 12:27:56', '2022-10-20 12:27:56'),
(17, 1, 2, '21:00', '22:00', 'women', 'intermediate', 15, 1, 15, 10000, 1, '2022-10-20 12:27:56', '2022-10-20 12:27:56'),
(18, 1, 3, '06:00', '07:00', 'kids', 'beginner', 10, 1, 15, 2500, 1, '2022-10-20 13:10:18', '2022-10-20 13:10:18'),
(19, 1, 3, '07:10', '08:10', 'kids', 'beginner', 10, 1, 15, 2500, 1, '2022-10-20 13:10:18', '2022-10-20 13:10:18'),
(20, 1, 3, '08:20', '09:20', 'kids', 'beginner', 10, 1, 15, 2500, 1, '2022-10-20 13:10:18', '2022-10-20 13:10:18'),
(21, 1, 3, '09:30', '10:30', 'kids', 'beginner', 10, 1, 15, 2500, 1, '2022-10-20 13:10:18', '2022-10-20 13:10:18'),
(22, 10, 4, '06:00', '07:00', 'kids', 'beginner', 15, 1, 10, 2500, 1, '2022-10-24 16:08:14', '2022-10-24 16:08:14'),
(23, 10, 4, '07:15', '08:15', 'kids', 'beginner', 15, 1, 10, 2500, 1, '2022-10-24 16:08:14', '2022-10-24 16:08:14'),
(24, 10, 4, '08:30', '09:30', 'kids', 'beginner', 15, 1, 10, 2500, 1, '2022-10-24 16:08:14', '2022-10-24 16:08:14'),
(25, 10, 4, '09:45', '10:45', 'kids', 'beginner', 15, 1, 10, 2500, 1, '2022-10-24 16:08:14', '2022-10-24 16:08:14'),
(26, 10, 4, '11:00', '12:00', 'kids', 'beginner', 15, 1, 10, 2500, 1, '2022-10-24 16:08:14', '2022-10-24 16:08:14'),
(27, 10, 4, '12:15', '13:15', 'kids', 'beginner', 15, 1, 10, 2500, 1, '2022-10-24 16:08:14', '2022-10-24 16:08:14'),
(28, 10, 4, '13:30', '14:30', 'kids', 'beginner', 15, 1, 10, 2500, 1, '2022-10-24 16:08:14', '2022-10-24 16:08:14'),
(29, 10, 4, '14:45', '15:45', 'kids', 'beginner', 15, 1, 10, 2500, 1, '2022-10-24 16:08:14', '2022-10-24 16:08:14'),
(30, 10, 4, '16:00', '17:00', 'kids', 'beginner', 15, 1, 10, 2500, 1, '2022-10-24 16:08:14', '2022-10-24 16:08:14'),
(31, 10, 4, '17:15', '18:15', 'kids', 'beginner', 15, 1, 10, 2500, 1, '2022-10-24 16:08:14', '2022-10-24 16:08:14'),
(32, 10, 4, '18:30', '19:30', 'kids', 'beginner', 15, 1, 10, 2500, 1, '2022-10-24 16:08:14', '2022-10-24 16:08:14'),
(33, 10, 4, '19:45', '20:45', 'kids', 'beginner', 15, 1, 10, 2500, 1, '2022-10-24 16:08:14', '2022-10-24 16:08:14');

-- --------------------------------------------------------

--
-- Table structure for table `common_slots`
--

CREATE TABLE `common_slots` (
  `id` int(11) NOT NULL,
  `day_id` int(11) NOT NULL,
  `start_time` int(11) NOT NULL,
  `end_time` int(11) NOT NULL,
  `slot_break_time` int(11) NOT NULL,
  `slot_length` int(11) NOT NULL,
  `price_per_slot` int(11) NOT NULL,
  `day_off` tinyint(1) NOT NULL,
  `created_at` timestamp NOT NULL DEFAULT current_timestamp(),
  `updated_at` timestamp NOT NULL DEFAULT current_timestamp()
) ENGINE=InnoDB DEFAULT CHARSET=utf8mb4;

-- --------------------------------------------------------

--
-- Table structure for table `couching_booking_history`
--

CREATE TABLE `couching_booking_history` (
  `id` int(11) NOT NULL,
  `player_id` int(11) NOT NULL,
  `sports_id` int(11) NOT NULL,
  `court_id` int(11) NOT NULL,
  `cst_id` int(11) NOT NULL,
  `join_date` int(11) NOT NULL,
  `ending_date` int(11) NOT NULL,
  `amount` int(11) NOT NULL,
  `payment_status` enum('success','failed','initiate') NOT NULL,
  `slot_status` enum('hold','booked','opened') NOT NULL,
  `created_at` timestamp NOT NULL DEFAULT current_timestamp(),
  `updated_at` timestamp NOT NULL DEFAULT current_timestamp()
) ENGINE=InnoDB DEFAULT CHARSET=utf8mb4;

-- --------------------------------------------------------

--
-- Table structure for table `court`
--

CREATE TABLE `court` (
  `id` int(11) NOT NULL,
  `court_name` varchar(100) NOT NULL,
  `category_id` int(11) NOT NULL,
  `sports_id` int(11) NOT NULL,
  `venue_id` int(11) NOT NULL,
  `image` varchar(100) NOT NULL,
  `status` enum('Active','Inactive') NOT NULL,
  `slug` varchar(100) NOT NULL,
  `created_at` timestamp NOT NULL DEFAULT current_timestamp(),
  `updated_at` timestamp NOT NULL DEFAULT current_timestamp()
) ENGINE=InnoDB DEFAULT CHARSET=utf8mb4;

-- --------------------------------------------------------

--
-- Table structure for table `custom_slots`
--

CREATE TABLE `custom_slots` (
  `id` int(11) NOT NULL,
  `date` date DEFAULT NULL,
  `start_time` time DEFAULT NULL,
  `end_time` time DEFAULT NULL,
  `slot_break_time` int(11) DEFAULT NULL,
  `slot_duration` int(11) DEFAULT NULL,
  `price_per_slot` int(11) DEFAULT NULL,
  `time_off` tinyint(1) NOT NULL,
  `court_id` int(11) NOT NULL,
  `created_at` timestamp NOT NULL DEFAULT current_timestamp(),
  `updated_at` timestamp NOT NULL DEFAULT current_timestamp()
) ENGINE=InnoDB DEFAULT CHARSET=utf8mb4;

--
-- Dumping data for table `custom_slots`
--

INSERT INTO `custom_slots` (`id`, `date`, `start_time`, `end_time`, `slot_break_time`, `slot_duration`, `price_per_slot`, `time_off`, `court_id`, `created_at`, `updated_at`) VALUES
(1, '2022-10-21', '11:40:00', '16:40:00', 10, 1, 1500, 1, 1, '2022-10-21 00:40:26', '2022-10-21 00:40:26'),
(2, '2022-10-22', '11:48:00', '17:48:00', 10, 1, 2500, 1, 1, '2022-10-21 00:48:36', '2022-10-21 00:48:36');

-- --------------------------------------------------------

--
-- Table structure for table `custom_slots_timing`
--

CREATE TABLE `custom_slots_timing` (
  `id` int(11) NOT NULL,
  `court_id` int(11) NOT NULL,
  `slot_id` int(11) DEFAULT NULL,
  `day_date` date DEFAULT NULL,
  `price` float NOT NULL,
  `time_from` varchar(10) NOT NULL,
  `time_to` varchar(10) NOT NULL,
  `golden_hour` tinyint(1) NOT NULL,
  `status` tinyint(1) NOT NULL,
  `created_at` datetime NOT NULL DEFAULT current_timestamp(),
  `updated_at` timestamp NOT NULL DEFAULT current_timestamp()
) ENGINE=InnoDB DEFAULT CHARSET=utf8mb4;

--
-- Dumping data for table `custom_slots_timing`
--

INSERT INTO `custom_slots_timing` (`id`, `court_id`, `slot_id`, `day_date`, `price`, `time_from`, `time_to`, `golden_hour`, `status`, `created_at`, `updated_at`) VALUES
(1, 1, 1, '2022-10-21', 1500, '11:40', '12:40', 0, 1, '2022-10-21 11:40:26', '2022-10-21 06:10:26'),
(2, 1, 1, '2022-10-21', 1500, '12:50', '13:50', 0, 1, '2022-10-21 11:40:26', '2022-10-21 06:10:26'),
(3, 1, 1, '2022-10-21', 1500, '14:00', '15:00', 0, 1, '2022-10-21 11:40:26', '2022-10-21 06:10:26'),
(4, 1, 1, '2022-10-21', 1500, '15:10', '16:10', 0, 1, '2022-10-21 11:40:26', '2022-10-21 06:10:26'),
(5, 1, 1, '2022-10-21', 1500, '16:20', '17:20', 0, 1, '2022-10-21 11:40:26', '2022-10-21 06:10:26'),
(6, 1, 2, '2022-10-22', 2500, '11:48', '12:48', 0, 1, '2022-10-21 11:48:36', '2022-10-21 06:18:36'),
(7, 1, 2, '2022-10-22', 2500, '12:58', '13:58', 0, 1, '2022-10-21 11:48:36', '2022-10-21 06:18:36'),
(8, 1, 2, '2022-10-22', 2500, '14:08', '15:08', 0, 1, '2022-10-21 11:48:36', '2022-10-21 06:18:36'),
(9, 1, 2, '2022-10-22', 2500, '15:18', '16:18', 0, 1, '2022-10-21 11:48:36', '2022-10-21 06:18:36'),
(10, 1, 2, '2022-10-22', 2500, '16:28', '17:28', 0, 1, '2022-10-21 11:48:36', '2022-10-21 06:18:36'),
(11, 1, 2, '2022-10-22', 2500, '17:38', '18:38', 0, 1, '2022-10-21 11:48:36', '2022-10-21 06:18:36');

-- --------------------------------------------------------

--
-- Table structure for table `days`
--

CREATE TABLE `days` (
  `id` int(11) NOT NULL,
  `name` varchar(10) NOT NULL
) ENGINE=InnoDB DEFAULT CHARSET=utf8mb4;

--
-- Dumping data for table `days`
--

INSERT INTO `days` (`id`, `name`) VALUES
(0, 'Sunday'),
(1, 'Monday'),
(2, 'Tuesday'),
(3, 'Wednesday '),
(4, 'Thursday '),
(5, 'Friday  '),
(6, 'Saturday  ');

-- --------------------------------------------------------

--
-- Table structure for table `failed_jobs`
--

CREATE TABLE `failed_jobs` (
  `id` bigint(20) UNSIGNED NOT NULL,
  `uuid` varchar(255) COLLATE utf8mb4_unicode_ci NOT NULL,
  `connection` text COLLATE utf8mb4_unicode_ci NOT NULL,
  `queue` text COLLATE utf8mb4_unicode_ci NOT NULL,
  `payload` longtext COLLATE utf8mb4_unicode_ci NOT NULL,
  `exception` longtext COLLATE utf8mb4_unicode_ci NOT NULL,
  `failed_at` timestamp NOT NULL DEFAULT current_timestamp()
) ENGINE=InnoDB DEFAULT CHARSET=utf8mb4 COLLATE=utf8mb4_unicode_ci;

--
-- Dumping data for table `failed_jobs`
--

INSERT INTO `failed_jobs` (`id`, `uuid`, `connection`, `queue`, `payload`, `exception`, `failed_at`) VALUES
(1, '7537bc93-8b32-45d5-891a-c875b220ca27', 'database', 'default', '{\"uuid\":\"7537bc93-8b32-45d5-891a-c875b220ca27\",\"displayName\":\"App\\\\Jobs\\\\BookCoachQueue\",\"job\":\"Illuminate\\\\Queue\\\\CallQueuedHandler@call\",\"maxTries\":null,\"maxExceptions\":null,\"failOnTimeout\":false,\"backoff\":null,\"timeout\":null,\"retryUntil\":null,\"data\":{\"commandName\":\"App\\\\Jobs\\\\BookCoachQueue\",\"command\":\"O:23:\\\"App\\\\Jobs\\\\BookCoachQueue\\\":1:{s:5:\\\"delay\\\";O:13:\\\"Carbon\\\\Carbon\\\":3:{s:4:\\\"date\\\";s:26:\\\"2022-10-29 18:38:16.198329\\\";s:13:\\\"timezone_type\\\";i:3;s:8:\\\"timezone\\\";s:3:\\\"UTC\\\";}}\"}}', 'ErrorException: Undefined variable $id in D:\\xampp\\htdocs\\sclub\\app\\Jobs\\BookCoachQueue.php:38\nStack trace:\n#0 D:\\xampp\\htdocs\\sclub\\vendor\\laravel\\framework\\src\\Illuminate\\Foundation\\Bootstrap\\HandleExceptions.php(259): Illuminate\\Foundation\\Bootstrap\\HandleExceptions->handleError(2, \'Undefined varia...\', \'D:\\\\xampp\\\\htdocs...\', 38)\n#1 D:\\xampp\\htdocs\\sclub\\app\\Jobs\\BookCoachQueue.php(38): Illuminate\\Foundation\\Bootstrap\\HandleExceptions->Illuminate\\Foundation\\Bootstrap\\{closure}(2, \'Undefined varia...\', \'D:\\\\xampp\\\\htdocs...\', 38)\n#2 D:\\xampp\\htdocs\\sclub\\vendor\\laravel\\framework\\src\\Illuminate\\Container\\BoundMethod.php(36): App\\Jobs\\BookCoachQueue->handle()\n#3 D:\\xampp\\htdocs\\sclub\\vendor\\laravel\\framework\\src\\Illuminate\\Container\\Util.php(41): Illuminate\\Container\\BoundMethod::Illuminate\\Container\\{closure}()\n#4 D:\\xampp\\htdocs\\sclub\\vendor\\laravel\\framework\\src\\Illuminate\\Container\\BoundMethod.php(93): Illuminate\\Container\\Util::unwrapIfClosure(Object(Closure))\n#5 D:\\xampp\\htdocs\\sclub\\vendor\\laravel\\framework\\src\\Illuminate\\Container\\BoundMethod.php(37): Illuminate\\Container\\BoundMethod::callBoundMethod(Object(Illuminate\\Foundation\\Application), Array, Object(Closure))\n#6 D:\\xampp\\htdocs\\sclub\\vendor\\laravel\\framework\\src\\Illuminate\\Container\\Container.php(651): Illuminate\\Container\\BoundMethod::call(Object(Illuminate\\Foundation\\Application), Array, Array, NULL)\n#7 D:\\xampp\\htdocs\\sclub\\vendor\\laravel\\framework\\src\\Illuminate\\Bus\\Dispatcher.php(128): Illuminate\\Container\\Container->call(Array)\n#8 D:\\xampp\\htdocs\\sclub\\vendor\\laravel\\framework\\src\\Illuminate\\Pipeline\\Pipeline.php(141): Illuminate\\Bus\\Dispatcher->Illuminate\\Bus\\{closure}(Object(App\\Jobs\\BookCoachQueue))\n#9 D:\\xampp\\htdocs\\sclub\\vendor\\laravel\\framework\\src\\Illuminate\\Pipeline\\Pipeline.php(116): Illuminate\\Pipeline\\Pipeline->Illuminate\\Pipeline\\{closure}(Object(App\\Jobs\\BookCoachQueue))\n#10 D:\\xampp\\htdocs\\sclub\\vendor\\laravel\\framework\\src\\Illuminate\\Bus\\Dispatcher.php(132): Illuminate\\Pipeline\\Pipeline->then(Object(Closure))\n#11 D:\\xampp\\htdocs\\sclub\\vendor\\laravel\\framework\\src\\Illuminate\\Queue\\CallQueuedHandler.php(124): Illuminate\\Bus\\Dispatcher->dispatchNow(Object(App\\Jobs\\BookCoachQueue), false)\n#12 D:\\xampp\\htdocs\\sclub\\vendor\\laravel\\framework\\src\\Illuminate\\Pipeline\\Pipeline.php(141): Illuminate\\Queue\\CallQueuedHandler->Illuminate\\Queue\\{closure}(Object(App\\Jobs\\BookCoachQueue))\n#13 D:\\xampp\\htdocs\\sclub\\vendor\\laravel\\framework\\src\\Illuminate\\Pipeline\\Pipeline.php(116): Illuminate\\Pipeline\\Pipeline->Illuminate\\Pipeline\\{closure}(Object(App\\Jobs\\BookCoachQueue))\n#14 D:\\xampp\\htdocs\\sclub\\vendor\\laravel\\framework\\src\\Illuminate\\Queue\\CallQueuedHandler.php(126): Illuminate\\Pipeline\\Pipeline->then(Object(Closure))\n#15 D:\\xampp\\htdocs\\sclub\\vendor\\laravel\\framework\\src\\Illuminate\\Queue\\CallQueuedHandler.php(70): Illuminate\\Queue\\CallQueuedHandler->dispatchThroughMiddleware(Object(Illuminate\\Queue\\Jobs\\DatabaseJob), Object(App\\Jobs\\BookCoachQueue))\n#16 D:\\xampp\\htdocs\\sclub\\vendor\\laravel\\framework\\src\\Illuminate\\Queue\\Jobs\\Job.php(98): Illuminate\\Queue\\CallQueuedHandler->call(Object(Illuminate\\Queue\\Jobs\\DatabaseJob), Array)\n#17 D:\\xampp\\htdocs\\sclub\\vendor\\laravel\\framework\\src\\Illuminate\\Queue\\Worker.php(425): Illuminate\\Queue\\Jobs\\Job->fire()\n#18 D:\\xampp\\htdocs\\sclub\\vendor\\laravel\\framework\\src\\Illuminate\\Queue\\Worker.php(375): Illuminate\\Queue\\Worker->process(\'database\', Object(Illuminate\\Queue\\Jobs\\DatabaseJob), Object(Illuminate\\Queue\\WorkerOptions))\n#19 D:\\xampp\\htdocs\\sclub\\vendor\\laravel\\framework\\src\\Illuminate\\Queue\\Worker.php(326): Illuminate\\Queue\\Worker->runJob(Object(Illuminate\\Queue\\Jobs\\DatabaseJob), \'database\', Object(Illuminate\\Queue\\WorkerOptions))\n#20 D:\\xampp\\htdocs\\sclub\\vendor\\laravel\\framework\\src\\Illuminate\\Queue\\Console\\WorkCommand.php(150): Illuminate\\Queue\\Worker->runNextJob(\'database\', \'default\', Object(Illuminate\\Queue\\WorkerOptions))\n#21 D:\\xampp\\htdocs\\sclub\\vendor\\laravel\\framework\\src\\Illuminate\\Queue\\Console\\WorkCommand.php(134): Illuminate\\Queue\\Console\\WorkCommand->runWorker(\'database\', \'default\')\n#22 D:\\xampp\\htdocs\\sclub\\vendor\\laravel\\framework\\src\\Illuminate\\Container\\BoundMethod.php(36): Illuminate\\Queue\\Console\\WorkCommand->handle()\n#23 D:\\xampp\\htdocs\\sclub\\vendor\\laravel\\framework\\src\\Illuminate\\Container\\Util.php(41): Illuminate\\Container\\BoundMethod::Illuminate\\Container\\{closure}()\n#24 D:\\xampp\\htdocs\\sclub\\vendor\\laravel\\framework\\src\\Illuminate\\Container\\BoundMethod.php(93): Illuminate\\Container\\Util::unwrapIfClosure(Object(Closure))\n#25 D:\\xampp\\htdocs\\sclub\\vendor\\laravel\\framework\\src\\Illuminate\\Container\\BoundMethod.php(37): Illuminate\\Container\\BoundMethod::callBoundMethod(Object(Illuminate\\Foundation\\Application), Array, Object(Closure))\n#26 D:\\xampp\\htdocs\\sclub\\vendor\\laravel\\framework\\src\\Illuminate\\Container\\Container.php(651): Illuminate\\Container\\BoundMethod::call(Object(Illuminate\\Foundation\\Application), Array, Array, NULL)\n#27 D:\\xampp\\htdocs\\sclub\\vendor\\laravel\\framework\\src\\Illuminate\\Console\\Command.php(144): Illuminate\\Container\\Container->call(Array)\n#28 D:\\xampp\\htdocs\\sclub\\vendor\\symfony\\console\\Command\\Command.php(308): Illuminate\\Console\\Command->execute(Object(Symfony\\Component\\Console\\Input\\ArgvInput), Object(Illuminate\\Console\\OutputStyle))\n#29 D:\\xampp\\htdocs\\sclub\\vendor\\laravel\\framework\\src\\Illuminate\\Console\\Command.php(126): Symfony\\Component\\Console\\Command\\Command->run(Object(Symfony\\Component\\Console\\Input\\ArgvInput), Object(Illuminate\\Console\\OutputStyle))\n#30 D:\\xampp\\htdocs\\sclub\\vendor\\symfony\\console\\Application.php(1002): Illuminate\\Console\\Command->run(Object(Symfony\\Component\\Console\\Input\\ArgvInput), Object(Symfony\\Component\\Console\\Output\\ConsoleOutput))\n#31 D:\\xampp\\htdocs\\sclub\\vendor\\symfony\\console\\Application.php(299): Symfony\\Component\\Console\\Application->doRunCommand(Object(Illuminate\\Queue\\Console\\WorkCommand), Object(Symfony\\Component\\Console\\Input\\ArgvInput), Object(Symfony\\Component\\Console\\Output\\ConsoleOutput))\n#32 D:\\xampp\\htdocs\\sclub\\vendor\\symfony\\console\\Application.php(171): Symfony\\Component\\Console\\Application->doRun(Object(Symfony\\Component\\Console\\Input\\ArgvInput), Object(Symfony\\Component\\Console\\Output\\ConsoleOutput))\n#33 D:\\xampp\\htdocs\\sclub\\vendor\\laravel\\framework\\src\\Illuminate\\Console\\Application.php(102): Symfony\\Component\\Console\\Application->run(Object(Symfony\\Component\\Console\\Input\\ArgvInput), Object(Symfony\\Component\\Console\\Output\\ConsoleOutput))\n#34 D:\\xampp\\htdocs\\sclub\\vendor\\laravel\\framework\\src\\Illuminate\\Foundation\\Console\\Kernel.php(151): Illuminate\\Console\\Application->run(Object(Symfony\\Component\\Console\\Input\\ArgvInput), Object(Symfony\\Component\\Console\\Output\\ConsoleOutput))\n#35 D:\\xampp\\htdocs\\sclub\\artisan(37): Illuminate\\Foundation\\Console\\Kernel->handle(Object(Symfony\\Component\\Console\\Input\\ArgvInput), Object(Symfony\\Component\\Console\\Output\\ConsoleOutput))\n#36 {main}', '2022-10-31 00:15:35'),
(2, 'b9f8e7d7-ff42-40dd-92a0-cf91f77f7e3b', 'database', 'default', '{\"uuid\":\"b9f8e7d7-ff42-40dd-92a0-cf91f77f7e3b\",\"displayName\":\"App\\\\Jobs\\\\BookCoachQueue\",\"job\":\"Illuminate\\\\Queue\\\\CallQueuedHandler@call\",\"maxTries\":null,\"maxExceptions\":null,\"failOnTimeout\":false,\"backoff\":null,\"timeout\":null,\"retryUntil\":null,\"data\":{\"commandName\":\"App\\\\Jobs\\\\BookCoachQueue\",\"command\":\"O:23:\\\"App\\\\Jobs\\\\BookCoachQueue\\\":1:{s:5:\\\"delay\\\";O:13:\\\"Carbon\\\\Carbon\\\":3:{s:4:\\\"date\\\";s:26:\\\"2022-10-31 05:09:34.610479\\\";s:13:\\\"timezone_type\\\";i:3;s:8:\\\"timezone\\\";s:3:\\\"UTC\\\";}}\"}}', 'ErrorException: Undefined variable $id in D:\\xampp\\htdocs\\sclub\\app\\Jobs\\BookCoachQueue.php:38\nStack trace:\n#0 D:\\xampp\\htdocs\\sclub\\vendor\\laravel\\framework\\src\\Illuminate\\Foundation\\Bootstrap\\HandleExceptions.php(259): Illuminate\\Foundation\\Bootstrap\\HandleExceptions->handleError(2, \'Undefined varia...\', \'D:\\\\xampp\\\\htdocs...\', 38)\n#1 D:\\xampp\\htdocs\\sclub\\app\\Jobs\\BookCoachQueue.php(38): Illuminate\\Foundation\\Bootstrap\\HandleExceptions->Illuminate\\Foundation\\Bootstrap\\{closure}(2, \'Undefined varia...\', \'D:\\\\xampp\\\\htdocs...\', 38)\n#2 D:\\xampp\\htdocs\\sclub\\vendor\\laravel\\framework\\src\\Illuminate\\Container\\BoundMethod.php(36): App\\Jobs\\BookCoachQueue->handle()\n#3 D:\\xampp\\htdocs\\sclub\\vendor\\laravel\\framework\\src\\Illuminate\\Container\\Util.php(41): Illuminate\\Container\\BoundMethod::Illuminate\\Container\\{closure}()\n#4 D:\\xampp\\htdocs\\sclub\\vendor\\laravel\\framework\\src\\Illuminate\\Container\\BoundMethod.php(93): Illuminate\\Container\\Util::unwrapIfClosure(Object(Closure))\n#5 D:\\xampp\\htdocs\\sclub\\vendor\\laravel\\framework\\src\\Illuminate\\Container\\BoundMethod.php(37): Illuminate\\Container\\BoundMethod::callBoundMethod(Object(Illuminate\\Foundation\\Application), Array, Object(Closure))\n#6 D:\\xampp\\htdocs\\sclub\\vendor\\laravel\\framework\\src\\Illuminate\\Container\\Container.php(651): Illuminate\\Container\\BoundMethod::call(Object(Illuminate\\Foundation\\Application), Array, Array, NULL)\n#7 D:\\xampp\\htdocs\\sclub\\vendor\\laravel\\framework\\src\\Illuminate\\Bus\\Dispatcher.php(128): Illuminate\\Container\\Container->call(Array)\n#8 D:\\xampp\\htdocs\\sclub\\vendor\\laravel\\framework\\src\\Illuminate\\Pipeline\\Pipeline.php(141): Illuminate\\Bus\\Dispatcher->Illuminate\\Bus\\{closure}(Object(App\\Jobs\\BookCoachQueue))\n#9 D:\\xampp\\htdocs\\sclub\\vendor\\laravel\\framework\\src\\Illuminate\\Pipeline\\Pipeline.php(116): Illuminate\\Pipeline\\Pipeline->Illuminate\\Pipeline\\{closure}(Object(App\\Jobs\\BookCoachQueue))\n#10 D:\\xampp\\htdocs\\sclub\\vendor\\laravel\\framework\\src\\Illuminate\\Bus\\Dispatcher.php(132): Illuminate\\Pipeline\\Pipeline->then(Object(Closure))\n#11 D:\\xampp\\htdocs\\sclub\\vendor\\laravel\\framework\\src\\Illuminate\\Queue\\CallQueuedHandler.php(124): Illuminate\\Bus\\Dispatcher->dispatchNow(Object(App\\Jobs\\BookCoachQueue), false)\n#12 D:\\xampp\\htdocs\\sclub\\vendor\\laravel\\framework\\src\\Illuminate\\Pipeline\\Pipeline.php(141): Illuminate\\Queue\\CallQueuedHandler->Illuminate\\Queue\\{closure}(Object(App\\Jobs\\BookCoachQueue))\n#13 D:\\xampp\\htdocs\\sclub\\vendor\\laravel\\framework\\src\\Illuminate\\Pipeline\\Pipeline.php(116): Illuminate\\Pipeline\\Pipeline->Illuminate\\Pipeline\\{closure}(Object(App\\Jobs\\BookCoachQueue))\n#14 D:\\xampp\\htdocs\\sclub\\vendor\\laravel\\framework\\src\\Illuminate\\Queue\\CallQueuedHandler.php(126): Illuminate\\Pipeline\\Pipeline->then(Object(Closure))\n#15 D:\\xampp\\htdocs\\sclub\\vendor\\laravel\\framework\\src\\Illuminate\\Queue\\CallQueuedHandler.php(70): Illuminate\\Queue\\CallQueuedHandler->dispatchThroughMiddleware(Object(Illuminate\\Queue\\Jobs\\DatabaseJob), Object(App\\Jobs\\BookCoachQueue))\n#16 D:\\xampp\\htdocs\\sclub\\vendor\\laravel\\framework\\src\\Illuminate\\Queue\\Jobs\\Job.php(98): Illuminate\\Queue\\CallQueuedHandler->call(Object(Illuminate\\Queue\\Jobs\\DatabaseJob), Array)\n#17 D:\\xampp\\htdocs\\sclub\\vendor\\laravel\\framework\\src\\Illuminate\\Queue\\Worker.php(425): Illuminate\\Queue\\Jobs\\Job->fire()\n#18 D:\\xampp\\htdocs\\sclub\\vendor\\laravel\\framework\\src\\Illuminate\\Queue\\Worker.php(375): Illuminate\\Queue\\Worker->process(\'database\', Object(Illuminate\\Queue\\Jobs\\DatabaseJob), Object(Illuminate\\Queue\\WorkerOptions))\n#19 D:\\xampp\\htdocs\\sclub\\vendor\\laravel\\framework\\src\\Illuminate\\Queue\\Worker.php(326): Illuminate\\Queue\\Worker->runJob(Object(Illuminate\\Queue\\Jobs\\DatabaseJob), \'database\', Object(Illuminate\\Queue\\WorkerOptions))\n#20 D:\\xampp\\htdocs\\sclub\\vendor\\laravel\\framework\\src\\Illuminate\\Queue\\Console\\WorkCommand.php(150): Illuminate\\Queue\\Worker->runNextJob(\'database\', \'default\', Object(Illuminate\\Queue\\WorkerOptions))\n#21 D:\\xampp\\htdocs\\sclub\\vendor\\laravel\\framework\\src\\Illuminate\\Queue\\Console\\WorkCommand.php(134): Illuminate\\Queue\\Console\\WorkCommand->runWorker(\'database\', \'default\')\n#22 D:\\xampp\\htdocs\\sclub\\vendor\\laravel\\framework\\src\\Illuminate\\Container\\BoundMethod.php(36): Illuminate\\Queue\\Console\\WorkCommand->handle()\n#23 D:\\xampp\\htdocs\\sclub\\vendor\\laravel\\framework\\src\\Illuminate\\Container\\Util.php(41): Illuminate\\Container\\BoundMethod::Illuminate\\Container\\{closure}()\n#24 D:\\xampp\\htdocs\\sclub\\vendor\\laravel\\framework\\src\\Illuminate\\Container\\BoundMethod.php(93): Illuminate\\Container\\Util::unwrapIfClosure(Object(Closure))\n#25 D:\\xampp\\htdocs\\sclub\\vendor\\laravel\\framework\\src\\Illuminate\\Container\\BoundMethod.php(37): Illuminate\\Container\\BoundMethod::callBoundMethod(Object(Illuminate\\Foundation\\Application), Array, Object(Closure))\n#26 D:\\xampp\\htdocs\\sclub\\vendor\\laravel\\framework\\src\\Illuminate\\Container\\Container.php(651): Illuminate\\Container\\BoundMethod::call(Object(Illuminate\\Foundation\\Application), Array, Array, NULL)\n#27 D:\\xampp\\htdocs\\sclub\\vendor\\laravel\\framework\\src\\Illuminate\\Console\\Command.php(144): Illuminate\\Container\\Container->call(Array)\n#28 D:\\xampp\\htdocs\\sclub\\vendor\\symfony\\console\\Command\\Command.php(308): Illuminate\\Console\\Command->execute(Object(Symfony\\Component\\Console\\Input\\ArgvInput), Object(Illuminate\\Console\\OutputStyle))\n#29 D:\\xampp\\htdocs\\sclub\\vendor\\laravel\\framework\\src\\Illuminate\\Console\\Command.php(126): Symfony\\Component\\Console\\Command\\Command->run(Object(Symfony\\Component\\Console\\Input\\ArgvInput), Object(Illuminate\\Console\\OutputStyle))\n#30 D:\\xampp\\htdocs\\sclub\\vendor\\symfony\\console\\Application.php(1002): Illuminate\\Console\\Command->run(Object(Symfony\\Component\\Console\\Input\\ArgvInput), Object(Symfony\\Component\\Console\\Output\\ConsoleOutput))\n#31 D:\\xampp\\htdocs\\sclub\\vendor\\symfony\\console\\Application.php(299): Symfony\\Component\\Console\\Application->doRunCommand(Object(Illuminate\\Queue\\Console\\WorkCommand), Object(Symfony\\Component\\Console\\Input\\ArgvInput), Object(Symfony\\Component\\Console\\Output\\ConsoleOutput))\n#32 D:\\xampp\\htdocs\\sclub\\vendor\\symfony\\console\\Application.php(171): Symfony\\Component\\Console\\Application->doRun(Object(Symfony\\Component\\Console\\Input\\ArgvInput), Object(Symfony\\Component\\Console\\Output\\ConsoleOutput))\n#33 D:\\xampp\\htdocs\\sclub\\vendor\\laravel\\framework\\src\\Illuminate\\Console\\Application.php(102): Symfony\\Component\\Console\\Application->run(Object(Symfony\\Component\\Console\\Input\\ArgvInput), Object(Symfony\\Component\\Console\\Output\\ConsoleOutput))\n#34 D:\\xampp\\htdocs\\sclub\\vendor\\laravel\\framework\\src\\Illuminate\\Foundation\\Console\\Kernel.php(151): Illuminate\\Console\\Application->run(Object(Symfony\\Component\\Console\\Input\\ArgvInput), Object(Symfony\\Component\\Console\\Output\\ConsoleOutput))\n#35 D:\\xampp\\htdocs\\sclub\\artisan(37): Illuminate\\Foundation\\Console\\Kernel->handle(Object(Symfony\\Component\\Console\\Input\\ArgvInput), Object(Symfony\\Component\\Console\\Output\\ConsoleOutput))\n#36 {main}', '2022-10-31 00:15:36'),
(3, '4a20ab08-426c-441b-93cc-01dac3d42041', 'database', 'default', '{\"uuid\":\"4a20ab08-426c-441b-93cc-01dac3d42041\",\"displayName\":\"App\\\\Jobs\\\\BookCoachQueue\",\"job\":\"Illuminate\\\\Queue\\\\CallQueuedHandler@call\",\"maxTries\":null,\"maxExceptions\":null,\"failOnTimeout\":false,\"backoff\":null,\"timeout\":null,\"retryUntil\":null,\"data\":{\"commandName\":\"App\\\\Jobs\\\\BookCoachQueue\",\"command\":\"O:23:\\\"App\\\\Jobs\\\\BookCoachQueue\\\":1:{s:5:\\\"delay\\\";O:13:\\\"Carbon\\\\Carbon\\\":3:{s:4:\\\"date\\\";s:26:\\\"2022-10-31 05:34:31.106243\\\";s:13:\\\"timezone_type\\\";i:3;s:8:\\\"timezone\\\";s:3:\\\"UTC\\\";}}\"}}', 'ErrorException: Undefined variable $id in D:\\xampp\\htdocs\\sclub\\app\\Jobs\\BookCoachQueue.php:38\nStack trace:\n#0 D:\\xampp\\htdocs\\sclub\\vendor\\laravel\\framework\\src\\Illuminate\\Foundation\\Bootstrap\\HandleExceptions.php(259): Illuminate\\Foundation\\Bootstrap\\HandleExceptions->handleError(2, \'Undefined varia...\', \'D:\\\\xampp\\\\htdocs...\', 38)\n#1 D:\\xampp\\htdocs\\sclub\\app\\Jobs\\BookCoachQueue.php(38): Illuminate\\Foundation\\Bootstrap\\HandleExceptions->Illuminate\\Foundation\\Bootstrap\\{closure}(2, \'Undefined varia...\', \'D:\\\\xampp\\\\htdocs...\', 38)\n#2 D:\\xampp\\htdocs\\sclub\\vendor\\laravel\\framework\\src\\Illuminate\\Container\\BoundMethod.php(36): App\\Jobs\\BookCoachQueue->handle()\n#3 D:\\xampp\\htdocs\\sclub\\vendor\\laravel\\framework\\src\\Illuminate\\Container\\Util.php(41): Illuminate\\Container\\BoundMethod::Illuminate\\Container\\{closure}()\n#4 D:\\xampp\\htdocs\\sclub\\vendor\\laravel\\framework\\src\\Illuminate\\Container\\BoundMethod.php(93): Illuminate\\Container\\Util::unwrapIfClosure(Object(Closure))\n#5 D:\\xampp\\htdocs\\sclub\\vendor\\laravel\\framework\\src\\Illuminate\\Container\\BoundMethod.php(37): Illuminate\\Container\\BoundMethod::callBoundMethod(Object(Illuminate\\Foundation\\Application), Array, Object(Closure))\n#6 D:\\xampp\\htdocs\\sclub\\vendor\\laravel\\framework\\src\\Illuminate\\Container\\Container.php(651): Illuminate\\Container\\BoundMethod::call(Object(Illuminate\\Foundation\\Application), Array, Array, NULL)\n#7 D:\\xampp\\htdocs\\sclub\\vendor\\laravel\\framework\\src\\Illuminate\\Bus\\Dispatcher.php(128): Illuminate\\Container\\Container->call(Array)\n#8 D:\\xampp\\htdocs\\sclub\\vendor\\laravel\\framework\\src\\Illuminate\\Pipeline\\Pipeline.php(141): Illuminate\\Bus\\Dispatcher->Illuminate\\Bus\\{closure}(Object(App\\Jobs\\BookCoachQueue))\n#9 D:\\xampp\\htdocs\\sclub\\vendor\\laravel\\framework\\src\\Illuminate\\Pipeline\\Pipeline.php(116): Illuminate\\Pipeline\\Pipeline->Illuminate\\Pipeline\\{closure}(Object(App\\Jobs\\BookCoachQueue))\n#10 D:\\xampp\\htdocs\\sclub\\vendor\\laravel\\framework\\src\\Illuminate\\Bus\\Dispatcher.php(132): Illuminate\\Pipeline\\Pipeline->then(Object(Closure))\n#11 D:\\xampp\\htdocs\\sclub\\vendor\\laravel\\framework\\src\\Illuminate\\Queue\\CallQueuedHandler.php(124): Illuminate\\Bus\\Dispatcher->dispatchNow(Object(App\\Jobs\\BookCoachQueue), false)\n#12 D:\\xampp\\htdocs\\sclub\\vendor\\laravel\\framework\\src\\Illuminate\\Pipeline\\Pipeline.php(141): Illuminate\\Queue\\CallQueuedHandler->Illuminate\\Queue\\{closure}(Object(App\\Jobs\\BookCoachQueue))\n#13 D:\\xampp\\htdocs\\sclub\\vendor\\laravel\\framework\\src\\Illuminate\\Pipeline\\Pipeline.php(116): Illuminate\\Pipeline\\Pipeline->Illuminate\\Pipeline\\{closure}(Object(App\\Jobs\\BookCoachQueue))\n#14 D:\\xampp\\htdocs\\sclub\\vendor\\laravel\\framework\\src\\Illuminate\\Queue\\CallQueuedHandler.php(126): Illuminate\\Pipeline\\Pipeline->then(Object(Closure))\n#15 D:\\xampp\\htdocs\\sclub\\vendor\\laravel\\framework\\src\\Illuminate\\Queue\\CallQueuedHandler.php(70): Illuminate\\Queue\\CallQueuedHandler->dispatchThroughMiddleware(Object(Illuminate\\Queue\\Jobs\\DatabaseJob), Object(App\\Jobs\\BookCoachQueue))\n#16 D:\\xampp\\htdocs\\sclub\\vendor\\laravel\\framework\\src\\Illuminate\\Queue\\Jobs\\Job.php(98): Illuminate\\Queue\\CallQueuedHandler->call(Object(Illuminate\\Queue\\Jobs\\DatabaseJob), Array)\n#17 D:\\xampp\\htdocs\\sclub\\vendor\\laravel\\framework\\src\\Illuminate\\Queue\\Worker.php(425): Illuminate\\Queue\\Jobs\\Job->fire()\n#18 D:\\xampp\\htdocs\\sclub\\vendor\\laravel\\framework\\src\\Illuminate\\Queue\\Worker.php(375): Illuminate\\Queue\\Worker->process(\'database\', Object(Illuminate\\Queue\\Jobs\\DatabaseJob), Object(Illuminate\\Queue\\WorkerOptions))\n#19 D:\\xampp\\htdocs\\sclub\\vendor\\laravel\\framework\\src\\Illuminate\\Queue\\Worker.php(326): Illuminate\\Queue\\Worker->runJob(Object(Illuminate\\Queue\\Jobs\\DatabaseJob), \'database\', Object(Illuminate\\Queue\\WorkerOptions))\n#20 D:\\xampp\\htdocs\\sclub\\vendor\\laravel\\framework\\src\\Illuminate\\Queue\\Console\\WorkCommand.php(150): Illuminate\\Queue\\Worker->runNextJob(\'database\', \'default\', Object(Illuminate\\Queue\\WorkerOptions))\n#21 D:\\xampp\\htdocs\\sclub\\vendor\\laravel\\framework\\src\\Illuminate\\Queue\\Console\\WorkCommand.php(134): Illuminate\\Queue\\Console\\WorkCommand->runWorker(\'database\', \'default\')\n#22 D:\\xampp\\htdocs\\sclub\\vendor\\laravel\\framework\\src\\Illuminate\\Container\\BoundMethod.php(36): Illuminate\\Queue\\Console\\WorkCommand->handle()\n#23 D:\\xampp\\htdocs\\sclub\\vendor\\laravel\\framework\\src\\Illuminate\\Container\\Util.php(41): Illuminate\\Container\\BoundMethod::Illuminate\\Container\\{closure}()\n#24 D:\\xampp\\htdocs\\sclub\\vendor\\laravel\\framework\\src\\Illuminate\\Container\\BoundMethod.php(93): Illuminate\\Container\\Util::unwrapIfClosure(Object(Closure))\n#25 D:\\xampp\\htdocs\\sclub\\vendor\\laravel\\framework\\src\\Illuminate\\Container\\BoundMethod.php(37): Illuminate\\Container\\BoundMethod::callBoundMethod(Object(Illuminate\\Foundation\\Application), Array, Object(Closure))\n#26 D:\\xampp\\htdocs\\sclub\\vendor\\laravel\\framework\\src\\Illuminate\\Container\\Container.php(651): Illuminate\\Container\\BoundMethod::call(Object(Illuminate\\Foundation\\Application), Array, Array, NULL)\n#27 D:\\xampp\\htdocs\\sclub\\vendor\\laravel\\framework\\src\\Illuminate\\Console\\Command.php(144): Illuminate\\Container\\Container->call(Array)\n#28 D:\\xampp\\htdocs\\sclub\\vendor\\symfony\\console\\Command\\Command.php(308): Illuminate\\Console\\Command->execute(Object(Symfony\\Component\\Console\\Input\\ArgvInput), Object(Illuminate\\Console\\OutputStyle))\n#29 D:\\xampp\\htdocs\\sclub\\vendor\\laravel\\framework\\src\\Illuminate\\Console\\Command.php(126): Symfony\\Component\\Console\\Command\\Command->run(Object(Symfony\\Component\\Console\\Input\\ArgvInput), Object(Illuminate\\Console\\OutputStyle))\n#30 D:\\xampp\\htdocs\\sclub\\vendor\\symfony\\console\\Application.php(1002): Illuminate\\Console\\Command->run(Object(Symfony\\Component\\Console\\Input\\ArgvInput), Object(Symfony\\Component\\Console\\Output\\ConsoleOutput))\n#31 D:\\xampp\\htdocs\\sclub\\vendor\\symfony\\console\\Application.php(299): Symfony\\Component\\Console\\Application->doRunCommand(Object(Illuminate\\Queue\\Console\\WorkCommand), Object(Symfony\\Component\\Console\\Input\\ArgvInput), Object(Symfony\\Component\\Console\\Output\\ConsoleOutput))\n#32 D:\\xampp\\htdocs\\sclub\\vendor\\symfony\\console\\Application.php(171): Symfony\\Component\\Console\\Application->doRun(Object(Symfony\\Component\\Console\\Input\\ArgvInput), Object(Symfony\\Component\\Console\\Output\\ConsoleOutput))\n#33 D:\\xampp\\htdocs\\sclub\\vendor\\laravel\\framework\\src\\Illuminate\\Console\\Application.php(102): Symfony\\Component\\Console\\Application->run(Object(Symfony\\Component\\Console\\Input\\ArgvInput), Object(Symfony\\Component\\Console\\Output\\ConsoleOutput))\n#34 D:\\xampp\\htdocs\\sclub\\vendor\\laravel\\framework\\src\\Illuminate\\Foundation\\Console\\Kernel.php(151): Illuminate\\Console\\Application->run(Object(Symfony\\Component\\Console\\Input\\ArgvInput), Object(Symfony\\Component\\Console\\Output\\ConsoleOutput))\n#35 D:\\xampp\\htdocs\\sclub\\artisan(37): Illuminate\\Foundation\\Console\\Kernel->handle(Object(Symfony\\Component\\Console\\Input\\ArgvInput), Object(Symfony\\Component\\Console\\Output\\ConsoleOutput))\n#36 {main}', '2022-10-31 00:15:37'),
(4, '7d307b50-03ca-48f8-abdb-6a7857cfbc2c', 'database', 'default', '{\"uuid\":\"7d307b50-03ca-48f8-abdb-6a7857cfbc2c\",\"displayName\":\"App\\\\Jobs\\\\BookCoachQueue\",\"job\":\"Illuminate\\\\Queue\\\\CallQueuedHandler@call\",\"maxTries\":null,\"maxExceptions\":null,\"failOnTimeout\":false,\"backoff\":null,\"timeout\":null,\"retryUntil\":null,\"data\":{\"commandName\":\"App\\\\Jobs\\\\BookCoachQueue\",\"command\":\"O:23:\\\"App\\\\Jobs\\\\BookCoachQueue\\\":1:{s:5:\\\"delay\\\";O:13:\\\"Carbon\\\\Carbon\\\":3:{s:4:\\\"date\\\";s:26:\\\"2022-10-31 05:36:15.089343\\\";s:13:\\\"timezone_type\\\";i:3;s:8:\\\"timezone\\\";s:3:\\\"UTC\\\";}}\"}}', 'ErrorException: Undefined variable $id in D:\\xampp\\htdocs\\sclub\\app\\Jobs\\BookCoachQueue.php:38\nStack trace:\n#0 D:\\xampp\\htdocs\\sclub\\vendor\\laravel\\framework\\src\\Illuminate\\Foundation\\Bootstrap\\HandleExceptions.php(259): Illuminate\\Foundation\\Bootstrap\\HandleExceptions->handleError(2, \'Undefined varia...\', \'D:\\\\xampp\\\\htdocs...\', 38)\n#1 D:\\xampp\\htdocs\\sclub\\app\\Jobs\\BookCoachQueue.php(38): Illuminate\\Foundation\\Bootstrap\\HandleExceptions->Illuminate\\Foundation\\Bootstrap\\{closure}(2, \'Undefined varia...\', \'D:\\\\xampp\\\\htdocs...\', 38)\n#2 D:\\xampp\\htdocs\\sclub\\vendor\\laravel\\framework\\src\\Illuminate\\Container\\BoundMethod.php(36): App\\Jobs\\BookCoachQueue->handle()\n#3 D:\\xampp\\htdocs\\sclub\\vendor\\laravel\\framework\\src\\Illuminate\\Container\\Util.php(41): Illuminate\\Container\\BoundMethod::Illuminate\\Container\\{closure}()\n#4 D:\\xampp\\htdocs\\sclub\\vendor\\laravel\\framework\\src\\Illuminate\\Container\\BoundMethod.php(93): Illuminate\\Container\\Util::unwrapIfClosure(Object(Closure))\n#5 D:\\xampp\\htdocs\\sclub\\vendor\\laravel\\framework\\src\\Illuminate\\Container\\BoundMethod.php(37): Illuminate\\Container\\BoundMethod::callBoundMethod(Object(Illuminate\\Foundation\\Application), Array, Object(Closure))\n#6 D:\\xampp\\htdocs\\sclub\\vendor\\laravel\\framework\\src\\Illuminate\\Container\\Container.php(651): Illuminate\\Container\\BoundMethod::call(Object(Illuminate\\Foundation\\Application), Array, Array, NULL)\n#7 D:\\xampp\\htdocs\\sclub\\vendor\\laravel\\framework\\src\\Illuminate\\Bus\\Dispatcher.php(128): Illuminate\\Container\\Container->call(Array)\n#8 D:\\xampp\\htdocs\\sclub\\vendor\\laravel\\framework\\src\\Illuminate\\Pipeline\\Pipeline.php(141): Illuminate\\Bus\\Dispatcher->Illuminate\\Bus\\{closure}(Object(App\\Jobs\\BookCoachQueue))\n#9 D:\\xampp\\htdocs\\sclub\\vendor\\laravel\\framework\\src\\Illuminate\\Pipeline\\Pipeline.php(116): Illuminate\\Pipeline\\Pipeline->Illuminate\\Pipeline\\{closure}(Object(App\\Jobs\\BookCoachQueue))\n#10 D:\\xampp\\htdocs\\sclub\\vendor\\laravel\\framework\\src\\Illuminate\\Bus\\Dispatcher.php(132): Illuminate\\Pipeline\\Pipeline->then(Object(Closure))\n#11 D:\\xampp\\htdocs\\sclub\\vendor\\laravel\\framework\\src\\Illuminate\\Queue\\CallQueuedHandler.php(124): Illuminate\\Bus\\Dispatcher->dispatchNow(Object(App\\Jobs\\BookCoachQueue), false)\n#12 D:\\xampp\\htdocs\\sclub\\vendor\\laravel\\framework\\src\\Illuminate\\Pipeline\\Pipeline.php(141): Illuminate\\Queue\\CallQueuedHandler->Illuminate\\Queue\\{closure}(Object(App\\Jobs\\BookCoachQueue))\n#13 D:\\xampp\\htdocs\\sclub\\vendor\\laravel\\framework\\src\\Illuminate\\Pipeline\\Pipeline.php(116): Illuminate\\Pipeline\\Pipeline->Illuminate\\Pipeline\\{closure}(Object(App\\Jobs\\BookCoachQueue))\n#14 D:\\xampp\\htdocs\\sclub\\vendor\\laravel\\framework\\src\\Illuminate\\Queue\\CallQueuedHandler.php(126): Illuminate\\Pipeline\\Pipeline->then(Object(Closure))\n#15 D:\\xampp\\htdocs\\sclub\\vendor\\laravel\\framework\\src\\Illuminate\\Queue\\CallQueuedHandler.php(70): Illuminate\\Queue\\CallQueuedHandler->dispatchThroughMiddleware(Object(Illuminate\\Queue\\Jobs\\DatabaseJob), Object(App\\Jobs\\BookCoachQueue))\n#16 D:\\xampp\\htdocs\\sclub\\vendor\\laravel\\framework\\src\\Illuminate\\Queue\\Jobs\\Job.php(98): Illuminate\\Queue\\CallQueuedHandler->call(Object(Illuminate\\Queue\\Jobs\\DatabaseJob), Array)\n#17 D:\\xampp\\htdocs\\sclub\\vendor\\laravel\\framework\\src\\Illuminate\\Queue\\Worker.php(425): Illuminate\\Queue\\Jobs\\Job->fire()\n#18 D:\\xampp\\htdocs\\sclub\\vendor\\laravel\\framework\\src\\Illuminate\\Queue\\Worker.php(375): Illuminate\\Queue\\Worker->process(\'database\', Object(Illuminate\\Queue\\Jobs\\DatabaseJob), Object(Illuminate\\Queue\\WorkerOptions))\n#19 D:\\xampp\\htdocs\\sclub\\vendor\\laravel\\framework\\src\\Illuminate\\Queue\\Worker.php(326): Illuminate\\Queue\\Worker->runJob(Object(Illuminate\\Queue\\Jobs\\DatabaseJob), \'database\', Object(Illuminate\\Queue\\WorkerOptions))\n#20 D:\\xampp\\htdocs\\sclub\\vendor\\laravel\\framework\\src\\Illuminate\\Queue\\Console\\WorkCommand.php(150): Illuminate\\Queue\\Worker->runNextJob(\'database\', \'default\', Object(Illuminate\\Queue\\WorkerOptions))\n#21 D:\\xampp\\htdocs\\sclub\\vendor\\laravel\\framework\\src\\Illuminate\\Queue\\Console\\WorkCommand.php(134): Illuminate\\Queue\\Console\\WorkCommand->runWorker(\'database\', \'default\')\n#22 D:\\xampp\\htdocs\\sclub\\vendor\\laravel\\framework\\src\\Illuminate\\Container\\BoundMethod.php(36): Illuminate\\Queue\\Console\\WorkCommand->handle()\n#23 D:\\xampp\\htdocs\\sclub\\vendor\\laravel\\framework\\src\\Illuminate\\Container\\Util.php(41): Illuminate\\Container\\BoundMethod::Illuminate\\Container\\{closure}()\n#24 D:\\xampp\\htdocs\\sclub\\vendor\\laravel\\framework\\src\\Illuminate\\Container\\BoundMethod.php(93): Illuminate\\Container\\Util::unwrapIfClosure(Object(Closure))\n#25 D:\\xampp\\htdocs\\sclub\\vendor\\laravel\\framework\\src\\Illuminate\\Container\\BoundMethod.php(37): Illuminate\\Container\\BoundMethod::callBoundMethod(Object(Illuminate\\Foundation\\Application), Array, Object(Closure))\n#26 D:\\xampp\\htdocs\\sclub\\vendor\\laravel\\framework\\src\\Illuminate\\Container\\Container.php(651): Illuminate\\Container\\BoundMethod::call(Object(Illuminate\\Foundation\\Application), Array, Array, NULL)\n#27 D:\\xampp\\htdocs\\sclub\\vendor\\laravel\\framework\\src\\Illuminate\\Console\\Command.php(144): Illuminate\\Container\\Container->call(Array)\n#28 D:\\xampp\\htdocs\\sclub\\vendor\\symfony\\console\\Command\\Command.php(308): Illuminate\\Console\\Command->execute(Object(Symfony\\Component\\Console\\Input\\ArgvInput), Object(Illuminate\\Console\\OutputStyle))\n#29 D:\\xampp\\htdocs\\sclub\\vendor\\laravel\\framework\\src\\Illuminate\\Console\\Command.php(126): Symfony\\Component\\Console\\Command\\Command->run(Object(Symfony\\Component\\Console\\Input\\ArgvInput), Object(Illuminate\\Console\\OutputStyle))\n#30 D:\\xampp\\htdocs\\sclub\\vendor\\symfony\\console\\Application.php(1002): Illuminate\\Console\\Command->run(Object(Symfony\\Component\\Console\\Input\\ArgvInput), Object(Symfony\\Component\\Console\\Output\\ConsoleOutput))\n#31 D:\\xampp\\htdocs\\sclub\\vendor\\symfony\\console\\Application.php(299): Symfony\\Component\\Console\\Application->doRunCommand(Object(Illuminate\\Queue\\Console\\WorkCommand), Object(Symfony\\Component\\Console\\Input\\ArgvInput), Object(Symfony\\Component\\Console\\Output\\ConsoleOutput))\n#32 D:\\xampp\\htdocs\\sclub\\vendor\\symfony\\console\\Application.php(171): Symfony\\Component\\Console\\Application->doRun(Object(Symfony\\Component\\Console\\Input\\ArgvInput), Object(Symfony\\Component\\Console\\Output\\ConsoleOutput))\n#33 D:\\xampp\\htdocs\\sclub\\vendor\\laravel\\framework\\src\\Illuminate\\Console\\Application.php(102): Symfony\\Component\\Console\\Application->run(Object(Symfony\\Component\\Console\\Input\\ArgvInput), Object(Symfony\\Component\\Console\\Output\\ConsoleOutput))\n#34 D:\\xampp\\htdocs\\sclub\\vendor\\laravel\\framework\\src\\Illuminate\\Foundation\\Console\\Kernel.php(151): Illuminate\\Console\\Application->run(Object(Symfony\\Component\\Console\\Input\\ArgvInput), Object(Symfony\\Component\\Console\\Output\\ConsoleOutput))\n#35 D:\\xampp\\htdocs\\sclub\\artisan(37): Illuminate\\Foundation\\Console\\Kernel->handle(Object(Symfony\\Component\\Console\\Input\\ArgvInput), Object(Symfony\\Component\\Console\\Output\\ConsoleOutput))\n#36 {main}', '2022-10-31 00:15:38'),
(5, '461b9edf-f20f-4316-9685-bcb0b0b5b53c', 'database', 'default', '{\"uuid\":\"461b9edf-f20f-4316-9685-bcb0b0b5b53c\",\"displayName\":\"App\\\\Jobs\\\\BookCoachQueue\",\"job\":\"Illuminate\\\\Queue\\\\CallQueuedHandler@call\",\"maxTries\":null,\"maxExceptions\":null,\"failOnTimeout\":false,\"backoff\":null,\"timeout\":null,\"retryUntil\":null,\"data\":{\"commandName\":\"App\\\\Jobs\\\\BookCoachQueue\",\"command\":\"O:23:\\\"App\\\\Jobs\\\\BookCoachQueue\\\":1:{s:5:\\\"delay\\\";O:13:\\\"Carbon\\\\Carbon\\\":3:{s:4:\\\"date\\\";s:26:\\\"2022-10-31 05:36:19.638088\\\";s:13:\\\"timezone_type\\\";i:3;s:8:\\\"timezone\\\";s:3:\\\"UTC\\\";}}\"}}', 'ErrorException: Undefined variable $id in D:\\xampp\\htdocs\\sclub\\app\\Jobs\\BookCoachQueue.php:38\nStack trace:\n#0 D:\\xampp\\htdocs\\sclub\\vendor\\laravel\\framework\\src\\Illuminate\\Foundation\\Bootstrap\\HandleExceptions.php(259): Illuminate\\Foundation\\Bootstrap\\HandleExceptions->handleError(2, \'Undefined varia...\', \'D:\\\\xampp\\\\htdocs...\', 38)\n#1 D:\\xampp\\htdocs\\sclub\\app\\Jobs\\BookCoachQueue.php(38): Illuminate\\Foundation\\Bootstrap\\HandleExceptions->Illuminate\\Foundation\\Bootstrap\\{closure}(2, \'Undefined varia...\', \'D:\\\\xampp\\\\htdocs...\', 38)\n#2 D:\\xampp\\htdocs\\sclub\\vendor\\laravel\\framework\\src\\Illuminate\\Container\\BoundMethod.php(36): App\\Jobs\\BookCoachQueue->handle()\n#3 D:\\xampp\\htdocs\\sclub\\vendor\\laravel\\framework\\src\\Illuminate\\Container\\Util.php(41): Illuminate\\Container\\BoundMethod::Illuminate\\Container\\{closure}()\n#4 D:\\xampp\\htdocs\\sclub\\vendor\\laravel\\framework\\src\\Illuminate\\Container\\BoundMethod.php(93): Illuminate\\Container\\Util::unwrapIfClosure(Object(Closure))\n#5 D:\\xampp\\htdocs\\sclub\\vendor\\laravel\\framework\\src\\Illuminate\\Container\\BoundMethod.php(37): Illuminate\\Container\\BoundMethod::callBoundMethod(Object(Illuminate\\Foundation\\Application), Array, Object(Closure))\n#6 D:\\xampp\\htdocs\\sclub\\vendor\\laravel\\framework\\src\\Illuminate\\Container\\Container.php(651): Illuminate\\Container\\BoundMethod::call(Object(Illuminate\\Foundation\\Application), Array, Array, NULL)\n#7 D:\\xampp\\htdocs\\sclub\\vendor\\laravel\\framework\\src\\Illuminate\\Bus\\Dispatcher.php(128): Illuminate\\Container\\Container->call(Array)\n#8 D:\\xampp\\htdocs\\sclub\\vendor\\laravel\\framework\\src\\Illuminate\\Pipeline\\Pipeline.php(141): Illuminate\\Bus\\Dispatcher->Illuminate\\Bus\\{closure}(Object(App\\Jobs\\BookCoachQueue))\n#9 D:\\xampp\\htdocs\\sclub\\vendor\\laravel\\framework\\src\\Illuminate\\Pipeline\\Pipeline.php(116): Illuminate\\Pipeline\\Pipeline->Illuminate\\Pipeline\\{closure}(Object(App\\Jobs\\BookCoachQueue))\n#10 D:\\xampp\\htdocs\\sclub\\vendor\\laravel\\framework\\src\\Illuminate\\Bus\\Dispatcher.php(132): Illuminate\\Pipeline\\Pipeline->then(Object(Closure))\n#11 D:\\xampp\\htdocs\\sclub\\vendor\\laravel\\framework\\src\\Illuminate\\Queue\\CallQueuedHandler.php(124): Illuminate\\Bus\\Dispatcher->dispatchNow(Object(App\\Jobs\\BookCoachQueue), false)\n#12 D:\\xampp\\htdocs\\sclub\\vendor\\laravel\\framework\\src\\Illuminate\\Pipeline\\Pipeline.php(141): Illuminate\\Queue\\CallQueuedHandler->Illuminate\\Queue\\{closure}(Object(App\\Jobs\\BookCoachQueue))\n#13 D:\\xampp\\htdocs\\sclub\\vendor\\laravel\\framework\\src\\Illuminate\\Pipeline\\Pipeline.php(116): Illuminate\\Pipeline\\Pipeline->Illuminate\\Pipeline\\{closure}(Object(App\\Jobs\\BookCoachQueue))\n#14 D:\\xampp\\htdocs\\sclub\\vendor\\laravel\\framework\\src\\Illuminate\\Queue\\CallQueuedHandler.php(126): Illuminate\\Pipeline\\Pipeline->then(Object(Closure))\n#15 D:\\xampp\\htdocs\\sclub\\vendor\\laravel\\framework\\src\\Illuminate\\Queue\\CallQueuedHandler.php(70): Illuminate\\Queue\\CallQueuedHandler->dispatchThroughMiddleware(Object(Illuminate\\Queue\\Jobs\\DatabaseJob), Object(App\\Jobs\\BookCoachQueue))\n#16 D:\\xampp\\htdocs\\sclub\\vendor\\laravel\\framework\\src\\Illuminate\\Queue\\Jobs\\Job.php(98): Illuminate\\Queue\\CallQueuedHandler->call(Object(Illuminate\\Queue\\Jobs\\DatabaseJob), Array)\n#17 D:\\xampp\\htdocs\\sclub\\vendor\\laravel\\framework\\src\\Illuminate\\Queue\\Worker.php(425): Illuminate\\Queue\\Jobs\\Job->fire()\n#18 D:\\xampp\\htdocs\\sclub\\vendor\\laravel\\framework\\src\\Illuminate\\Queue\\Worker.php(375): Illuminate\\Queue\\Worker->process(\'database\', Object(Illuminate\\Queue\\Jobs\\DatabaseJob), Object(Illuminate\\Queue\\WorkerOptions))\n#19 D:\\xampp\\htdocs\\sclub\\vendor\\laravel\\framework\\src\\Illuminate\\Queue\\Worker.php(326): Illuminate\\Queue\\Worker->runJob(Object(Illuminate\\Queue\\Jobs\\DatabaseJob), \'database\', Object(Illuminate\\Queue\\WorkerOptions))\n#20 D:\\xampp\\htdocs\\sclub\\vendor\\laravel\\framework\\src\\Illuminate\\Queue\\Console\\WorkCommand.php(150): Illuminate\\Queue\\Worker->runNextJob(\'database\', \'default\', Object(Illuminate\\Queue\\WorkerOptions))\n#21 D:\\xampp\\htdocs\\sclub\\vendor\\laravel\\framework\\src\\Illuminate\\Queue\\Console\\WorkCommand.php(134): Illuminate\\Queue\\Console\\WorkCommand->runWorker(\'database\', \'default\')\n#22 D:\\xampp\\htdocs\\sclub\\vendor\\laravel\\framework\\src\\Illuminate\\Container\\BoundMethod.php(36): Illuminate\\Queue\\Console\\WorkCommand->handle()\n#23 D:\\xampp\\htdocs\\sclub\\vendor\\laravel\\framework\\src\\Illuminate\\Container\\Util.php(41): Illuminate\\Container\\BoundMethod::Illuminate\\Container\\{closure}()\n#24 D:\\xampp\\htdocs\\sclub\\vendor\\laravel\\framework\\src\\Illuminate\\Container\\BoundMethod.php(93): Illuminate\\Container\\Util::unwrapIfClosure(Object(Closure))\n#25 D:\\xampp\\htdocs\\sclub\\vendor\\laravel\\framework\\src\\Illuminate\\Container\\BoundMethod.php(37): Illuminate\\Container\\BoundMethod::callBoundMethod(Object(Illuminate\\Foundation\\Application), Array, Object(Closure))\n#26 D:\\xampp\\htdocs\\sclub\\vendor\\laravel\\framework\\src\\Illuminate\\Container\\Container.php(651): Illuminate\\Container\\BoundMethod::call(Object(Illuminate\\Foundation\\Application), Array, Array, NULL)\n#27 D:\\xampp\\htdocs\\sclub\\vendor\\laravel\\framework\\src\\Illuminate\\Console\\Command.php(144): Illuminate\\Container\\Container->call(Array)\n#28 D:\\xampp\\htdocs\\sclub\\vendor\\symfony\\console\\Command\\Command.php(308): Illuminate\\Console\\Command->execute(Object(Symfony\\Component\\Console\\Input\\ArgvInput), Object(Illuminate\\Console\\OutputStyle))\n#29 D:\\xampp\\htdocs\\sclub\\vendor\\laravel\\framework\\src\\Illuminate\\Console\\Command.php(126): Symfony\\Component\\Console\\Command\\Command->run(Object(Symfony\\Component\\Console\\Input\\ArgvInput), Object(Illuminate\\Console\\OutputStyle))\n#30 D:\\xampp\\htdocs\\sclub\\vendor\\symfony\\console\\Application.php(1002): Illuminate\\Console\\Command->run(Object(Symfony\\Component\\Console\\Input\\ArgvInput), Object(Symfony\\Component\\Console\\Output\\ConsoleOutput))\n#31 D:\\xampp\\htdocs\\sclub\\vendor\\symfony\\console\\Application.php(299): Symfony\\Component\\Console\\Application->doRunCommand(Object(Illuminate\\Queue\\Console\\WorkCommand), Object(Symfony\\Component\\Console\\Input\\ArgvInput), Object(Symfony\\Component\\Console\\Output\\ConsoleOutput))\n#32 D:\\xampp\\htdocs\\sclub\\vendor\\symfony\\console\\Application.php(171): Symfony\\Component\\Console\\Application->doRun(Object(Symfony\\Component\\Console\\Input\\ArgvInput), Object(Symfony\\Component\\Console\\Output\\ConsoleOutput))\n#33 D:\\xampp\\htdocs\\sclub\\vendor\\laravel\\framework\\src\\Illuminate\\Console\\Application.php(102): Symfony\\Component\\Console\\Application->run(Object(Symfony\\Component\\Console\\Input\\ArgvInput), Object(Symfony\\Component\\Console\\Output\\ConsoleOutput))\n#34 D:\\xampp\\htdocs\\sclub\\vendor\\laravel\\framework\\src\\Illuminate\\Foundation\\Console\\Kernel.php(151): Illuminate\\Console\\Application->run(Object(Symfony\\Component\\Console\\Input\\ArgvInput), Object(Symfony\\Component\\Console\\Output\\ConsoleOutput))\n#35 D:\\xampp\\htdocs\\sclub\\artisan(37): Illuminate\\Foundation\\Console\\Kernel->handle(Object(Symfony\\Component\\Console\\Input\\ArgvInput), Object(Symfony\\Component\\Console\\Output\\ConsoleOutput))\n#36 {main}', '2022-10-31 00:15:39'),
(6, '94fa3889-f295-4e1d-9564-2031698ccbd7', 'database', 'default', '{\"uuid\":\"94fa3889-f295-4e1d-9564-2031698ccbd7\",\"displayName\":\"App\\\\Jobs\\\\BookCoachQueue\",\"job\":\"Illuminate\\\\Queue\\\\CallQueuedHandler@call\",\"maxTries\":null,\"maxExceptions\":null,\"failOnTimeout\":false,\"backoff\":null,\"timeout\":null,\"retryUntil\":null,\"data\":{\"commandName\":\"App\\\\Jobs\\\\BookCoachQueue\",\"command\":\"O:23:\\\"App\\\\Jobs\\\\BookCoachQueue\\\":1:{s:5:\\\"delay\\\";O:13:\\\"Carbon\\\\Carbon\\\":3:{s:4:\\\"date\\\";s:26:\\\"2022-10-31 05:41:33.578970\\\";s:13:\\\"timezone_type\\\";i:3;s:8:\\\"timezone\\\";s:3:\\\"UTC\\\";}}\"}}', 'ErrorException: Undefined variable $id in D:\\xampp\\htdocs\\sclub\\app\\Jobs\\BookCoachQueue.php:38\nStack trace:\n#0 D:\\xampp\\htdocs\\sclub\\vendor\\laravel\\framework\\src\\Illuminate\\Foundation\\Bootstrap\\HandleExceptions.php(259): Illuminate\\Foundation\\Bootstrap\\HandleExceptions->handleError(2, \'Undefined varia...\', \'D:\\\\xampp\\\\htdocs...\', 38)\n#1 D:\\xampp\\htdocs\\sclub\\app\\Jobs\\BookCoachQueue.php(38): Illuminate\\Foundation\\Bootstrap\\HandleExceptions->Illuminate\\Foundation\\Bootstrap\\{closure}(2, \'Undefined varia...\', \'D:\\\\xampp\\\\htdocs...\', 38)\n#2 D:\\xampp\\htdocs\\sclub\\vendor\\laravel\\framework\\src\\Illuminate\\Container\\BoundMethod.php(36): App\\Jobs\\BookCoachQueue->handle()\n#3 D:\\xampp\\htdocs\\sclub\\vendor\\laravel\\framework\\src\\Illuminate\\Container\\Util.php(41): Illuminate\\Container\\BoundMethod::Illuminate\\Container\\{closure}()\n#4 D:\\xampp\\htdocs\\sclub\\vendor\\laravel\\framework\\src\\Illuminate\\Container\\BoundMethod.php(93): Illuminate\\Container\\Util::unwrapIfClosure(Object(Closure))\n#5 D:\\xampp\\htdocs\\sclub\\vendor\\laravel\\framework\\src\\Illuminate\\Container\\BoundMethod.php(37): Illuminate\\Container\\BoundMethod::callBoundMethod(Object(Illuminate\\Foundation\\Application), Array, Object(Closure))\n#6 D:\\xampp\\htdocs\\sclub\\vendor\\laravel\\framework\\src\\Illuminate\\Container\\Container.php(651): Illuminate\\Container\\BoundMethod::call(Object(Illuminate\\Foundation\\Application), Array, Array, NULL)\n#7 D:\\xampp\\htdocs\\sclub\\vendor\\laravel\\framework\\src\\Illuminate\\Bus\\Dispatcher.php(128): Illuminate\\Container\\Container->call(Array)\n#8 D:\\xampp\\htdocs\\sclub\\vendor\\laravel\\framework\\src\\Illuminate\\Pipeline\\Pipeline.php(141): Illuminate\\Bus\\Dispatcher->Illuminate\\Bus\\{closure}(Object(App\\Jobs\\BookCoachQueue))\n#9 D:\\xampp\\htdocs\\sclub\\vendor\\laravel\\framework\\src\\Illuminate\\Pipeline\\Pipeline.php(116): Illuminate\\Pipeline\\Pipeline->Illuminate\\Pipeline\\{closure}(Object(App\\Jobs\\BookCoachQueue))\n#10 D:\\xampp\\htdocs\\sclub\\vendor\\laravel\\framework\\src\\Illuminate\\Bus\\Dispatcher.php(132): Illuminate\\Pipeline\\Pipeline->then(Object(Closure))\n#11 D:\\xampp\\htdocs\\sclub\\vendor\\laravel\\framework\\src\\Illuminate\\Queue\\CallQueuedHandler.php(124): Illuminate\\Bus\\Dispatcher->dispatchNow(Object(App\\Jobs\\BookCoachQueue), false)\n#12 D:\\xampp\\htdocs\\sclub\\vendor\\laravel\\framework\\src\\Illuminate\\Pipeline\\Pipeline.php(141): Illuminate\\Queue\\CallQueuedHandler->Illuminate\\Queue\\{closure}(Object(App\\Jobs\\BookCoachQueue))\n#13 D:\\xampp\\htdocs\\sclub\\vendor\\laravel\\framework\\src\\Illuminate\\Pipeline\\Pipeline.php(116): Illuminate\\Pipeline\\Pipeline->Illuminate\\Pipeline\\{closure}(Object(App\\Jobs\\BookCoachQueue))\n#14 D:\\xampp\\htdocs\\sclub\\vendor\\laravel\\framework\\src\\Illuminate\\Queue\\CallQueuedHandler.php(126): Illuminate\\Pipeline\\Pipeline->then(Object(Closure))\n#15 D:\\xampp\\htdocs\\sclub\\vendor\\laravel\\framework\\src\\Illuminate\\Queue\\CallQueuedHandler.php(70): Illuminate\\Queue\\CallQueuedHandler->dispatchThroughMiddleware(Object(Illuminate\\Queue\\Jobs\\DatabaseJob), Object(App\\Jobs\\BookCoachQueue))\n#16 D:\\xampp\\htdocs\\sclub\\vendor\\laravel\\framework\\src\\Illuminate\\Queue\\Jobs\\Job.php(98): Illuminate\\Queue\\CallQueuedHandler->call(Object(Illuminate\\Queue\\Jobs\\DatabaseJob), Array)\n#17 D:\\xampp\\htdocs\\sclub\\vendor\\laravel\\framework\\src\\Illuminate\\Queue\\Worker.php(425): Illuminate\\Queue\\Jobs\\Job->fire()\n#18 D:\\xampp\\htdocs\\sclub\\vendor\\laravel\\framework\\src\\Illuminate\\Queue\\Worker.php(375): Illuminate\\Queue\\Worker->process(\'database\', Object(Illuminate\\Queue\\Jobs\\DatabaseJob), Object(Illuminate\\Queue\\WorkerOptions))\n#19 D:\\xampp\\htdocs\\sclub\\vendor\\laravel\\framework\\src\\Illuminate\\Queue\\Worker.php(326): Illuminate\\Queue\\Worker->runJob(Object(Illuminate\\Queue\\Jobs\\DatabaseJob), \'database\', Object(Illuminate\\Queue\\WorkerOptions))\n#20 D:\\xampp\\htdocs\\sclub\\vendor\\laravel\\framework\\src\\Illuminate\\Queue\\Console\\WorkCommand.php(150): Illuminate\\Queue\\Worker->runNextJob(\'database\', \'default\', Object(Illuminate\\Queue\\WorkerOptions))\n#21 D:\\xampp\\htdocs\\sclub\\vendor\\laravel\\framework\\src\\Illuminate\\Queue\\Console\\WorkCommand.php(134): Illuminate\\Queue\\Console\\WorkCommand->runWorker(\'database\', \'default\')\n#22 D:\\xampp\\htdocs\\sclub\\vendor\\laravel\\framework\\src\\Illuminate\\Container\\BoundMethod.php(36): Illuminate\\Queue\\Console\\WorkCommand->handle()\n#23 D:\\xampp\\htdocs\\sclub\\vendor\\laravel\\framework\\src\\Illuminate\\Container\\Util.php(41): Illuminate\\Container\\BoundMethod::Illuminate\\Container\\{closure}()\n#24 D:\\xampp\\htdocs\\sclub\\vendor\\laravel\\framework\\src\\Illuminate\\Container\\BoundMethod.php(93): Illuminate\\Container\\Util::unwrapIfClosure(Object(Closure))\n#25 D:\\xampp\\htdocs\\sclub\\vendor\\laravel\\framework\\src\\Illuminate\\Container\\BoundMethod.php(37): Illuminate\\Container\\BoundMethod::callBoundMethod(Object(Illuminate\\Foundation\\Application), Array, Object(Closure))\n#26 D:\\xampp\\htdocs\\sclub\\vendor\\laravel\\framework\\src\\Illuminate\\Container\\Container.php(651): Illuminate\\Container\\BoundMethod::call(Object(Illuminate\\Foundation\\Application), Array, Array, NULL)\n#27 D:\\xampp\\htdocs\\sclub\\vendor\\laravel\\framework\\src\\Illuminate\\Console\\Command.php(144): Illuminate\\Container\\Container->call(Array)\n#28 D:\\xampp\\htdocs\\sclub\\vendor\\symfony\\console\\Command\\Command.php(308): Illuminate\\Console\\Command->execute(Object(Symfony\\Component\\Console\\Input\\ArgvInput), Object(Illuminate\\Console\\OutputStyle))\n#29 D:\\xampp\\htdocs\\sclub\\vendor\\laravel\\framework\\src\\Illuminate\\Console\\Command.php(126): Symfony\\Component\\Console\\Command\\Command->run(Object(Symfony\\Component\\Console\\Input\\ArgvInput), Object(Illuminate\\Console\\OutputStyle))\n#30 D:\\xampp\\htdocs\\sclub\\vendor\\symfony\\console\\Application.php(1002): Illuminate\\Console\\Command->run(Object(Symfony\\Component\\Console\\Input\\ArgvInput), Object(Symfony\\Component\\Console\\Output\\ConsoleOutput))\n#31 D:\\xampp\\htdocs\\sclub\\vendor\\symfony\\console\\Application.php(299): Symfony\\Component\\Console\\Application->doRunCommand(Object(Illuminate\\Queue\\Console\\WorkCommand), Object(Symfony\\Component\\Console\\Input\\ArgvInput), Object(Symfony\\Component\\Console\\Output\\ConsoleOutput))\n#32 D:\\xampp\\htdocs\\sclub\\vendor\\symfony\\console\\Application.php(171): Symfony\\Component\\Console\\Application->doRun(Object(Symfony\\Component\\Console\\Input\\ArgvInput), Object(Symfony\\Component\\Console\\Output\\ConsoleOutput))\n#33 D:\\xampp\\htdocs\\sclub\\vendor\\laravel\\framework\\src\\Illuminate\\Console\\Application.php(102): Symfony\\Component\\Console\\Application->run(Object(Symfony\\Component\\Console\\Input\\ArgvInput), Object(Symfony\\Component\\Console\\Output\\ConsoleOutput))\n#34 D:\\xampp\\htdocs\\sclub\\vendor\\laravel\\framework\\src\\Illuminate\\Foundation\\Console\\Kernel.php(151): Illuminate\\Console\\Application->run(Object(Symfony\\Component\\Console\\Input\\ArgvInput), Object(Symfony\\Component\\Console\\Output\\ConsoleOutput))\n#35 D:\\xampp\\htdocs\\sclub\\artisan(37): Illuminate\\Foundation\\Console\\Kernel->handle(Object(Symfony\\Component\\Console\\Input\\ArgvInput), Object(Symfony\\Component\\Console\\Output\\ConsoleOutput))\n#36 {main}', '2022-10-31 00:15:39');
INSERT INTO `failed_jobs` (`id`, `uuid`, `connection`, `queue`, `payload`, `exception`, `failed_at`) VALUES
(7, '43d0d4cf-f778-4214-a3d8-6b37df9dce67', 'database', 'default', '{\"uuid\":\"43d0d4cf-f778-4214-a3d8-6b37df9dce67\",\"displayName\":\"App\\\\Jobs\\\\BookCoachQueue\",\"job\":\"Illuminate\\\\Queue\\\\CallQueuedHandler@call\",\"maxTries\":null,\"maxExceptions\":null,\"failOnTimeout\":false,\"backoff\":null,\"timeout\":null,\"retryUntil\":null,\"data\":{\"commandName\":\"App\\\\Jobs\\\\BookCoachQueue\",\"command\":\"O:23:\\\"App\\\\Jobs\\\\BookCoachQueue\\\":1:{s:5:\\\"delay\\\";O:13:\\\"Carbon\\\\Carbon\\\":3:{s:4:\\\"date\\\";s:26:\\\"2022-10-31 05:44:49.255259\\\";s:13:\\\"timezone_type\\\";i:3;s:8:\\\"timezone\\\";s:3:\\\"UTC\\\";}}\"}}', 'ErrorException: Undefined variable $id in D:\\xampp\\htdocs\\sclub\\app\\Jobs\\BookCoachQueue.php:38\nStack trace:\n#0 D:\\xampp\\htdocs\\sclub\\vendor\\laravel\\framework\\src\\Illuminate\\Foundation\\Bootstrap\\HandleExceptions.php(259): Illuminate\\Foundation\\Bootstrap\\HandleExceptions->handleError(2, \'Undefined varia...\', \'D:\\\\xampp\\\\htdocs...\', 38)\n#1 D:\\xampp\\htdocs\\sclub\\app\\Jobs\\BookCoachQueue.php(38): Illuminate\\Foundation\\Bootstrap\\HandleExceptions->Illuminate\\Foundation\\Bootstrap\\{closure}(2, \'Undefined varia...\', \'D:\\\\xampp\\\\htdocs...\', 38)\n#2 D:\\xampp\\htdocs\\sclub\\vendor\\laravel\\framework\\src\\Illuminate\\Container\\BoundMethod.php(36): App\\Jobs\\BookCoachQueue->handle()\n#3 D:\\xampp\\htdocs\\sclub\\vendor\\laravel\\framework\\src\\Illuminate\\Container\\Util.php(41): Illuminate\\Container\\BoundMethod::Illuminate\\Container\\{closure}()\n#4 D:\\xampp\\htdocs\\sclub\\vendor\\laravel\\framework\\src\\Illuminate\\Container\\BoundMethod.php(93): Illuminate\\Container\\Util::unwrapIfClosure(Object(Closure))\n#5 D:\\xampp\\htdocs\\sclub\\vendor\\laravel\\framework\\src\\Illuminate\\Container\\BoundMethod.php(37): Illuminate\\Container\\BoundMethod::callBoundMethod(Object(Illuminate\\Foundation\\Application), Array, Object(Closure))\n#6 D:\\xampp\\htdocs\\sclub\\vendor\\laravel\\framework\\src\\Illuminate\\Container\\Container.php(651): Illuminate\\Container\\BoundMethod::call(Object(Illuminate\\Foundation\\Application), Array, Array, NULL)\n#7 D:\\xampp\\htdocs\\sclub\\vendor\\laravel\\framework\\src\\Illuminate\\Bus\\Dispatcher.php(128): Illuminate\\Container\\Container->call(Array)\n#8 D:\\xampp\\htdocs\\sclub\\vendor\\laravel\\framework\\src\\Illuminate\\Pipeline\\Pipeline.php(141): Illuminate\\Bus\\Dispatcher->Illuminate\\Bus\\{closure}(Object(App\\Jobs\\BookCoachQueue))\n#9 D:\\xampp\\htdocs\\sclub\\vendor\\laravel\\framework\\src\\Illuminate\\Pipeline\\Pipeline.php(116): Illuminate\\Pipeline\\Pipeline->Illuminate\\Pipeline\\{closure}(Object(App\\Jobs\\BookCoachQueue))\n#10 D:\\xampp\\htdocs\\sclub\\vendor\\laravel\\framework\\src\\Illuminate\\Bus\\Dispatcher.php(132): Illuminate\\Pipeline\\Pipeline->then(Object(Closure))\n#11 D:\\xampp\\htdocs\\sclub\\vendor\\laravel\\framework\\src\\Illuminate\\Queue\\CallQueuedHandler.php(124): Illuminate\\Bus\\Dispatcher->dispatchNow(Object(App\\Jobs\\BookCoachQueue), false)\n#12 D:\\xampp\\htdocs\\sclub\\vendor\\laravel\\framework\\src\\Illuminate\\Pipeline\\Pipeline.php(141): Illuminate\\Queue\\CallQueuedHandler->Illuminate\\Queue\\{closure}(Object(App\\Jobs\\BookCoachQueue))\n#13 D:\\xampp\\htdocs\\sclub\\vendor\\laravel\\framework\\src\\Illuminate\\Pipeline\\Pipeline.php(116): Illuminate\\Pipeline\\Pipeline->Illuminate\\Pipeline\\{closure}(Object(App\\Jobs\\BookCoachQueue))\n#14 D:\\xampp\\htdocs\\sclub\\vendor\\laravel\\framework\\src\\Illuminate\\Queue\\CallQueuedHandler.php(126): Illuminate\\Pipeline\\Pipeline->then(Object(Closure))\n#15 D:\\xampp\\htdocs\\sclub\\vendor\\laravel\\framework\\src\\Illuminate\\Queue\\CallQueuedHandler.php(70): Illuminate\\Queue\\CallQueuedHandler->dispatchThroughMiddleware(Object(Illuminate\\Queue\\Jobs\\DatabaseJob), Object(App\\Jobs\\BookCoachQueue))\n#16 D:\\xampp\\htdocs\\sclub\\vendor\\laravel\\framework\\src\\Illuminate\\Queue\\Jobs\\Job.php(98): Illuminate\\Queue\\CallQueuedHandler->call(Object(Illuminate\\Queue\\Jobs\\DatabaseJob), Array)\n#17 D:\\xampp\\htdocs\\sclub\\vendor\\laravel\\framework\\src\\Illuminate\\Queue\\Worker.php(425): Illuminate\\Queue\\Jobs\\Job->fire()\n#18 D:\\xampp\\htdocs\\sclub\\vendor\\laravel\\framework\\src\\Illuminate\\Queue\\Worker.php(375): Illuminate\\Queue\\Worker->process(\'database\', Object(Illuminate\\Queue\\Jobs\\DatabaseJob), Object(Illuminate\\Queue\\WorkerOptions))\n#19 D:\\xampp\\htdocs\\sclub\\vendor\\laravel\\framework\\src\\Illuminate\\Queue\\Worker.php(326): Illuminate\\Queue\\Worker->runJob(Object(Illuminate\\Queue\\Jobs\\DatabaseJob), \'database\', Object(Illuminate\\Queue\\WorkerOptions))\n#20 D:\\xampp\\htdocs\\sclub\\vendor\\laravel\\framework\\src\\Illuminate\\Queue\\Console\\WorkCommand.php(150): Illuminate\\Queue\\Worker->runNextJob(\'database\', \'default\', Object(Illuminate\\Queue\\WorkerOptions))\n#21 D:\\xampp\\htdocs\\sclub\\vendor\\laravel\\framework\\src\\Illuminate\\Queue\\Console\\WorkCommand.php(134): Illuminate\\Queue\\Console\\WorkCommand->runWorker(\'database\', \'default\')\n#22 D:\\xampp\\htdocs\\sclub\\vendor\\laravel\\framework\\src\\Illuminate\\Container\\BoundMethod.php(36): Illuminate\\Queue\\Console\\WorkCommand->handle()\n#23 D:\\xampp\\htdocs\\sclub\\vendor\\laravel\\framework\\src\\Illuminate\\Container\\Util.php(41): Illuminate\\Container\\BoundMethod::Illuminate\\Container\\{closure}()\n#24 D:\\xampp\\htdocs\\sclub\\vendor\\laravel\\framework\\src\\Illuminate\\Container\\BoundMethod.php(93): Illuminate\\Container\\Util::unwrapIfClosure(Object(Closure))\n#25 D:\\xampp\\htdocs\\sclub\\vendor\\laravel\\framework\\src\\Illuminate\\Container\\BoundMethod.php(37): Illuminate\\Container\\BoundMethod::callBoundMethod(Object(Illuminate\\Foundation\\Application), Array, Object(Closure))\n#26 D:\\xampp\\htdocs\\sclub\\vendor\\laravel\\framework\\src\\Illuminate\\Container\\Container.php(651): Illuminate\\Container\\BoundMethod::call(Object(Illuminate\\Foundation\\Application), Array, Array, NULL)\n#27 D:\\xampp\\htdocs\\sclub\\vendor\\laravel\\framework\\src\\Illuminate\\Console\\Command.php(144): Illuminate\\Container\\Container->call(Array)\n#28 D:\\xampp\\htdocs\\sclub\\vendor\\symfony\\console\\Command\\Command.php(308): Illuminate\\Console\\Command->execute(Object(Symfony\\Component\\Console\\Input\\ArgvInput), Object(Illuminate\\Console\\OutputStyle))\n#29 D:\\xampp\\htdocs\\sclub\\vendor\\laravel\\framework\\src\\Illuminate\\Console\\Command.php(126): Symfony\\Component\\Console\\Command\\Command->run(Object(Symfony\\Component\\Console\\Input\\ArgvInput), Object(Illuminate\\Console\\OutputStyle))\n#30 D:\\xampp\\htdocs\\sclub\\vendor\\symfony\\console\\Application.php(1002): Illuminate\\Console\\Command->run(Object(Symfony\\Component\\Console\\Input\\ArgvInput), Object(Symfony\\Component\\Console\\Output\\ConsoleOutput))\n#31 D:\\xampp\\htdocs\\sclub\\vendor\\symfony\\console\\Application.php(299): Symfony\\Component\\Console\\Application->doRunCommand(Object(Illuminate\\Queue\\Console\\WorkCommand), Object(Symfony\\Component\\Console\\Input\\ArgvInput), Object(Symfony\\Component\\Console\\Output\\ConsoleOutput))\n#32 D:\\xampp\\htdocs\\sclub\\vendor\\symfony\\console\\Application.php(171): Symfony\\Component\\Console\\Application->doRun(Object(Symfony\\Component\\Console\\Input\\ArgvInput), Object(Symfony\\Component\\Console\\Output\\ConsoleOutput))\n#33 D:\\xampp\\htdocs\\sclub\\vendor\\laravel\\framework\\src\\Illuminate\\Console\\Application.php(102): Symfony\\Component\\Console\\Application->run(Object(Symfony\\Component\\Console\\Input\\ArgvInput), Object(Symfony\\Component\\Console\\Output\\ConsoleOutput))\n#34 D:\\xampp\\htdocs\\sclub\\vendor\\laravel\\framework\\src\\Illuminate\\Foundation\\Console\\Kernel.php(151): Illuminate\\Console\\Application->run(Object(Symfony\\Component\\Console\\Input\\ArgvInput), Object(Symfony\\Component\\Console\\Output\\ConsoleOutput))\n#35 D:\\xampp\\htdocs\\sclub\\artisan(37): Illuminate\\Foundation\\Console\\Kernel->handle(Object(Symfony\\Component\\Console\\Input\\ArgvInput), Object(Symfony\\Component\\Console\\Output\\ConsoleOutput))\n#36 {main}', '2022-10-31 00:15:40'),
(8, '234fd26e-75f6-46a0-ab01-2ef447348364', 'database', 'default', '{\"uuid\":\"234fd26e-75f6-46a0-ab01-2ef447348364\",\"displayName\":\"App\\\\Jobs\\\\BookCoachQueue\",\"job\":\"Illuminate\\\\Queue\\\\CallQueuedHandler@call\",\"maxTries\":null,\"maxExceptions\":null,\"failOnTimeout\":false,\"backoff\":null,\"timeout\":null,\"retryUntil\":null,\"data\":{\"commandName\":\"App\\\\Jobs\\\\BookCoachQueue\",\"command\":\"O:23:\\\"App\\\\Jobs\\\\BookCoachQueue\\\":1:{s:5:\\\"delay\\\";O:13:\\\"Carbon\\\\Carbon\\\":3:{s:4:\\\"date\\\";s:26:\\\"2022-10-31 05:46:29.576136\\\";s:13:\\\"timezone_type\\\";i:3;s:8:\\\"timezone\\\";s:3:\\\"UTC\\\";}}\"}}', 'ErrorException: Undefined property: App\\Jobs\\BookCoachQueue::$id in D:\\xampp\\htdocs\\sclub\\app\\Jobs\\BookCoachQueue.php:38\nStack trace:\n#0 D:\\xampp\\htdocs\\sclub\\vendor\\laravel\\framework\\src\\Illuminate\\Foundation\\Bootstrap\\HandleExceptions.php(259): Illuminate\\Foundation\\Bootstrap\\HandleExceptions->handleError(2, \'Undefined prope...\', \'D:\\\\xampp\\\\htdocs...\', 38)\n#1 D:\\xampp\\htdocs\\sclub\\app\\Jobs\\BookCoachQueue.php(38): Illuminate\\Foundation\\Bootstrap\\HandleExceptions->Illuminate\\Foundation\\Bootstrap\\{closure}(2, \'Undefined prope...\', \'D:\\\\xampp\\\\htdocs...\', 38)\n#2 D:\\xampp\\htdocs\\sclub\\vendor\\laravel\\framework\\src\\Illuminate\\Container\\BoundMethod.php(36): App\\Jobs\\BookCoachQueue->handle()\n#3 D:\\xampp\\htdocs\\sclub\\vendor\\laravel\\framework\\src\\Illuminate\\Container\\Util.php(41): Illuminate\\Container\\BoundMethod::Illuminate\\Container\\{closure}()\n#4 D:\\xampp\\htdocs\\sclub\\vendor\\laravel\\framework\\src\\Illuminate\\Container\\BoundMethod.php(93): Illuminate\\Container\\Util::unwrapIfClosure(Object(Closure))\n#5 D:\\xampp\\htdocs\\sclub\\vendor\\laravel\\framework\\src\\Illuminate\\Container\\BoundMethod.php(37): Illuminate\\Container\\BoundMethod::callBoundMethod(Object(Illuminate\\Foundation\\Application), Array, Object(Closure))\n#6 D:\\xampp\\htdocs\\sclub\\vendor\\laravel\\framework\\src\\Illuminate\\Container\\Container.php(651): Illuminate\\Container\\BoundMethod::call(Object(Illuminate\\Foundation\\Application), Array, Array, NULL)\n#7 D:\\xampp\\htdocs\\sclub\\vendor\\laravel\\framework\\src\\Illuminate\\Bus\\Dispatcher.php(128): Illuminate\\Container\\Container->call(Array)\n#8 D:\\xampp\\htdocs\\sclub\\vendor\\laravel\\framework\\src\\Illuminate\\Pipeline\\Pipeline.php(141): Illuminate\\Bus\\Dispatcher->Illuminate\\Bus\\{closure}(Object(App\\Jobs\\BookCoachQueue))\n#9 D:\\xampp\\htdocs\\sclub\\vendor\\laravel\\framework\\src\\Illuminate\\Pipeline\\Pipeline.php(116): Illuminate\\Pipeline\\Pipeline->Illuminate\\Pipeline\\{closure}(Object(App\\Jobs\\BookCoachQueue))\n#10 D:\\xampp\\htdocs\\sclub\\vendor\\laravel\\framework\\src\\Illuminate\\Bus\\Dispatcher.php(132): Illuminate\\Pipeline\\Pipeline->then(Object(Closure))\n#11 D:\\xampp\\htdocs\\sclub\\vendor\\laravel\\framework\\src\\Illuminate\\Queue\\CallQueuedHandler.php(124): Illuminate\\Bus\\Dispatcher->dispatchNow(Object(App\\Jobs\\BookCoachQueue), false)\n#12 D:\\xampp\\htdocs\\sclub\\vendor\\laravel\\framework\\src\\Illuminate\\Pipeline\\Pipeline.php(141): Illuminate\\Queue\\CallQueuedHandler->Illuminate\\Queue\\{closure}(Object(App\\Jobs\\BookCoachQueue))\n#13 D:\\xampp\\htdocs\\sclub\\vendor\\laravel\\framework\\src\\Illuminate\\Pipeline\\Pipeline.php(116): Illuminate\\Pipeline\\Pipeline->Illuminate\\Pipeline\\{closure}(Object(App\\Jobs\\BookCoachQueue))\n#14 D:\\xampp\\htdocs\\sclub\\vendor\\laravel\\framework\\src\\Illuminate\\Queue\\CallQueuedHandler.php(126): Illuminate\\Pipeline\\Pipeline->then(Object(Closure))\n#15 D:\\xampp\\htdocs\\sclub\\vendor\\laravel\\framework\\src\\Illuminate\\Queue\\CallQueuedHandler.php(70): Illuminate\\Queue\\CallQueuedHandler->dispatchThroughMiddleware(Object(Illuminate\\Queue\\Jobs\\DatabaseJob), Object(App\\Jobs\\BookCoachQueue))\n#16 D:\\xampp\\htdocs\\sclub\\vendor\\laravel\\framework\\src\\Illuminate\\Queue\\Jobs\\Job.php(98): Illuminate\\Queue\\CallQueuedHandler->call(Object(Illuminate\\Queue\\Jobs\\DatabaseJob), Array)\n#17 D:\\xampp\\htdocs\\sclub\\vendor\\laravel\\framework\\src\\Illuminate\\Queue\\Worker.php(425): Illuminate\\Queue\\Jobs\\Job->fire()\n#18 D:\\xampp\\htdocs\\sclub\\vendor\\laravel\\framework\\src\\Illuminate\\Queue\\Worker.php(375): Illuminate\\Queue\\Worker->process(\'database\', Object(Illuminate\\Queue\\Jobs\\DatabaseJob), Object(Illuminate\\Queue\\WorkerOptions))\n#19 D:\\xampp\\htdocs\\sclub\\vendor\\laravel\\framework\\src\\Illuminate\\Queue\\Worker.php(326): Illuminate\\Queue\\Worker->runJob(Object(Illuminate\\Queue\\Jobs\\DatabaseJob), \'database\', Object(Illuminate\\Queue\\WorkerOptions))\n#20 D:\\xampp\\htdocs\\sclub\\vendor\\laravel\\framework\\src\\Illuminate\\Queue\\Console\\WorkCommand.php(150): Illuminate\\Queue\\Worker->runNextJob(\'database\', \'default\', Object(Illuminate\\Queue\\WorkerOptions))\n#21 D:\\xampp\\htdocs\\sclub\\vendor\\laravel\\framework\\src\\Illuminate\\Queue\\Console\\WorkCommand.php(134): Illuminate\\Queue\\Console\\WorkCommand->runWorker(\'database\', \'default\')\n#22 D:\\xampp\\htdocs\\sclub\\vendor\\laravel\\framework\\src\\Illuminate\\Container\\BoundMethod.php(36): Illuminate\\Queue\\Console\\WorkCommand->handle()\n#23 D:\\xampp\\htdocs\\sclub\\vendor\\laravel\\framework\\src\\Illuminate\\Container\\Util.php(41): Illuminate\\Container\\BoundMethod::Illuminate\\Container\\{closure}()\n#24 D:\\xampp\\htdocs\\sclub\\vendor\\laravel\\framework\\src\\Illuminate\\Container\\BoundMethod.php(93): Illuminate\\Container\\Util::unwrapIfClosure(Object(Closure))\n#25 D:\\xampp\\htdocs\\sclub\\vendor\\laravel\\framework\\src\\Illuminate\\Container\\BoundMethod.php(37): Illuminate\\Container\\BoundMethod::callBoundMethod(Object(Illuminate\\Foundation\\Application), Array, Object(Closure))\n#26 D:\\xampp\\htdocs\\sclub\\vendor\\laravel\\framework\\src\\Illuminate\\Container\\Container.php(651): Illuminate\\Container\\BoundMethod::call(Object(Illuminate\\Foundation\\Application), Array, Array, NULL)\n#27 D:\\xampp\\htdocs\\sclub\\vendor\\laravel\\framework\\src\\Illuminate\\Console\\Command.php(144): Illuminate\\Container\\Container->call(Array)\n#28 D:\\xampp\\htdocs\\sclub\\vendor\\symfony\\console\\Command\\Command.php(308): Illuminate\\Console\\Command->execute(Object(Symfony\\Component\\Console\\Input\\ArgvInput), Object(Illuminate\\Console\\OutputStyle))\n#29 D:\\xampp\\htdocs\\sclub\\vendor\\laravel\\framework\\src\\Illuminate\\Console\\Command.php(126): Symfony\\Component\\Console\\Command\\Command->run(Object(Symfony\\Component\\Console\\Input\\ArgvInput), Object(Illuminate\\Console\\OutputStyle))\n#30 D:\\xampp\\htdocs\\sclub\\vendor\\symfony\\console\\Application.php(1002): Illuminate\\Console\\Command->run(Object(Symfony\\Component\\Console\\Input\\ArgvInput), Object(Symfony\\Component\\Console\\Output\\ConsoleOutput))\n#31 D:\\xampp\\htdocs\\sclub\\vendor\\symfony\\console\\Application.php(299): Symfony\\Component\\Console\\Application->doRunCommand(Object(Illuminate\\Queue\\Console\\WorkCommand), Object(Symfony\\Component\\Console\\Input\\ArgvInput), Object(Symfony\\Component\\Console\\Output\\ConsoleOutput))\n#32 D:\\xampp\\htdocs\\sclub\\vendor\\symfony\\console\\Application.php(171): Symfony\\Component\\Console\\Application->doRun(Object(Symfony\\Component\\Console\\Input\\ArgvInput), Object(Symfony\\Component\\Console\\Output\\ConsoleOutput))\n#33 D:\\xampp\\htdocs\\sclub\\vendor\\laravel\\framework\\src\\Illuminate\\Console\\Application.php(102): Symfony\\Component\\Console\\Application->run(Object(Symfony\\Component\\Console\\Input\\ArgvInput), Object(Symfony\\Component\\Console\\Output\\ConsoleOutput))\n#34 D:\\xampp\\htdocs\\sclub\\vendor\\laravel\\framework\\src\\Illuminate\\Foundation\\Console\\Kernel.php(151): Illuminate\\Console\\Application->run(Object(Symfony\\Component\\Console\\Input\\ArgvInput), Object(Symfony\\Component\\Console\\Output\\ConsoleOutput))\n#35 D:\\xampp\\htdocs\\sclub\\artisan(37): Illuminate\\Foundation\\Console\\Kernel->handle(Object(Symfony\\Component\\Console\\Input\\ArgvInput), Object(Symfony\\Component\\Console\\Output\\ConsoleOutput))\n#36 {main}', '2022-10-31 00:16:29'),
(9, '0bc3aec3-56b0-4b1d-b3de-5d6f79a73b67', 'database', 'default', '{\"uuid\":\"0bc3aec3-56b0-4b1d-b3de-5d6f79a73b67\",\"displayName\":\"App\\\\Jobs\\\\BookCoachQueue\",\"job\":\"Illuminate\\\\Queue\\\\CallQueuedHandler@call\",\"maxTries\":null,\"maxExceptions\":null,\"failOnTimeout\":false,\"backoff\":null,\"timeout\":null,\"retryUntil\":null,\"data\":{\"commandName\":\"App\\\\Jobs\\\\BookCoachQueue\",\"command\":\"O:23:\\\"App\\\\Jobs\\\\BookCoachQueue\\\":1:{s:5:\\\"delay\\\";O:13:\\\"Carbon\\\\Carbon\\\":3:{s:4:\\\"date\\\";s:26:\\\"2022-10-31 05:47:06.562418\\\";s:13:\\\"timezone_type\\\";i:3;s:8:\\\"timezone\\\";s:3:\\\"UTC\\\";}}\"}}', 'ErrorException: Undefined property: App\\Jobs\\BookCoachQueue::$id in D:\\xampp\\htdocs\\sclub\\app\\Jobs\\BookCoachQueue.php:38\nStack trace:\n#0 D:\\xampp\\htdocs\\sclub\\vendor\\laravel\\framework\\src\\Illuminate\\Foundation\\Bootstrap\\HandleExceptions.php(259): Illuminate\\Foundation\\Bootstrap\\HandleExceptions->handleError(2, \'Undefined prope...\', \'D:\\\\xampp\\\\htdocs...\', 38)\n#1 D:\\xampp\\htdocs\\sclub\\app\\Jobs\\BookCoachQueue.php(38): Illuminate\\Foundation\\Bootstrap\\HandleExceptions->Illuminate\\Foundation\\Bootstrap\\{closure}(2, \'Undefined prope...\', \'D:\\\\xampp\\\\htdocs...\', 38)\n#2 D:\\xampp\\htdocs\\sclub\\vendor\\laravel\\framework\\src\\Illuminate\\Container\\BoundMethod.php(36): App\\Jobs\\BookCoachQueue->handle()\n#3 D:\\xampp\\htdocs\\sclub\\vendor\\laravel\\framework\\src\\Illuminate\\Container\\Util.php(41): Illuminate\\Container\\BoundMethod::Illuminate\\Container\\{closure}()\n#4 D:\\xampp\\htdocs\\sclub\\vendor\\laravel\\framework\\src\\Illuminate\\Container\\BoundMethod.php(93): Illuminate\\Container\\Util::unwrapIfClosure(Object(Closure))\n#5 D:\\xampp\\htdocs\\sclub\\vendor\\laravel\\framework\\src\\Illuminate\\Container\\BoundMethod.php(37): Illuminate\\Container\\BoundMethod::callBoundMethod(Object(Illuminate\\Foundation\\Application), Array, Object(Closure))\n#6 D:\\xampp\\htdocs\\sclub\\vendor\\laravel\\framework\\src\\Illuminate\\Container\\Container.php(651): Illuminate\\Container\\BoundMethod::call(Object(Illuminate\\Foundation\\Application), Array, Array, NULL)\n#7 D:\\xampp\\htdocs\\sclub\\vendor\\laravel\\framework\\src\\Illuminate\\Bus\\Dispatcher.php(128): Illuminate\\Container\\Container->call(Array)\n#8 D:\\xampp\\htdocs\\sclub\\vendor\\laravel\\framework\\src\\Illuminate\\Pipeline\\Pipeline.php(141): Illuminate\\Bus\\Dispatcher->Illuminate\\Bus\\{closure}(Object(App\\Jobs\\BookCoachQueue))\n#9 D:\\xampp\\htdocs\\sclub\\vendor\\laravel\\framework\\src\\Illuminate\\Pipeline\\Pipeline.php(116): Illuminate\\Pipeline\\Pipeline->Illuminate\\Pipeline\\{closure}(Object(App\\Jobs\\BookCoachQueue))\n#10 D:\\xampp\\htdocs\\sclub\\vendor\\laravel\\framework\\src\\Illuminate\\Bus\\Dispatcher.php(132): Illuminate\\Pipeline\\Pipeline->then(Object(Closure))\n#11 D:\\xampp\\htdocs\\sclub\\vendor\\laravel\\framework\\src\\Illuminate\\Queue\\CallQueuedHandler.php(124): Illuminate\\Bus\\Dispatcher->dispatchNow(Object(App\\Jobs\\BookCoachQueue), false)\n#12 D:\\xampp\\htdocs\\sclub\\vendor\\laravel\\framework\\src\\Illuminate\\Pipeline\\Pipeline.php(141): Illuminate\\Queue\\CallQueuedHandler->Illuminate\\Queue\\{closure}(Object(App\\Jobs\\BookCoachQueue))\n#13 D:\\xampp\\htdocs\\sclub\\vendor\\laravel\\framework\\src\\Illuminate\\Pipeline\\Pipeline.php(116): Illuminate\\Pipeline\\Pipeline->Illuminate\\Pipeline\\{closure}(Object(App\\Jobs\\BookCoachQueue))\n#14 D:\\xampp\\htdocs\\sclub\\vendor\\laravel\\framework\\src\\Illuminate\\Queue\\CallQueuedHandler.php(126): Illuminate\\Pipeline\\Pipeline->then(Object(Closure))\n#15 D:\\xampp\\htdocs\\sclub\\vendor\\laravel\\framework\\src\\Illuminate\\Queue\\CallQueuedHandler.php(70): Illuminate\\Queue\\CallQueuedHandler->dispatchThroughMiddleware(Object(Illuminate\\Queue\\Jobs\\DatabaseJob), Object(App\\Jobs\\BookCoachQueue))\n#16 D:\\xampp\\htdocs\\sclub\\vendor\\laravel\\framework\\src\\Illuminate\\Queue\\Jobs\\Job.php(98): Illuminate\\Queue\\CallQueuedHandler->call(Object(Illuminate\\Queue\\Jobs\\DatabaseJob), Array)\n#17 D:\\xampp\\htdocs\\sclub\\vendor\\laravel\\framework\\src\\Illuminate\\Queue\\Worker.php(425): Illuminate\\Queue\\Jobs\\Job->fire()\n#18 D:\\xampp\\htdocs\\sclub\\vendor\\laravel\\framework\\src\\Illuminate\\Queue\\Worker.php(375): Illuminate\\Queue\\Worker->process(\'database\', Object(Illuminate\\Queue\\Jobs\\DatabaseJob), Object(Illuminate\\Queue\\WorkerOptions))\n#19 D:\\xampp\\htdocs\\sclub\\vendor\\laravel\\framework\\src\\Illuminate\\Queue\\Worker.php(326): Illuminate\\Queue\\Worker->runJob(Object(Illuminate\\Queue\\Jobs\\DatabaseJob), \'database\', Object(Illuminate\\Queue\\WorkerOptions))\n#20 D:\\xampp\\htdocs\\sclub\\vendor\\laravel\\framework\\src\\Illuminate\\Queue\\Console\\WorkCommand.php(150): Illuminate\\Queue\\Worker->runNextJob(\'database\', \'default\', Object(Illuminate\\Queue\\WorkerOptions))\n#21 D:\\xampp\\htdocs\\sclub\\vendor\\laravel\\framework\\src\\Illuminate\\Queue\\Console\\WorkCommand.php(134): Illuminate\\Queue\\Console\\WorkCommand->runWorker(\'database\', \'default\')\n#22 D:\\xampp\\htdocs\\sclub\\vendor\\laravel\\framework\\src\\Illuminate\\Container\\BoundMethod.php(36): Illuminate\\Queue\\Console\\WorkCommand->handle()\n#23 D:\\xampp\\htdocs\\sclub\\vendor\\laravel\\framework\\src\\Illuminate\\Container\\Util.php(41): Illuminate\\Container\\BoundMethod::Illuminate\\Container\\{closure}()\n#24 D:\\xampp\\htdocs\\sclub\\vendor\\laravel\\framework\\src\\Illuminate\\Container\\BoundMethod.php(93): Illuminate\\Container\\Util::unwrapIfClosure(Object(Closure))\n#25 D:\\xampp\\htdocs\\sclub\\vendor\\laravel\\framework\\src\\Illuminate\\Container\\BoundMethod.php(37): Illuminate\\Container\\BoundMethod::callBoundMethod(Object(Illuminate\\Foundation\\Application), Array, Object(Closure))\n#26 D:\\xampp\\htdocs\\sclub\\vendor\\laravel\\framework\\src\\Illuminate\\Container\\Container.php(651): Illuminate\\Container\\BoundMethod::call(Object(Illuminate\\Foundation\\Application), Array, Array, NULL)\n#27 D:\\xampp\\htdocs\\sclub\\vendor\\laravel\\framework\\src\\Illuminate\\Console\\Command.php(144): Illuminate\\Container\\Container->call(Array)\n#28 D:\\xampp\\htdocs\\sclub\\vendor\\symfony\\console\\Command\\Command.php(308): Illuminate\\Console\\Command->execute(Object(Symfony\\Component\\Console\\Input\\ArgvInput), Object(Illuminate\\Console\\OutputStyle))\n#29 D:\\xampp\\htdocs\\sclub\\vendor\\laravel\\framework\\src\\Illuminate\\Console\\Command.php(126): Symfony\\Component\\Console\\Command\\Command->run(Object(Symfony\\Component\\Console\\Input\\ArgvInput), Object(Illuminate\\Console\\OutputStyle))\n#30 D:\\xampp\\htdocs\\sclub\\vendor\\symfony\\console\\Application.php(1002): Illuminate\\Console\\Command->run(Object(Symfony\\Component\\Console\\Input\\ArgvInput), Object(Symfony\\Component\\Console\\Output\\ConsoleOutput))\n#31 D:\\xampp\\htdocs\\sclub\\vendor\\symfony\\console\\Application.php(299): Symfony\\Component\\Console\\Application->doRunCommand(Object(Illuminate\\Queue\\Console\\WorkCommand), Object(Symfony\\Component\\Console\\Input\\ArgvInput), Object(Symfony\\Component\\Console\\Output\\ConsoleOutput))\n#32 D:\\xampp\\htdocs\\sclub\\vendor\\symfony\\console\\Application.php(171): Symfony\\Component\\Console\\Application->doRun(Object(Symfony\\Component\\Console\\Input\\ArgvInput), Object(Symfony\\Component\\Console\\Output\\ConsoleOutput))\n#33 D:\\xampp\\htdocs\\sclub\\vendor\\laravel\\framework\\src\\Illuminate\\Console\\Application.php(102): Symfony\\Component\\Console\\Application->run(Object(Symfony\\Component\\Console\\Input\\ArgvInput), Object(Symfony\\Component\\Console\\Output\\ConsoleOutput))\n#34 D:\\xampp\\htdocs\\sclub\\vendor\\laravel\\framework\\src\\Illuminate\\Foundation\\Console\\Kernel.php(151): Illuminate\\Console\\Application->run(Object(Symfony\\Component\\Console\\Input\\ArgvInput), Object(Symfony\\Component\\Console\\Output\\ConsoleOutput))\n#35 D:\\xampp\\htdocs\\sclub\\artisan(37): Illuminate\\Foundation\\Console\\Kernel->handle(Object(Symfony\\Component\\Console\\Input\\ArgvInput), Object(Symfony\\Component\\Console\\Output\\ConsoleOutput))\n#36 {main}', '2022-10-31 00:17:07'),
(10, 'e8d685b9-5cb0-4c31-ba56-99b5675037ac', 'database', 'default', '{\"uuid\":\"e8d685b9-5cb0-4c31-ba56-99b5675037ac\",\"displayName\":\"App\\\\Jobs\\\\BookCoachQueue\",\"job\":\"Illuminate\\\\Queue\\\\CallQueuedHandler@call\",\"maxTries\":null,\"maxExceptions\":null,\"failOnTimeout\":false,\"backoff\":null,\"timeout\":null,\"retryUntil\":null,\"data\":{\"commandName\":\"App\\\\Jobs\\\\BookCoachQueue\",\"command\":\"O:23:\\\"App\\\\Jobs\\\\BookCoachQueue\\\":1:{s:5:\\\"delay\\\";O:13:\\\"Carbon\\\\Carbon\\\":3:{s:4:\\\"date\\\";s:26:\\\"2022-10-31 05:47:08.408318\\\";s:13:\\\"timezone_type\\\";i:3;s:8:\\\"timezone\\\";s:3:\\\"UTC\\\";}}\"}}', 'ErrorException: Undefined property: App\\Jobs\\BookCoachQueue::$id in D:\\xampp\\htdocs\\sclub\\app\\Jobs\\BookCoachQueue.php:38\nStack trace:\n#0 D:\\xampp\\htdocs\\sclub\\vendor\\laravel\\framework\\src\\Illuminate\\Foundation\\Bootstrap\\HandleExceptions.php(259): Illuminate\\Foundation\\Bootstrap\\HandleExceptions->handleError(2, \'Undefined prope...\', \'D:\\\\xampp\\\\htdocs...\', 38)\n#1 D:\\xampp\\htdocs\\sclub\\app\\Jobs\\BookCoachQueue.php(38): Illuminate\\Foundation\\Bootstrap\\HandleExceptions->Illuminate\\Foundation\\Bootstrap\\{closure}(2, \'Undefined prope...\', \'D:\\\\xampp\\\\htdocs...\', 38)\n#2 D:\\xampp\\htdocs\\sclub\\vendor\\laravel\\framework\\src\\Illuminate\\Container\\BoundMethod.php(36): App\\Jobs\\BookCoachQueue->handle()\n#3 D:\\xampp\\htdocs\\sclub\\vendor\\laravel\\framework\\src\\Illuminate\\Container\\Util.php(41): Illuminate\\Container\\BoundMethod::Illuminate\\Container\\{closure}()\n#4 D:\\xampp\\htdocs\\sclub\\vendor\\laravel\\framework\\src\\Illuminate\\Container\\BoundMethod.php(93): Illuminate\\Container\\Util::unwrapIfClosure(Object(Closure))\n#5 D:\\xampp\\htdocs\\sclub\\vendor\\laravel\\framework\\src\\Illuminate\\Container\\BoundMethod.php(37): Illuminate\\Container\\BoundMethod::callBoundMethod(Object(Illuminate\\Foundation\\Application), Array, Object(Closure))\n#6 D:\\xampp\\htdocs\\sclub\\vendor\\laravel\\framework\\src\\Illuminate\\Container\\Container.php(651): Illuminate\\Container\\BoundMethod::call(Object(Illuminate\\Foundation\\Application), Array, Array, NULL)\n#7 D:\\xampp\\htdocs\\sclub\\vendor\\laravel\\framework\\src\\Illuminate\\Bus\\Dispatcher.php(128): Illuminate\\Container\\Container->call(Array)\n#8 D:\\xampp\\htdocs\\sclub\\vendor\\laravel\\framework\\src\\Illuminate\\Pipeline\\Pipeline.php(141): Illuminate\\Bus\\Dispatcher->Illuminate\\Bus\\{closure}(Object(App\\Jobs\\BookCoachQueue))\n#9 D:\\xampp\\htdocs\\sclub\\vendor\\laravel\\framework\\src\\Illuminate\\Pipeline\\Pipeline.php(116): Illuminate\\Pipeline\\Pipeline->Illuminate\\Pipeline\\{closure}(Object(App\\Jobs\\BookCoachQueue))\n#10 D:\\xampp\\htdocs\\sclub\\vendor\\laravel\\framework\\src\\Illuminate\\Bus\\Dispatcher.php(132): Illuminate\\Pipeline\\Pipeline->then(Object(Closure))\n#11 D:\\xampp\\htdocs\\sclub\\vendor\\laravel\\framework\\src\\Illuminate\\Queue\\CallQueuedHandler.php(124): Illuminate\\Bus\\Dispatcher->dispatchNow(Object(App\\Jobs\\BookCoachQueue), false)\n#12 D:\\xampp\\htdocs\\sclub\\vendor\\laravel\\framework\\src\\Illuminate\\Pipeline\\Pipeline.php(141): Illuminate\\Queue\\CallQueuedHandler->Illuminate\\Queue\\{closure}(Object(App\\Jobs\\BookCoachQueue))\n#13 D:\\xampp\\htdocs\\sclub\\vendor\\laravel\\framework\\src\\Illuminate\\Pipeline\\Pipeline.php(116): Illuminate\\Pipeline\\Pipeline->Illuminate\\Pipeline\\{closure}(Object(App\\Jobs\\BookCoachQueue))\n#14 D:\\xampp\\htdocs\\sclub\\vendor\\laravel\\framework\\src\\Illuminate\\Queue\\CallQueuedHandler.php(126): Illuminate\\Pipeline\\Pipeline->then(Object(Closure))\n#15 D:\\xampp\\htdocs\\sclub\\vendor\\laravel\\framework\\src\\Illuminate\\Queue\\CallQueuedHandler.php(70): Illuminate\\Queue\\CallQueuedHandler->dispatchThroughMiddleware(Object(Illuminate\\Queue\\Jobs\\DatabaseJob), Object(App\\Jobs\\BookCoachQueue))\n#16 D:\\xampp\\htdocs\\sclub\\vendor\\laravel\\framework\\src\\Illuminate\\Queue\\Jobs\\Job.php(98): Illuminate\\Queue\\CallQueuedHandler->call(Object(Illuminate\\Queue\\Jobs\\DatabaseJob), Array)\n#17 D:\\xampp\\htdocs\\sclub\\vendor\\laravel\\framework\\src\\Illuminate\\Queue\\Worker.php(425): Illuminate\\Queue\\Jobs\\Job->fire()\n#18 D:\\xampp\\htdocs\\sclub\\vendor\\laravel\\framework\\src\\Illuminate\\Queue\\Worker.php(375): Illuminate\\Queue\\Worker->process(\'database\', Object(Illuminate\\Queue\\Jobs\\DatabaseJob), Object(Illuminate\\Queue\\WorkerOptions))\n#19 D:\\xampp\\htdocs\\sclub\\vendor\\laravel\\framework\\src\\Illuminate\\Queue\\Worker.php(326): Illuminate\\Queue\\Worker->runJob(Object(Illuminate\\Queue\\Jobs\\DatabaseJob), \'database\', Object(Illuminate\\Queue\\WorkerOptions))\n#20 D:\\xampp\\htdocs\\sclub\\vendor\\laravel\\framework\\src\\Illuminate\\Queue\\Console\\WorkCommand.php(150): Illuminate\\Queue\\Worker->runNextJob(\'database\', \'default\', Object(Illuminate\\Queue\\WorkerOptions))\n#21 D:\\xampp\\htdocs\\sclub\\vendor\\laravel\\framework\\src\\Illuminate\\Queue\\Console\\WorkCommand.php(134): Illuminate\\Queue\\Console\\WorkCommand->runWorker(\'database\', \'default\')\n#22 D:\\xampp\\htdocs\\sclub\\vendor\\laravel\\framework\\src\\Illuminate\\Container\\BoundMethod.php(36): Illuminate\\Queue\\Console\\WorkCommand->handle()\n#23 D:\\xampp\\htdocs\\sclub\\vendor\\laravel\\framework\\src\\Illuminate\\Container\\Util.php(41): Illuminate\\Container\\BoundMethod::Illuminate\\Container\\{closure}()\n#24 D:\\xampp\\htdocs\\sclub\\vendor\\laravel\\framework\\src\\Illuminate\\Container\\BoundMethod.php(93): Illuminate\\Container\\Util::unwrapIfClosure(Object(Closure))\n#25 D:\\xampp\\htdocs\\sclub\\vendor\\laravel\\framework\\src\\Illuminate\\Container\\BoundMethod.php(37): Illuminate\\Container\\BoundMethod::callBoundMethod(Object(Illuminate\\Foundation\\Application), Array, Object(Closure))\n#26 D:\\xampp\\htdocs\\sclub\\vendor\\laravel\\framework\\src\\Illuminate\\Container\\Container.php(651): Illuminate\\Container\\BoundMethod::call(Object(Illuminate\\Foundation\\Application), Array, Array, NULL)\n#27 D:\\xampp\\htdocs\\sclub\\vendor\\laravel\\framework\\src\\Illuminate\\Console\\Command.php(144): Illuminate\\Container\\Container->call(Array)\n#28 D:\\xampp\\htdocs\\sclub\\vendor\\symfony\\console\\Command\\Command.php(308): Illuminate\\Console\\Command->execute(Object(Symfony\\Component\\Console\\Input\\ArgvInput), Object(Illuminate\\Console\\OutputStyle))\n#29 D:\\xampp\\htdocs\\sclub\\vendor\\laravel\\framework\\src\\Illuminate\\Console\\Command.php(126): Symfony\\Component\\Console\\Command\\Command->run(Object(Symfony\\Component\\Console\\Input\\ArgvInput), Object(Illuminate\\Console\\OutputStyle))\n#30 D:\\xampp\\htdocs\\sclub\\vendor\\symfony\\console\\Application.php(1002): Illuminate\\Console\\Command->run(Object(Symfony\\Component\\Console\\Input\\ArgvInput), Object(Symfony\\Component\\Console\\Output\\ConsoleOutput))\n#31 D:\\xampp\\htdocs\\sclub\\vendor\\symfony\\console\\Application.php(299): Symfony\\Component\\Console\\Application->doRunCommand(Object(Illuminate\\Queue\\Console\\WorkCommand), Object(Symfony\\Component\\Console\\Input\\ArgvInput), Object(Symfony\\Component\\Console\\Output\\ConsoleOutput))\n#32 D:\\xampp\\htdocs\\sclub\\vendor\\symfony\\console\\Application.php(171): Symfony\\Component\\Console\\Application->doRun(Object(Symfony\\Component\\Console\\Input\\ArgvInput), Object(Symfony\\Component\\Console\\Output\\ConsoleOutput))\n#33 D:\\xampp\\htdocs\\sclub\\vendor\\laravel\\framework\\src\\Illuminate\\Console\\Application.php(102): Symfony\\Component\\Console\\Application->run(Object(Symfony\\Component\\Console\\Input\\ArgvInput), Object(Symfony\\Component\\Console\\Output\\ConsoleOutput))\n#34 D:\\xampp\\htdocs\\sclub\\vendor\\laravel\\framework\\src\\Illuminate\\Foundation\\Console\\Kernel.php(151): Illuminate\\Console\\Application->run(Object(Symfony\\Component\\Console\\Input\\ArgvInput), Object(Symfony\\Component\\Console\\Output\\ConsoleOutput))\n#35 D:\\xampp\\htdocs\\sclub\\artisan(37): Illuminate\\Foundation\\Console\\Kernel->handle(Object(Symfony\\Component\\Console\\Input\\ArgvInput), Object(Symfony\\Component\\Console\\Output\\ConsoleOutput))\n#36 {main}', '2022-10-31 00:17:08'),
(11, '14e73d0d-6be2-4bfe-be3e-249752d9cc88', 'database', 'default', '{\"uuid\":\"14e73d0d-6be2-4bfe-be3e-249752d9cc88\",\"displayName\":\"App\\\\Jobs\\\\BookCoachQueue\",\"job\":\"Illuminate\\\\Queue\\\\CallQueuedHandler@call\",\"maxTries\":null,\"maxExceptions\":null,\"failOnTimeout\":false,\"backoff\":null,\"timeout\":null,\"retryUntil\":null,\"data\":{\"commandName\":\"App\\\\Jobs\\\\BookCoachQueue\",\"command\":\"O:23:\\\"App\\\\Jobs\\\\BookCoachQueue\\\":1:{s:5:\\\"delay\\\";O:13:\\\"Carbon\\\\Carbon\\\":3:{s:4:\\\"date\\\";s:26:\\\"2022-10-31 05:47:09.683405\\\";s:13:\\\"timezone_type\\\";i:3;s:8:\\\"timezone\\\";s:3:\\\"UTC\\\";}}\"}}', 'ErrorException: Undefined property: App\\Jobs\\BookCoachQueue::$id in D:\\xampp\\htdocs\\sclub\\app\\Jobs\\BookCoachQueue.php:38\nStack trace:\n#0 D:\\xampp\\htdocs\\sclub\\vendor\\laravel\\framework\\src\\Illuminate\\Foundation\\Bootstrap\\HandleExceptions.php(259): Illuminate\\Foundation\\Bootstrap\\HandleExceptions->handleError(2, \'Undefined prope...\', \'D:\\\\xampp\\\\htdocs...\', 38)\n#1 D:\\xampp\\htdocs\\sclub\\app\\Jobs\\BookCoachQueue.php(38): Illuminate\\Foundation\\Bootstrap\\HandleExceptions->Illuminate\\Foundation\\Bootstrap\\{closure}(2, \'Undefined prope...\', \'D:\\\\xampp\\\\htdocs...\', 38)\n#2 D:\\xampp\\htdocs\\sclub\\vendor\\laravel\\framework\\src\\Illuminate\\Container\\BoundMethod.php(36): App\\Jobs\\BookCoachQueue->handle()\n#3 D:\\xampp\\htdocs\\sclub\\vendor\\laravel\\framework\\src\\Illuminate\\Container\\Util.php(41): Illuminate\\Container\\BoundMethod::Illuminate\\Container\\{closure}()\n#4 D:\\xampp\\htdocs\\sclub\\vendor\\laravel\\framework\\src\\Illuminate\\Container\\BoundMethod.php(93): Illuminate\\Container\\Util::unwrapIfClosure(Object(Closure))\n#5 D:\\xampp\\htdocs\\sclub\\vendor\\laravel\\framework\\src\\Illuminate\\Container\\BoundMethod.php(37): Illuminate\\Container\\BoundMethod::callBoundMethod(Object(Illuminate\\Foundation\\Application), Array, Object(Closure))\n#6 D:\\xampp\\htdocs\\sclub\\vendor\\laravel\\framework\\src\\Illuminate\\Container\\Container.php(651): Illuminate\\Container\\BoundMethod::call(Object(Illuminate\\Foundation\\Application), Array, Array, NULL)\n#7 D:\\xampp\\htdocs\\sclub\\vendor\\laravel\\framework\\src\\Illuminate\\Bus\\Dispatcher.php(128): Illuminate\\Container\\Container->call(Array)\n#8 D:\\xampp\\htdocs\\sclub\\vendor\\laravel\\framework\\src\\Illuminate\\Pipeline\\Pipeline.php(141): Illuminate\\Bus\\Dispatcher->Illuminate\\Bus\\{closure}(Object(App\\Jobs\\BookCoachQueue))\n#9 D:\\xampp\\htdocs\\sclub\\vendor\\laravel\\framework\\src\\Illuminate\\Pipeline\\Pipeline.php(116): Illuminate\\Pipeline\\Pipeline->Illuminate\\Pipeline\\{closure}(Object(App\\Jobs\\BookCoachQueue))\n#10 D:\\xampp\\htdocs\\sclub\\vendor\\laravel\\framework\\src\\Illuminate\\Bus\\Dispatcher.php(132): Illuminate\\Pipeline\\Pipeline->then(Object(Closure))\n#11 D:\\xampp\\htdocs\\sclub\\vendor\\laravel\\framework\\src\\Illuminate\\Queue\\CallQueuedHandler.php(124): Illuminate\\Bus\\Dispatcher->dispatchNow(Object(App\\Jobs\\BookCoachQueue), false)\n#12 D:\\xampp\\htdocs\\sclub\\vendor\\laravel\\framework\\src\\Illuminate\\Pipeline\\Pipeline.php(141): Illuminate\\Queue\\CallQueuedHandler->Illuminate\\Queue\\{closure}(Object(App\\Jobs\\BookCoachQueue))\n#13 D:\\xampp\\htdocs\\sclub\\vendor\\laravel\\framework\\src\\Illuminate\\Pipeline\\Pipeline.php(116): Illuminate\\Pipeline\\Pipeline->Illuminate\\Pipeline\\{closure}(Object(App\\Jobs\\BookCoachQueue))\n#14 D:\\xampp\\htdocs\\sclub\\vendor\\laravel\\framework\\src\\Illuminate\\Queue\\CallQueuedHandler.php(126): Illuminate\\Pipeline\\Pipeline->then(Object(Closure))\n#15 D:\\xampp\\htdocs\\sclub\\vendor\\laravel\\framework\\src\\Illuminate\\Queue\\CallQueuedHandler.php(70): Illuminate\\Queue\\CallQueuedHandler->dispatchThroughMiddleware(Object(Illuminate\\Queue\\Jobs\\DatabaseJob), Object(App\\Jobs\\BookCoachQueue))\n#16 D:\\xampp\\htdocs\\sclub\\vendor\\laravel\\framework\\src\\Illuminate\\Queue\\Jobs\\Job.php(98): Illuminate\\Queue\\CallQueuedHandler->call(Object(Illuminate\\Queue\\Jobs\\DatabaseJob), Array)\n#17 D:\\xampp\\htdocs\\sclub\\vendor\\laravel\\framework\\src\\Illuminate\\Queue\\Worker.php(425): Illuminate\\Queue\\Jobs\\Job->fire()\n#18 D:\\xampp\\htdocs\\sclub\\vendor\\laravel\\framework\\src\\Illuminate\\Queue\\Worker.php(375): Illuminate\\Queue\\Worker->process(\'database\', Object(Illuminate\\Queue\\Jobs\\DatabaseJob), Object(Illuminate\\Queue\\WorkerOptions))\n#19 D:\\xampp\\htdocs\\sclub\\vendor\\laravel\\framework\\src\\Illuminate\\Queue\\Worker.php(326): Illuminate\\Queue\\Worker->runJob(Object(Illuminate\\Queue\\Jobs\\DatabaseJob), \'database\', Object(Illuminate\\Queue\\WorkerOptions))\n#20 D:\\xampp\\htdocs\\sclub\\vendor\\laravel\\framework\\src\\Illuminate\\Queue\\Console\\WorkCommand.php(150): Illuminate\\Queue\\Worker->runNextJob(\'database\', \'default\', Object(Illuminate\\Queue\\WorkerOptions))\n#21 D:\\xampp\\htdocs\\sclub\\vendor\\laravel\\framework\\src\\Illuminate\\Queue\\Console\\WorkCommand.php(134): Illuminate\\Queue\\Console\\WorkCommand->runWorker(\'database\', \'default\')\n#22 D:\\xampp\\htdocs\\sclub\\vendor\\laravel\\framework\\src\\Illuminate\\Container\\BoundMethod.php(36): Illuminate\\Queue\\Console\\WorkCommand->handle()\n#23 D:\\xampp\\htdocs\\sclub\\vendor\\laravel\\framework\\src\\Illuminate\\Container\\Util.php(41): Illuminate\\Container\\BoundMethod::Illuminate\\Container\\{closure}()\n#24 D:\\xampp\\htdocs\\sclub\\vendor\\laravel\\framework\\src\\Illuminate\\Container\\BoundMethod.php(93): Illuminate\\Container\\Util::unwrapIfClosure(Object(Closure))\n#25 D:\\xampp\\htdocs\\sclub\\vendor\\laravel\\framework\\src\\Illuminate\\Container\\BoundMethod.php(37): Illuminate\\Container\\BoundMethod::callBoundMethod(Object(Illuminate\\Foundation\\Application), Array, Object(Closure))\n#26 D:\\xampp\\htdocs\\sclub\\vendor\\laravel\\framework\\src\\Illuminate\\Container\\Container.php(651): Illuminate\\Container\\BoundMethod::call(Object(Illuminate\\Foundation\\Application), Array, Array, NULL)\n#27 D:\\xampp\\htdocs\\sclub\\vendor\\laravel\\framework\\src\\Illuminate\\Console\\Command.php(144): Illuminate\\Container\\Container->call(Array)\n#28 D:\\xampp\\htdocs\\sclub\\vendor\\symfony\\console\\Command\\Command.php(308): Illuminate\\Console\\Command->execute(Object(Symfony\\Component\\Console\\Input\\ArgvInput), Object(Illuminate\\Console\\OutputStyle))\n#29 D:\\xampp\\htdocs\\sclub\\vendor\\laravel\\framework\\src\\Illuminate\\Console\\Command.php(126): Symfony\\Component\\Console\\Command\\Command->run(Object(Symfony\\Component\\Console\\Input\\ArgvInput), Object(Illuminate\\Console\\OutputStyle))\n#30 D:\\xampp\\htdocs\\sclub\\vendor\\symfony\\console\\Application.php(1002): Illuminate\\Console\\Command->run(Object(Symfony\\Component\\Console\\Input\\ArgvInput), Object(Symfony\\Component\\Console\\Output\\ConsoleOutput))\n#31 D:\\xampp\\htdocs\\sclub\\vendor\\symfony\\console\\Application.php(299): Symfony\\Component\\Console\\Application->doRunCommand(Object(Illuminate\\Queue\\Console\\WorkCommand), Object(Symfony\\Component\\Console\\Input\\ArgvInput), Object(Symfony\\Component\\Console\\Output\\ConsoleOutput))\n#32 D:\\xampp\\htdocs\\sclub\\vendor\\symfony\\console\\Application.php(171): Symfony\\Component\\Console\\Application->doRun(Object(Symfony\\Component\\Console\\Input\\ArgvInput), Object(Symfony\\Component\\Console\\Output\\ConsoleOutput))\n#33 D:\\xampp\\htdocs\\sclub\\vendor\\laravel\\framework\\src\\Illuminate\\Console\\Application.php(102): Symfony\\Component\\Console\\Application->run(Object(Symfony\\Component\\Console\\Input\\ArgvInput), Object(Symfony\\Component\\Console\\Output\\ConsoleOutput))\n#34 D:\\xampp\\htdocs\\sclub\\vendor\\laravel\\framework\\src\\Illuminate\\Foundation\\Console\\Kernel.php(151): Illuminate\\Console\\Application->run(Object(Symfony\\Component\\Console\\Input\\ArgvInput), Object(Symfony\\Component\\Console\\Output\\ConsoleOutput))\n#35 D:\\xampp\\htdocs\\sclub\\artisan(37): Illuminate\\Foundation\\Console\\Kernel->handle(Object(Symfony\\Component\\Console\\Input\\ArgvInput), Object(Symfony\\Component\\Console\\Output\\ConsoleOutput))\n#36 {main}', '2022-10-31 00:17:09'),
(12, 'b0cf122d-56e5-4599-8adf-3c7fa835f782', 'database', 'default', '{\"uuid\":\"b0cf122d-56e5-4599-8adf-3c7fa835f782\",\"displayName\":\"App\\\\Jobs\\\\BookCoachQueue\",\"job\":\"Illuminate\\\\Queue\\\\CallQueuedHandler@call\",\"maxTries\":null,\"maxExceptions\":null,\"failOnTimeout\":false,\"backoff\":null,\"timeout\":null,\"retryUntil\":null,\"data\":{\"commandName\":\"App\\\\Jobs\\\\BookCoachQueue\",\"command\":\"O:23:\\\"App\\\\Jobs\\\\BookCoachQueue\\\":1:{s:5:\\\"delay\\\";O:13:\\\"Carbon\\\\Carbon\\\":3:{s:4:\\\"date\\\";s:26:\\\"2022-10-31 05:47:10.961988\\\";s:13:\\\"timezone_type\\\";i:3;s:8:\\\"timezone\\\";s:3:\\\"UTC\\\";}}\"}}', 'ErrorException: Undefined property: App\\Jobs\\BookCoachQueue::$id in D:\\xampp\\htdocs\\sclub\\app\\Jobs\\BookCoachQueue.php:38\nStack trace:\n#0 D:\\xampp\\htdocs\\sclub\\vendor\\laravel\\framework\\src\\Illuminate\\Foundation\\Bootstrap\\HandleExceptions.php(259): Illuminate\\Foundation\\Bootstrap\\HandleExceptions->handleError(2, \'Undefined prope...\', \'D:\\\\xampp\\\\htdocs...\', 38)\n#1 D:\\xampp\\htdocs\\sclub\\app\\Jobs\\BookCoachQueue.php(38): Illuminate\\Foundation\\Bootstrap\\HandleExceptions->Illuminate\\Foundation\\Bootstrap\\{closure}(2, \'Undefined prope...\', \'D:\\\\xampp\\\\htdocs...\', 38)\n#2 D:\\xampp\\htdocs\\sclub\\vendor\\laravel\\framework\\src\\Illuminate\\Container\\BoundMethod.php(36): App\\Jobs\\BookCoachQueue->handle()\n#3 D:\\xampp\\htdocs\\sclub\\vendor\\laravel\\framework\\src\\Illuminate\\Container\\Util.php(41): Illuminate\\Container\\BoundMethod::Illuminate\\Container\\{closure}()\n#4 D:\\xampp\\htdocs\\sclub\\vendor\\laravel\\framework\\src\\Illuminate\\Container\\BoundMethod.php(93): Illuminate\\Container\\Util::unwrapIfClosure(Object(Closure))\n#5 D:\\xampp\\htdocs\\sclub\\vendor\\laravel\\framework\\src\\Illuminate\\Container\\BoundMethod.php(37): Illuminate\\Container\\BoundMethod::callBoundMethod(Object(Illuminate\\Foundation\\Application), Array, Object(Closure))\n#6 D:\\xampp\\htdocs\\sclub\\vendor\\laravel\\framework\\src\\Illuminate\\Container\\Container.php(651): Illuminate\\Container\\BoundMethod::call(Object(Illuminate\\Foundation\\Application), Array, Array, NULL)\n#7 D:\\xampp\\htdocs\\sclub\\vendor\\laravel\\framework\\src\\Illuminate\\Bus\\Dispatcher.php(128): Illuminate\\Container\\Container->call(Array)\n#8 D:\\xampp\\htdocs\\sclub\\vendor\\laravel\\framework\\src\\Illuminate\\Pipeline\\Pipeline.php(141): Illuminate\\Bus\\Dispatcher->Illuminate\\Bus\\{closure}(Object(App\\Jobs\\BookCoachQueue))\n#9 D:\\xampp\\htdocs\\sclub\\vendor\\laravel\\framework\\src\\Illuminate\\Pipeline\\Pipeline.php(116): Illuminate\\Pipeline\\Pipeline->Illuminate\\Pipeline\\{closure}(Object(App\\Jobs\\BookCoachQueue))\n#10 D:\\xampp\\htdocs\\sclub\\vendor\\laravel\\framework\\src\\Illuminate\\Bus\\Dispatcher.php(132): Illuminate\\Pipeline\\Pipeline->then(Object(Closure))\n#11 D:\\xampp\\htdocs\\sclub\\vendor\\laravel\\framework\\src\\Illuminate\\Queue\\CallQueuedHandler.php(124): Illuminate\\Bus\\Dispatcher->dispatchNow(Object(App\\Jobs\\BookCoachQueue), false)\n#12 D:\\xampp\\htdocs\\sclub\\vendor\\laravel\\framework\\src\\Illuminate\\Pipeline\\Pipeline.php(141): Illuminate\\Queue\\CallQueuedHandler->Illuminate\\Queue\\{closure}(Object(App\\Jobs\\BookCoachQueue))\n#13 D:\\xampp\\htdocs\\sclub\\vendor\\laravel\\framework\\src\\Illuminate\\Pipeline\\Pipeline.php(116): Illuminate\\Pipeline\\Pipeline->Illuminate\\Pipeline\\{closure}(Object(App\\Jobs\\BookCoachQueue))\n#14 D:\\xampp\\htdocs\\sclub\\vendor\\laravel\\framework\\src\\Illuminate\\Queue\\CallQueuedHandler.php(126): Illuminate\\Pipeline\\Pipeline->then(Object(Closure))\n#15 D:\\xampp\\htdocs\\sclub\\vendor\\laravel\\framework\\src\\Illuminate\\Queue\\CallQueuedHandler.php(70): Illuminate\\Queue\\CallQueuedHandler->dispatchThroughMiddleware(Object(Illuminate\\Queue\\Jobs\\DatabaseJob), Object(App\\Jobs\\BookCoachQueue))\n#16 D:\\xampp\\htdocs\\sclub\\vendor\\laravel\\framework\\src\\Illuminate\\Queue\\Jobs\\Job.php(98): Illuminate\\Queue\\CallQueuedHandler->call(Object(Illuminate\\Queue\\Jobs\\DatabaseJob), Array)\n#17 D:\\xampp\\htdocs\\sclub\\vendor\\laravel\\framework\\src\\Illuminate\\Queue\\Worker.php(425): Illuminate\\Queue\\Jobs\\Job->fire()\n#18 D:\\xampp\\htdocs\\sclub\\vendor\\laravel\\framework\\src\\Illuminate\\Queue\\Worker.php(375): Illuminate\\Queue\\Worker->process(\'database\', Object(Illuminate\\Queue\\Jobs\\DatabaseJob), Object(Illuminate\\Queue\\WorkerOptions))\n#19 D:\\xampp\\htdocs\\sclub\\vendor\\laravel\\framework\\src\\Illuminate\\Queue\\Worker.php(326): Illuminate\\Queue\\Worker->runJob(Object(Illuminate\\Queue\\Jobs\\DatabaseJob), \'database\', Object(Illuminate\\Queue\\WorkerOptions))\n#20 D:\\xampp\\htdocs\\sclub\\vendor\\laravel\\framework\\src\\Illuminate\\Queue\\Console\\WorkCommand.php(150): Illuminate\\Queue\\Worker->runNextJob(\'database\', \'default\', Object(Illuminate\\Queue\\WorkerOptions))\n#21 D:\\xampp\\htdocs\\sclub\\vendor\\laravel\\framework\\src\\Illuminate\\Queue\\Console\\WorkCommand.php(134): Illuminate\\Queue\\Console\\WorkCommand->runWorker(\'database\', \'default\')\n#22 D:\\xampp\\htdocs\\sclub\\vendor\\laravel\\framework\\src\\Illuminate\\Container\\BoundMethod.php(36): Illuminate\\Queue\\Console\\WorkCommand->handle()\n#23 D:\\xampp\\htdocs\\sclub\\vendor\\laravel\\framework\\src\\Illuminate\\Container\\Util.php(41): Illuminate\\Container\\BoundMethod::Illuminate\\Container\\{closure}()\n#24 D:\\xampp\\htdocs\\sclub\\vendor\\laravel\\framework\\src\\Illuminate\\Container\\BoundMethod.php(93): Illuminate\\Container\\Util::unwrapIfClosure(Object(Closure))\n#25 D:\\xampp\\htdocs\\sclub\\vendor\\laravel\\framework\\src\\Illuminate\\Container\\BoundMethod.php(37): Illuminate\\Container\\BoundMethod::callBoundMethod(Object(Illuminate\\Foundation\\Application), Array, Object(Closure))\n#26 D:\\xampp\\htdocs\\sclub\\vendor\\laravel\\framework\\src\\Illuminate\\Container\\Container.php(651): Illuminate\\Container\\BoundMethod::call(Object(Illuminate\\Foundation\\Application), Array, Array, NULL)\n#27 D:\\xampp\\htdocs\\sclub\\vendor\\laravel\\framework\\src\\Illuminate\\Console\\Command.php(144): Illuminate\\Container\\Container->call(Array)\n#28 D:\\xampp\\htdocs\\sclub\\vendor\\symfony\\console\\Command\\Command.php(308): Illuminate\\Console\\Command->execute(Object(Symfony\\Component\\Console\\Input\\ArgvInput), Object(Illuminate\\Console\\OutputStyle))\n#29 D:\\xampp\\htdocs\\sclub\\vendor\\laravel\\framework\\src\\Illuminate\\Console\\Command.php(126): Symfony\\Component\\Console\\Command\\Command->run(Object(Symfony\\Component\\Console\\Input\\ArgvInput), Object(Illuminate\\Console\\OutputStyle))\n#30 D:\\xampp\\htdocs\\sclub\\vendor\\symfony\\console\\Application.php(1002): Illuminate\\Console\\Command->run(Object(Symfony\\Component\\Console\\Input\\ArgvInput), Object(Symfony\\Component\\Console\\Output\\ConsoleOutput))\n#31 D:\\xampp\\htdocs\\sclub\\vendor\\symfony\\console\\Application.php(299): Symfony\\Component\\Console\\Application->doRunCommand(Object(Illuminate\\Queue\\Console\\WorkCommand), Object(Symfony\\Component\\Console\\Input\\ArgvInput), Object(Symfony\\Component\\Console\\Output\\ConsoleOutput))\n#32 D:\\xampp\\htdocs\\sclub\\vendor\\symfony\\console\\Application.php(171): Symfony\\Component\\Console\\Application->doRun(Object(Symfony\\Component\\Console\\Input\\ArgvInput), Object(Symfony\\Component\\Console\\Output\\ConsoleOutput))\n#33 D:\\xampp\\htdocs\\sclub\\vendor\\laravel\\framework\\src\\Illuminate\\Console\\Application.php(102): Symfony\\Component\\Console\\Application->run(Object(Symfony\\Component\\Console\\Input\\ArgvInput), Object(Symfony\\Component\\Console\\Output\\ConsoleOutput))\n#34 D:\\xampp\\htdocs\\sclub\\vendor\\laravel\\framework\\src\\Illuminate\\Foundation\\Console\\Kernel.php(151): Illuminate\\Console\\Application->run(Object(Symfony\\Component\\Console\\Input\\ArgvInput), Object(Symfony\\Component\\Console\\Output\\ConsoleOutput))\n#35 D:\\xampp\\htdocs\\sclub\\artisan(37): Illuminate\\Foundation\\Console\\Kernel->handle(Object(Symfony\\Component\\Console\\Input\\ArgvInput), Object(Symfony\\Component\\Console\\Output\\ConsoleOutput))\n#36 {main}', '2022-10-31 00:17:13');

-- --------------------------------------------------------

--
-- Table structure for table `jobs`
--

CREATE TABLE `jobs` (
  `id` bigint(20) UNSIGNED NOT NULL,
  `queue` varchar(255) COLLATE utf8mb4_unicode_ci NOT NULL,
  `payload` longtext COLLATE utf8mb4_unicode_ci NOT NULL,
  `attempts` tinyint(3) UNSIGNED NOT NULL,
  `reserved_at` int(10) UNSIGNED DEFAULT NULL,
  `available_at` int(10) UNSIGNED NOT NULL,
  `created_at` int(10) UNSIGNED NOT NULL
) ENGINE=InnoDB DEFAULT CHARSET=utf8mb4 COLLATE=utf8mb4_unicode_ci;

--
-- Dumping data for table `jobs`
--

INSERT INTO `jobs` (`id`, `queue`, `payload`, `attempts`, `reserved_at`, `available_at`, `created_at`) VALUES
(37, 'default', '{\"uuid\":\"5f51f9bd-c4e1-44cb-9ccf-816959ed9fbe\",\"displayName\":\"App\\\\Jobs\\\\BookCoachQueue\",\"job\":\"Illuminate\\\\Queue\\\\CallQueuedHandler@call\",\"maxTries\":null,\"maxExceptions\":null,\"failOnTimeout\":false,\"backoff\":null,\"timeout\":null,\"retryUntil\":null,\"data\":{\"commandName\":\"App\\\\Jobs\\\\BookCoachQueue\",\"command\":\"O:23:\\\"App\\\\Jobs\\\\BookCoachQueue\\\":2:{s:5:\\\"\\u0000*\\u0000id\\\";i:5;s:5:\\\"delay\\\";O:13:\\\"Carbon\\\\Carbon\\\":3:{s:4:\\\"date\\\";s:26:\\\"2022-10-31 10:45:00.988366\\\";s:13:\\\"timezone_type\\\";i:3;s:8:\\\"timezone\\\";s:3:\\\"UTC\\\";}}\"}}', 0, NULL, 1667213100, 1667213071),
(38, 'default', '{\"uuid\":\"ea994e8e-ac4f-40f5-b22e-6b407ddf3ef1\",\"displayName\":\"App\\\\Jobs\\\\BookCoachQueue\",\"job\":\"Illuminate\\\\Queue\\\\CallQueuedHandler@call\",\"maxTries\":null,\"maxExceptions\":null,\"failOnTimeout\":false,\"backoff\":null,\"timeout\":null,\"retryUntil\":null,\"data\":{\"commandName\":\"App\\\\Jobs\\\\BookCoachQueue\",\"command\":\"O:23:\\\"App\\\\Jobs\\\\BookCoachQueue\\\":2:{s:5:\\\"\\u0000*\\u0000id\\\";i:6;s:5:\\\"delay\\\";O:13:\\\"Carbon\\\\Carbon\\\":3:{s:4:\\\"date\\\";s:26:\\\"2022-10-31 10:45:02.892466\\\";s:13:\\\"timezone_type\\\";i:3;s:8:\\\"timezone\\\";s:3:\\\"UTC\\\";}}\"}}', 0, NULL, 1667213102, 1667213072),
(39, 'default', '{\"uuid\":\"62353c93-9d68-41d8-8742-85295cb0a283\",\"displayName\":\"App\\\\Jobs\\\\BookCoachQueue\",\"job\":\"Illuminate\\\\Queue\\\\CallQueuedHandler@call\",\"maxTries\":null,\"maxExceptions\":null,\"failOnTimeout\":false,\"backoff\":null,\"timeout\":null,\"retryUntil\":null,\"data\":{\"commandName\":\"App\\\\Jobs\\\\BookCoachQueue\",\"command\":\"O:23:\\\"App\\\\Jobs\\\\BookCoachQueue\\\":2:{s:5:\\\"\\u0000*\\u0000id\\\";i:7;s:5:\\\"delay\\\";O:13:\\\"Carbon\\\\Carbon\\\":3:{s:4:\\\"date\\\";s:26:\\\"2022-10-31 10:45:04.129166\\\";s:13:\\\"timezone_type\\\";i:3;s:8:\\\"timezone\\\";s:3:\\\"UTC\\\";}}\"}}', 0, NULL, 1667213104, 1667213074),
(40, 'default', '{\"uuid\":\"6f6603c8-22b2-4771-b27b-b5b70ff6e492\",\"displayName\":\"App\\\\Jobs\\\\BookCoachQueue\",\"job\":\"Illuminate\\\\Queue\\\\CallQueuedHandler@call\",\"maxTries\":null,\"maxExceptions\":null,\"failOnTimeout\":false,\"backoff\":null,\"timeout\":null,\"retryUntil\":null,\"data\":{\"commandName\":\"App\\\\Jobs\\\\BookCoachQueue\",\"command\":\"O:23:\\\"App\\\\Jobs\\\\BookCoachQueue\\\":2:{s:5:\\\"\\u0000*\\u0000id\\\";i:8;s:5:\\\"delay\\\";O:13:\\\"Carbon\\\\Carbon\\\":3:{s:4:\\\"date\\\";s:26:\\\"2022-10-31 10:45:05.363477\\\";s:13:\\\"timezone_type\\\";i:3;s:8:\\\"timezone\\\";s:3:\\\"UTC\\\";}}\"}}', 0, NULL, 1667213105, 1667213075),
(41, 'default', '{\"uuid\":\"281e0443-09db-48fa-a4f4-46f338d266c8\",\"displayName\":\"App\\\\Jobs\\\\BookCoachQueue\",\"job\":\"Illuminate\\\\Queue\\\\CallQueuedHandler@call\",\"maxTries\":null,\"maxExceptions\":null,\"failOnTimeout\":false,\"backoff\":null,\"timeout\":null,\"retryUntil\":null,\"data\":{\"commandName\":\"App\\\\Jobs\\\\BookCoachQueue\",\"command\":\"O:23:\\\"App\\\\Jobs\\\\BookCoachQueue\\\":2:{s:5:\\\"\\u0000*\\u0000id\\\";i:9;s:5:\\\"delay\\\";O:13:\\\"Carbon\\\\Carbon\\\":3:{s:4:\\\"date\\\";s:26:\\\"2022-10-31 10:45:07.085683\\\";s:13:\\\"timezone_type\\\";i:3;s:8:\\\"timezone\\\";s:3:\\\"UTC\\\";}}\"}}', 0, NULL, 1667213107, 1667213077),
(42, 'default', '{\"uuid\":\"ea38ea6c-f343-4d5f-8bfa-8ce3ca4c5b46\",\"displayName\":\"App\\\\Jobs\\\\BookCoachQueue\",\"job\":\"Illuminate\\\\Queue\\\\CallQueuedHandler@call\",\"maxTries\":null,\"maxExceptions\":null,\"failOnTimeout\":false,\"backoff\":null,\"timeout\":null,\"retryUntil\":null,\"data\":{\"commandName\":\"App\\\\Jobs\\\\BookCoachQueue\",\"command\":\"O:23:\\\"App\\\\Jobs\\\\BookCoachQueue\\\":2:{s:5:\\\"\\u0000*\\u0000id\\\";i:10;s:5:\\\"delay\\\";O:13:\\\"Carbon\\\\Carbon\\\":3:{s:4:\\\"date\\\";s:26:\\\"2022-10-31 10:45:08.194836\\\";s:13:\\\"timezone_type\\\";i:3;s:8:\\\"timezone\\\";s:3:\\\"UTC\\\";}}\"}}', 0, NULL, 1667213108, 1667213078),
(43, 'default', '{\"uuid\":\"3d674bfd-144c-4669-be1e-80e01709e603\",\"displayName\":\"App\\\\Jobs\\\\BookCoachQueue\",\"job\":\"Illuminate\\\\Queue\\\\CallQueuedHandler@call\",\"maxTries\":null,\"maxExceptions\":null,\"failOnTimeout\":false,\"backoff\":null,\"timeout\":null,\"retryUntil\":null,\"data\":{\"commandName\":\"App\\\\Jobs\\\\BookCoachQueue\",\"command\":\"O:23:\\\"App\\\\Jobs\\\\BookCoachQueue\\\":2:{s:5:\\\"\\u0000*\\u0000id\\\";i:11;s:5:\\\"delay\\\";O:13:\\\"Carbon\\\\Carbon\\\":3:{s:4:\\\"date\\\";s:26:\\\"2022-10-31 10:45:10.333725\\\";s:13:\\\"timezone_type\\\";i:3;s:8:\\\"timezone\\\";s:3:\\\"UTC\\\";}}\"}}', 0, NULL, 1667213110, 1667213080),
(44, 'default', '{\"uuid\":\"0d9e880e-d7e9-47e6-b5bd-7ac9a4349a5f\",\"displayName\":\"App\\\\Jobs\\\\BookCoachQueue\",\"job\":\"Illuminate\\\\Queue\\\\CallQueuedHandler@call\",\"maxTries\":null,\"maxExceptions\":null,\"failOnTimeout\":false,\"backoff\":null,\"timeout\":null,\"retryUntil\":null,\"data\":{\"commandName\":\"App\\\\Jobs\\\\BookCoachQueue\",\"command\":\"O:23:\\\"App\\\\Jobs\\\\BookCoachQueue\\\":2:{s:5:\\\"\\u0000*\\u0000id\\\";i:12;s:5:\\\"delay\\\";O:13:\\\"Carbon\\\\Carbon\\\":3:{s:4:\\\"date\\\";s:26:\\\"2022-10-31 10:45:12.567122\\\";s:13:\\\"timezone_type\\\";i:3;s:8:\\\"timezone\\\";s:3:\\\"UTC\\\";}}\"}}', 0, NULL, 1667213112, 1667213082),
(45, 'default', '{\"uuid\":\"42151b39-84f6-4bdc-91d2-b6cb14767377\",\"displayName\":\"App\\\\Jobs\\\\BookCoachQueue\",\"job\":\"Illuminate\\\\Queue\\\\CallQueuedHandler@call\",\"maxTries\":null,\"maxExceptions\":null,\"failOnTimeout\":false,\"backoff\":null,\"timeout\":null,\"retryUntil\":null,\"data\":{\"commandName\":\"App\\\\Jobs\\\\BookCoachQueue\",\"command\":\"O:23:\\\"App\\\\Jobs\\\\BookCoachQueue\\\":2:{s:5:\\\"\\u0000*\\u0000id\\\";i:13;s:5:\\\"delay\\\";O:13:\\\"Carbon\\\\Carbon\\\":3:{s:4:\\\"date\\\";s:26:\\\"2022-10-31 10:45:13.784523\\\";s:13:\\\"timezone_type\\\";i:3;s:8:\\\"timezone\\\";s:3:\\\"UTC\\\";}}\"}}', 0, NULL, 1667213113, 1667213083),
(46, 'default', '{\"uuid\":\"cf6f0216-81dd-4d3c-9c42-d5f0ab226429\",\"displayName\":\"App\\\\Jobs\\\\BookCoachQueue\",\"job\":\"Illuminate\\\\Queue\\\\CallQueuedHandler@call\",\"maxTries\":null,\"maxExceptions\":null,\"failOnTimeout\":false,\"backoff\":null,\"timeout\":null,\"retryUntil\":null,\"data\":{\"commandName\":\"App\\\\Jobs\\\\BookCoachQueue\",\"command\":\"O:23:\\\"App\\\\Jobs\\\\BookCoachQueue\\\":2:{s:5:\\\"\\u0000*\\u0000id\\\";i:14;s:5:\\\"delay\\\";O:13:\\\"Carbon\\\\Carbon\\\":3:{s:4:\\\"date\\\";s:26:\\\"2022-10-31 10:45:15.858437\\\";s:13:\\\"timezone_type\\\";i:3;s:8:\\\"timezone\\\";s:3:\\\"UTC\\\";}}\"}}', 0, NULL, 1667213115, 1667213085),
(47, 'default', '{\"uuid\":\"efc3f666-b476-47d8-9613-d4debd4d057a\",\"displayName\":\"App\\\\Jobs\\\\BookCoachQueue\",\"job\":\"Illuminate\\\\Queue\\\\CallQueuedHandler@call\",\"maxTries\":null,\"maxExceptions\":null,\"failOnTimeout\":false,\"backoff\":null,\"timeout\":null,\"retryUntil\":null,\"data\":{\"commandName\":\"App\\\\Jobs\\\\BookCoachQueue\",\"command\":\"O:23:\\\"App\\\\Jobs\\\\BookCoachQueue\\\":2:{s:5:\\\"\\u0000*\\u0000id\\\";i:15;s:5:\\\"delay\\\";O:13:\\\"Carbon\\\\Carbon\\\":3:{s:4:\\\"date\\\";s:26:\\\"2022-10-31 10:45:17.285549\\\";s:13:\\\"timezone_type\\\";i:3;s:8:\\\"timezone\\\";s:3:\\\"UTC\\\";}}\"}}', 0, NULL, 1667213117, 1667213087),
(48, 'default', '{\"uuid\":\"10479013-1f98-4eff-a26f-137a73d7c54c\",\"displayName\":\"App\\\\Jobs\\\\BookCoachQueue\",\"job\":\"Illuminate\\\\Queue\\\\CallQueuedHandler@call\",\"maxTries\":null,\"maxExceptions\":null,\"failOnTimeout\":false,\"backoff\":null,\"timeout\":null,\"retryUntil\":null,\"data\":{\"commandName\":\"App\\\\Jobs\\\\BookCoachQueue\",\"command\":\"O:23:\\\"App\\\\Jobs\\\\BookCoachQueue\\\":2:{s:5:\\\"\\u0000*\\u0000id\\\";i:16;s:5:\\\"delay\\\";O:13:\\\"Carbon\\\\Carbon\\\":3:{s:4:\\\"date\\\";s:26:\\\"2022-10-31 10:45:18.455553\\\";s:13:\\\"timezone_type\\\";i:3;s:8:\\\"timezone\\\";s:3:\\\"UTC\\\";}}\"}}', 0, NULL, 1667213118, 1667213088),
(49, 'default', '{\"uuid\":\"b3cf2011-2790-4198-9dd2-c77d1314f7d5\",\"displayName\":\"App\\\\Jobs\\\\BookCoachQueue\",\"job\":\"Illuminate\\\\Queue\\\\CallQueuedHandler@call\",\"maxTries\":null,\"maxExceptions\":null,\"failOnTimeout\":false,\"backoff\":null,\"timeout\":null,\"retryUntil\":null,\"data\":{\"commandName\":\"App\\\\Jobs\\\\BookCoachQueue\",\"command\":\"O:23:\\\"App\\\\Jobs\\\\BookCoachQueue\\\":2:{s:5:\\\"\\u0000*\\u0000id\\\";i:17;s:5:\\\"delay\\\";O:13:\\\"Carbon\\\\Carbon\\\":3:{s:4:\\\"date\\\";s:26:\\\"2022-10-31 10:45:20.597001\\\";s:13:\\\"timezone_type\\\";i:3;s:8:\\\"timezone\\\";s:3:\\\"UTC\\\";}}\"}}', 0, NULL, 1667213120, 1667213090),
(50, 'default', '{\"uuid\":\"5e9d2e6a-e48c-4b17-821c-61ada236ac9d\",\"displayName\":\"App\\\\Jobs\\\\BookCoachQueue\",\"job\":\"Illuminate\\\\Queue\\\\CallQueuedHandler@call\",\"maxTries\":null,\"maxExceptions\":null,\"failOnTimeout\":false,\"backoff\":null,\"timeout\":null,\"retryUntil\":null,\"data\":{\"commandName\":\"App\\\\Jobs\\\\BookCoachQueue\",\"command\":\"O:23:\\\"App\\\\Jobs\\\\BookCoachQueue\\\":2:{s:5:\\\"\\u0000*\\u0000id\\\";i:18;s:5:\\\"delay\\\";O:13:\\\"Carbon\\\\Carbon\\\":3:{s:4:\\\"date\\\";s:26:\\\"2022-10-31 10:45:22.136970\\\";s:13:\\\"timezone_type\\\";i:3;s:8:\\\"timezone\\\";s:3:\\\"UTC\\\";}}\"}}', 0, NULL, 1667213122, 1667213092),
(51, 'default', '{\"uuid\":\"91cbdb63-d678-460a-a10e-5228dd04f250\",\"displayName\":\"App\\\\Jobs\\\\BookCoachQueue\",\"job\":\"Illuminate\\\\Queue\\\\CallQueuedHandler@call\",\"maxTries\":null,\"maxExceptions\":null,\"failOnTimeout\":false,\"backoff\":null,\"timeout\":null,\"retryUntil\":null,\"data\":{\"commandName\":\"App\\\\Jobs\\\\BookCoachQueue\",\"command\":\"O:23:\\\"App\\\\Jobs\\\\BookCoachQueue\\\":2:{s:5:\\\"\\u0000*\\u0000id\\\";i:19;s:5:\\\"delay\\\";O:13:\\\"Carbon\\\\Carbon\\\":3:{s:4:\\\"date\\\";s:26:\\\"2022-10-31 10:45:24.267718\\\";s:13:\\\"timezone_type\\\";i:3;s:8:\\\"timezone\\\";s:3:\\\"UTC\\\";}}\"}}', 0, NULL, 1667213124, 1667213094),
(52, 'default', '{\"uuid\":\"43a1d7bf-da86-4245-9fa6-d88f22f9b4b5\",\"displayName\":\"App\\\\Jobs\\\\BookCoachQueue\",\"job\":\"Illuminate\\\\Queue\\\\CallQueuedHandler@call\",\"maxTries\":null,\"maxExceptions\":null,\"failOnTimeout\":false,\"backoff\":null,\"timeout\":null,\"retryUntil\":null,\"data\":{\"commandName\":\"App\\\\Jobs\\\\BookCoachQueue\",\"command\":\"O:23:\\\"App\\\\Jobs\\\\BookCoachQueue\\\":2:{s:5:\\\"\\u0000*\\u0000id\\\";i:20;s:5:\\\"delay\\\";O:13:\\\"Carbon\\\\Carbon\\\":3:{s:4:\\\"date\\\";s:26:\\\"2022-10-31 10:45:26.533189\\\";s:13:\\\"timezone_type\\\";i:3;s:8:\\\"timezone\\\";s:3:\\\"UTC\\\";}}\"}}', 0, NULL, 1667213126, 1667213096),
(53, 'default', '{\"uuid\":\"b40d494c-e6f0-4afd-898d-964affd76a22\",\"displayName\":\"App\\\\Jobs\\\\BookCoachQueue\",\"job\":\"Illuminate\\\\Queue\\\\CallQueuedHandler@call\",\"maxTries\":null,\"maxExceptions\":null,\"failOnTimeout\":false,\"backoff\":null,\"timeout\":null,\"retryUntil\":null,\"data\":{\"commandName\":\"App\\\\Jobs\\\\BookCoachQueue\",\"command\":\"O:23:\\\"App\\\\Jobs\\\\BookCoachQueue\\\":2:{s:5:\\\"\\u0000*\\u0000id\\\";i:21;s:5:\\\"delay\\\";O:13:\\\"Carbon\\\\Carbon\\\":3:{s:4:\\\"date\\\";s:26:\\\"2022-10-31 10:45:28.716041\\\";s:13:\\\"timezone_type\\\";i:3;s:8:\\\"timezone\\\";s:3:\\\"UTC\\\";}}\"}}', 0, NULL, 1667213128, 1667213098),
(54, 'default', '{\"uuid\":\"47fe4cc7-91aa-4656-92a0-7a95bd95cd83\",\"displayName\":\"App\\\\Jobs\\\\BookCoachQueue\",\"job\":\"Illuminate\\\\Queue\\\\CallQueuedHandler@call\",\"maxTries\":null,\"maxExceptions\":null,\"failOnTimeout\":false,\"backoff\":null,\"timeout\":null,\"retryUntil\":null,\"data\":{\"commandName\":\"App\\\\Jobs\\\\BookCoachQueue\",\"command\":\"O:23:\\\"App\\\\Jobs\\\\BookCoachQueue\\\":2:{s:5:\\\"\\u0000*\\u0000id\\\";i:22;s:5:\\\"delay\\\";O:13:\\\"Carbon\\\\Carbon\\\":3:{s:4:\\\"date\\\";s:26:\\\"2022-10-31 10:45:50.265110\\\";s:13:\\\"timezone_type\\\";i:3;s:8:\\\"timezone\\\";s:3:\\\"UTC\\\";}}\"}}', 0, NULL, 1667213150, 1667213120),
(55, 'default', '{\"uuid\":\"771848f1-1aaf-4c25-8828-be9bbb4989a8\",\"displayName\":\"App\\\\Jobs\\\\BookCoachQueue\",\"job\":\"Illuminate\\\\Queue\\\\CallQueuedHandler@call\",\"maxTries\":null,\"maxExceptions\":null,\"failOnTimeout\":false,\"backoff\":null,\"timeout\":null,\"retryUntil\":null,\"data\":{\"commandName\":\"App\\\\Jobs\\\\BookCoachQueue\",\"command\":\"O:23:\\\"App\\\\Jobs\\\\BookCoachQueue\\\":2:{s:5:\\\"\\u0000*\\u0000id\\\";i:23;s:5:\\\"delay\\\";O:13:\\\"Carbon\\\\Carbon\\\":3:{s:4:\\\"date\\\";s:26:\\\"2022-10-31 10:45:56.000396\\\";s:13:\\\"timezone_type\\\";i:3;s:8:\\\"timezone\\\";s:3:\\\"UTC\\\";}}\"}}', 0, NULL, 1667213156, 1667213126),
(56, 'default', '{\"uuid\":\"b26c7155-d41a-4618-9dbb-75b2053b46ab\",\"displayName\":\"App\\\\Jobs\\\\BookCoachQueue\",\"job\":\"Illuminate\\\\Queue\\\\CallQueuedHandler@call\",\"maxTries\":null,\"maxExceptions\":null,\"failOnTimeout\":false,\"backoff\":null,\"timeout\":null,\"retryUntil\":null,\"data\":{\"commandName\":\"App\\\\Jobs\\\\BookCoachQueue\",\"command\":\"O:23:\\\"App\\\\Jobs\\\\BookCoachQueue\\\":2:{s:5:\\\"\\u0000*\\u0000id\\\";i:24;s:5:\\\"delay\\\";O:13:\\\"Carbon\\\\Carbon\\\":3:{s:4:\\\"date\\\";s:26:\\\"2022-10-31 10:45:57.568255\\\";s:13:\\\"timezone_type\\\";i:3;s:8:\\\"timezone\\\";s:3:\\\"UTC\\\";}}\"}}', 0, NULL, 1667213157, 1667213127),
(57, 'default', '{\"uuid\":\"5270c890-5bce-4498-b38d-115fc0675f9a\",\"displayName\":\"App\\\\Jobs\\\\BookCoachQueue\",\"job\":\"Illuminate\\\\Queue\\\\CallQueuedHandler@call\",\"maxTries\":null,\"maxExceptions\":null,\"failOnTimeout\":false,\"backoff\":null,\"timeout\":null,\"retryUntil\":null,\"data\":{\"commandName\":\"App\\\\Jobs\\\\BookCoachQueue\",\"command\":\"O:23:\\\"App\\\\Jobs\\\\BookCoachQueue\\\":2:{s:5:\\\"\\u0000*\\u0000id\\\";i:25;s:5:\\\"delay\\\";O:13:\\\"Carbon\\\\Carbon\\\":3:{s:4:\\\"date\\\";s:26:\\\"2022-10-31 10:46:23.990247\\\";s:13:\\\"timezone_type\\\";i:3;s:8:\\\"timezone\\\";s:3:\\\"UTC\\\";}}\"}}', 0, NULL, 1667213183, 1667213154),
(58, 'default', '{\"uuid\":\"24ebd8c8-4f3a-4cb9-a0de-b4bbf36a59d4\",\"displayName\":\"App\\\\Jobs\\\\BookCoachQueue\",\"job\":\"Illuminate\\\\Queue\\\\CallQueuedHandler@call\",\"maxTries\":null,\"maxExceptions\":null,\"failOnTimeout\":false,\"backoff\":null,\"timeout\":null,\"retryUntil\":null,\"data\":{\"commandName\":\"App\\\\Jobs\\\\BookCoachQueue\",\"command\":\"O:23:\\\"App\\\\Jobs\\\\BookCoachQueue\\\":2:{s:5:\\\"\\u0000*\\u0000id\\\";i:26;s:5:\\\"delay\\\";O:13:\\\"Carbon\\\\Carbon\\\":3:{s:4:\\\"date\\\";s:26:\\\"2022-10-31 10:50:01.745047\\\";s:13:\\\"timezone_type\\\";i:3;s:8:\\\"timezone\\\";s:3:\\\"UTC\\\";}}\"}}', 0, NULL, 1667213401, 1667213371),
(59, 'default', '{\"uuid\":\"6b52b74f-ae62-4e27-8b59-f8ac4654c119\",\"displayName\":\"App\\\\Jobs\\\\BookCoachQueue\",\"job\":\"Illuminate\\\\Queue\\\\CallQueuedHandler@call\",\"maxTries\":null,\"maxExceptions\":null,\"failOnTimeout\":false,\"backoff\":null,\"timeout\":null,\"retryUntil\":null,\"data\":{\"commandName\":\"App\\\\Jobs\\\\BookCoachQueue\",\"command\":\"O:23:\\\"App\\\\Jobs\\\\BookCoachQueue\\\":2:{s:5:\\\"\\u0000*\\u0000id\\\";i:27;s:5:\\\"delay\\\";O:13:\\\"Carbon\\\\Carbon\\\":3:{s:4:\\\"date\\\";s:26:\\\"2022-10-31 10:50:03.495393\\\";s:13:\\\"timezone_type\\\";i:3;s:8:\\\"timezone\\\";s:3:\\\"UTC\\\";}}\"}}', 0, NULL, 1667213403, 1667213373),
(60, 'default', '{\"uuid\":\"fb6612e5-e29a-4474-aef9-8b9ae57176c8\",\"displayName\":\"App\\\\Jobs\\\\BookCoachQueue\",\"job\":\"Illuminate\\\\Queue\\\\CallQueuedHandler@call\",\"maxTries\":null,\"maxExceptions\":null,\"failOnTimeout\":false,\"backoff\":null,\"timeout\":null,\"retryUntil\":null,\"data\":{\"commandName\":\"App\\\\Jobs\\\\BookCoachQueue\",\"command\":\"O:23:\\\"App\\\\Jobs\\\\BookCoachQueue\\\":2:{s:5:\\\"\\u0000*\\u0000id\\\";i:28;s:5:\\\"delay\\\";O:13:\\\"Carbon\\\\Carbon\\\":3:{s:4:\\\"date\\\";s:26:\\\"2022-10-31 10:50:04.983247\\\";s:13:\\\"timezone_type\\\";i:3;s:8:\\\"timezone\\\";s:3:\\\"UTC\\\";}}\"}}', 0, NULL, 1667213404, 1667213374),
(61, 'default', '{\"uuid\":\"fb27df84-c17c-4cf6-bbdd-2d91a9ac9b89\",\"displayName\":\"App\\\\Jobs\\\\BookCoachQueue\",\"job\":\"Illuminate\\\\Queue\\\\CallQueuedHandler@call\",\"maxTries\":null,\"maxExceptions\":null,\"failOnTimeout\":false,\"backoff\":null,\"timeout\":null,\"retryUntil\":null,\"data\":{\"commandName\":\"App\\\\Jobs\\\\BookCoachQueue\",\"command\":\"O:23:\\\"App\\\\Jobs\\\\BookCoachQueue\\\":2:{s:5:\\\"\\u0000*\\u0000id\\\";i:29;s:5:\\\"delay\\\";O:13:\\\"Carbon\\\\Carbon\\\":3:{s:4:\\\"date\\\";s:26:\\\"2022-10-31 10:54:49.623995\\\";s:13:\\\"timezone_type\\\";i:3;s:8:\\\"timezone\\\";s:3:\\\"UTC\\\";}}\"}}', 0, NULL, 1667213689, 1667213659),
(62, 'default', '{\"uuid\":\"510333f4-488a-436b-95cd-6c035df79f62\",\"displayName\":\"App\\\\Jobs\\\\BookCoachQueue\",\"job\":\"Illuminate\\\\Queue\\\\CallQueuedHandler@call\",\"maxTries\":null,\"maxExceptions\":null,\"failOnTimeout\":false,\"backoff\":null,\"timeout\":null,\"retryUntil\":null,\"data\":{\"commandName\":\"App\\\\Jobs\\\\BookCoachQueue\",\"command\":\"O:23:\\\"App\\\\Jobs\\\\BookCoachQueue\\\":2:{s:5:\\\"\\u0000*\\u0000id\\\";i:30;s:5:\\\"delay\\\";O:13:\\\"Carbon\\\\Carbon\\\":3:{s:4:\\\"date\\\";s:26:\\\"2022-10-31 10:55:48.490626\\\";s:13:\\\"timezone_type\\\";i:3;s:8:\\\"timezone\\\";s:3:\\\"UTC\\\";}}\"}}', 0, NULL, 1667213748, 1667213718),
(63, 'default', '{\"uuid\":\"d952abb8-cc97-40e6-aab0-b321d6878b99\",\"displayName\":\"App\\\\Jobs\\\\BookCoachQueue\",\"job\":\"Illuminate\\\\Queue\\\\CallQueuedHandler@call\",\"maxTries\":null,\"maxExceptions\":null,\"failOnTimeout\":false,\"backoff\":null,\"timeout\":null,\"retryUntil\":null,\"data\":{\"commandName\":\"App\\\\Jobs\\\\BookCoachQueue\",\"command\":\"O:23:\\\"App\\\\Jobs\\\\BookCoachQueue\\\":2:{s:5:\\\"\\u0000*\\u0000id\\\";i:31;s:5:\\\"delay\\\";O:13:\\\"Carbon\\\\Carbon\\\":3:{s:4:\\\"date\\\";s:26:\\\"2022-10-31 11:27:04.619312\\\";s:13:\\\"timezone_type\\\";i:3;s:8:\\\"timezone\\\";s:3:\\\"UTC\\\";}}\"}}', 0, NULL, 1667215624, 1667215594),
(64, 'default', '{\"uuid\":\"f3d88ffc-f93c-4302-9998-f15a54506fef\",\"displayName\":\"App\\\\Jobs\\\\BookCoachQueue\",\"job\":\"Illuminate\\\\Queue\\\\CallQueuedHandler@call\",\"maxTries\":null,\"maxExceptions\":null,\"failOnTimeout\":false,\"backoff\":null,\"timeout\":null,\"retryUntil\":null,\"data\":{\"commandName\":\"App\\\\Jobs\\\\BookCoachQueue\",\"command\":\"O:23:\\\"App\\\\Jobs\\\\BookCoachQueue\\\":2:{s:5:\\\"\\u0000*\\u0000id\\\";i:32;s:5:\\\"delay\\\";O:13:\\\"Carbon\\\\Carbon\\\":3:{s:4:\\\"date\\\";s:26:\\\"2022-10-31 11:38:27.676214\\\";s:13:\\\"timezone_type\\\";i:3;s:8:\\\"timezone\\\";s:3:\\\"UTC\\\";}}\"}}', 0, NULL, 1667216307, 1667216277),
(65, 'default', '{\"uuid\":\"9826d22c-149f-45e9-a0f1-4f7c93a33bb5\",\"displayName\":\"App\\\\Jobs\\\\BookCoachQueue\",\"job\":\"Illuminate\\\\Queue\\\\CallQueuedHandler@call\",\"maxTries\":null,\"maxExceptions\":null,\"failOnTimeout\":false,\"backoff\":null,\"timeout\":null,\"retryUntil\":null,\"data\":{\"commandName\":\"App\\\\Jobs\\\\BookCoachQueue\",\"command\":\"O:23:\\\"App\\\\Jobs\\\\BookCoachQueue\\\":2:{s:5:\\\"\\u0000*\\u0000id\\\";i:33;s:5:\\\"delay\\\";O:13:\\\"Carbon\\\\Carbon\\\":3:{s:4:\\\"date\\\";s:26:\\\"2022-10-31 11:38:30.509751\\\";s:13:\\\"timezone_type\\\";i:3;s:8:\\\"timezone\\\";s:3:\\\"UTC\\\";}}\"}}', 0, NULL, 1667216310, 1667216280),
(66, 'default', '{\"uuid\":\"29b89c03-eaee-430c-9450-6e2af1d38978\",\"displayName\":\"App\\\\Jobs\\\\BookCoachQueue\",\"job\":\"Illuminate\\\\Queue\\\\CallQueuedHandler@call\",\"maxTries\":null,\"maxExceptions\":null,\"failOnTimeout\":false,\"backoff\":null,\"timeout\":null,\"retryUntil\":null,\"data\":{\"commandName\":\"App\\\\Jobs\\\\BookCoachQueue\",\"command\":\"O:23:\\\"App\\\\Jobs\\\\BookCoachQueue\\\":2:{s:5:\\\"\\u0000*\\u0000id\\\";i:34;s:5:\\\"delay\\\";O:13:\\\"Carbon\\\\Carbon\\\":3:{s:4:\\\"date\\\";s:26:\\\"2022-10-31 11:38:32.733621\\\";s:13:\\\"timezone_type\\\";i:3;s:8:\\\"timezone\\\";s:3:\\\"UTC\\\";}}\"}}', 0, NULL, 1667216312, 1667216282),
(67, 'default', '{\"uuid\":\"21ab74af-89e9-4852-a62b-d937f1cfb89f\",\"displayName\":\"App\\\\Jobs\\\\BookCoachQueue\",\"job\":\"Illuminate\\\\Queue\\\\CallQueuedHandler@call\",\"maxTries\":null,\"maxExceptions\":null,\"failOnTimeout\":false,\"backoff\":null,\"timeout\":null,\"retryUntil\":null,\"data\":{\"commandName\":\"App\\\\Jobs\\\\BookCoachQueue\",\"command\":\"O:23:\\\"App\\\\Jobs\\\\BookCoachQueue\\\":2:{s:5:\\\"\\u0000*\\u0000id\\\";i:35;s:5:\\\"delay\\\";O:13:\\\"Carbon\\\\Carbon\\\":3:{s:4:\\\"date\\\";s:26:\\\"2022-10-31 11:38:35.259823\\\";s:13:\\\"timezone_type\\\";i:3;s:8:\\\"timezone\\\";s:3:\\\"UTC\\\";}}\"}}', 0, NULL, 1667216315, 1667216285),
(68, 'default', '{\"uuid\":\"c51d8948-4ce5-422e-b552-348e1ce2385c\",\"displayName\":\"App\\\\Jobs\\\\BookCoachQueue\",\"job\":\"Illuminate\\\\Queue\\\\CallQueuedHandler@call\",\"maxTries\":null,\"maxExceptions\":null,\"failOnTimeout\":false,\"backoff\":null,\"timeout\":null,\"retryUntil\":null,\"data\":{\"commandName\":\"App\\\\Jobs\\\\BookCoachQueue\",\"command\":\"O:23:\\\"App\\\\Jobs\\\\BookCoachQueue\\\":2:{s:5:\\\"\\u0000*\\u0000id\\\";i:36;s:5:\\\"delay\\\";O:13:\\\"Carbon\\\\Carbon\\\":3:{s:4:\\\"date\\\";s:26:\\\"2022-10-31 11:38:37.360603\\\";s:13:\\\"timezone_type\\\";i:3;s:8:\\\"timezone\\\";s:3:\\\"UTC\\\";}}\"}}', 0, NULL, 1667216317, 1667216287),
(69, 'default', '{\"uuid\":\"54241824-4a98-4063-baeb-fa785e71aaf3\",\"displayName\":\"App\\\\Jobs\\\\BookCoachQueue\",\"job\":\"Illuminate\\\\Queue\\\\CallQueuedHandler@call\",\"maxTries\":null,\"maxExceptions\":null,\"failOnTimeout\":false,\"backoff\":null,\"timeout\":null,\"retryUntil\":null,\"data\":{\"commandName\":\"App\\\\Jobs\\\\BookCoachQueue\",\"command\":\"O:23:\\\"App\\\\Jobs\\\\BookCoachQueue\\\":2:{s:5:\\\"\\u0000*\\u0000id\\\";i:37;s:5:\\\"delay\\\";O:13:\\\"Carbon\\\\Carbon\\\":3:{s:4:\\\"date\\\";s:26:\\\"2022-10-31 11:38:39.695284\\\";s:13:\\\"timezone_type\\\";i:3;s:8:\\\"timezone\\\";s:3:\\\"UTC\\\";}}\"}}', 0, NULL, 1667216319, 1667216289),
(70, 'default', '{\"uuid\":\"0f82a487-631b-4b1a-aac2-942f9e6b196a\",\"displayName\":\"App\\\\Jobs\\\\BookCoachQueue\",\"job\":\"Illuminate\\\\Queue\\\\CallQueuedHandler@call\",\"maxTries\":null,\"maxExceptions\":null,\"failOnTimeout\":false,\"backoff\":null,\"timeout\":null,\"retryUntil\":null,\"data\":{\"commandName\":\"App\\\\Jobs\\\\BookCoachQueue\",\"command\":\"O:23:\\\"App\\\\Jobs\\\\BookCoachQueue\\\":2:{s:5:\\\"\\u0000*\\u0000id\\\";i:38;s:5:\\\"delay\\\";O:13:\\\"Carbon\\\\Carbon\\\":3:{s:4:\\\"date\\\";s:26:\\\"2022-10-31 11:38:41.037451\\\";s:13:\\\"timezone_type\\\";i:3;s:8:\\\"timezone\\\";s:3:\\\"UTC\\\";}}\"}}', 0, NULL, 1667216321, 1667216291),
(71, 'default', '{\"uuid\":\"7ef74a16-3238-4a12-b948-fdb3085eed11\",\"displayName\":\"App\\\\Jobs\\\\BookCoachQueue\",\"job\":\"Illuminate\\\\Queue\\\\CallQueuedHandler@call\",\"maxTries\":null,\"maxExceptions\":null,\"failOnTimeout\":false,\"backoff\":null,\"timeout\":null,\"retryUntil\":null,\"data\":{\"commandName\":\"App\\\\Jobs\\\\BookCoachQueue\",\"command\":\"O:23:\\\"App\\\\Jobs\\\\BookCoachQueue\\\":2:{s:5:\\\"\\u0000*\\u0000id\\\";i:39;s:5:\\\"delay\\\";O:13:\\\"Carbon\\\\Carbon\\\":3:{s:4:\\\"date\\\";s:26:\\\"2022-10-31 11:38:43.427778\\\";s:13:\\\"timezone_type\\\";i:3;s:8:\\\"timezone\\\";s:3:\\\"UTC\\\";}}\"}}', 0, NULL, 1667216323, 1667216293),
(72, 'default', '{\"uuid\":\"29567aa0-9fa1-463e-b4e2-f2243112065f\",\"displayName\":\"App\\\\Jobs\\\\BookCoachQueue\",\"job\":\"Illuminate\\\\Queue\\\\CallQueuedHandler@call\",\"maxTries\":null,\"maxExceptions\":null,\"failOnTimeout\":false,\"backoff\":null,\"timeout\":null,\"retryUntil\":null,\"data\":{\"commandName\":\"App\\\\Jobs\\\\BookCoachQueue\",\"command\":\"O:23:\\\"App\\\\Jobs\\\\BookCoachQueue\\\":2:{s:5:\\\"\\u0000*\\u0000id\\\";i:40;s:5:\\\"delay\\\";O:13:\\\"Carbon\\\\Carbon\\\":3:{s:4:\\\"date\\\";s:26:\\\"2022-10-31 11:38:48.943688\\\";s:13:\\\"timezone_type\\\";i:3;s:8:\\\"timezone\\\";s:3:\\\"UTC\\\";}}\"}}', 0, NULL, 1667216328, 1667216298),
(73, 'default', '{\"uuid\":\"ba8ae355-4080-4016-a91d-a67951e2eebc\",\"displayName\":\"App\\\\Jobs\\\\BookCoachQueue\",\"job\":\"Illuminate\\\\Queue\\\\CallQueuedHandler@call\",\"maxTries\":null,\"maxExceptions\":null,\"failOnTimeout\":false,\"backoff\":null,\"timeout\":null,\"retryUntil\":null,\"data\":{\"commandName\":\"App\\\\Jobs\\\\BookCoachQueue\",\"command\":\"O:23:\\\"App\\\\Jobs\\\\BookCoachQueue\\\":2:{s:5:\\\"\\u0000*\\u0000id\\\";i:41;s:5:\\\"delay\\\";O:13:\\\"Carbon\\\\Carbon\\\":3:{s:4:\\\"date\\\";s:26:\\\"2022-10-31 11:38:50.299906\\\";s:13:\\\"timezone_type\\\";i:3;s:8:\\\"timezone\\\";s:3:\\\"UTC\\\";}}\"}}', 0, NULL, 1667216330, 1667216300),
(74, 'default', '{\"uuid\":\"1a0bbd25-ee84-4d29-8223-4177919a3553\",\"displayName\":\"App\\\\Jobs\\\\BookCoachQueue\",\"job\":\"Illuminate\\\\Queue\\\\CallQueuedHandler@call\",\"maxTries\":null,\"maxExceptions\":null,\"failOnTimeout\":false,\"backoff\":null,\"timeout\":null,\"retryUntil\":null,\"data\":{\"commandName\":\"App\\\\Jobs\\\\BookCoachQueue\",\"command\":\"O:23:\\\"App\\\\Jobs\\\\BookCoachQueue\\\":2:{s:5:\\\"\\u0000*\\u0000id\\\";i:42;s:5:\\\"delay\\\";O:13:\\\"Carbon\\\\Carbon\\\":3:{s:4:\\\"date\\\";s:26:\\\"2022-10-31 11:38:51.556406\\\";s:13:\\\"timezone_type\\\";i:3;s:8:\\\"timezone\\\";s:3:\\\"UTC\\\";}}\"}}', 0, NULL, 1667216331, 1667216301),
(75, 'default', '{\"uuid\":\"86b8b97d-777f-499a-8020-dc4fec40905d\",\"displayName\":\"App\\\\Jobs\\\\BookCoachQueue\",\"job\":\"Illuminate\\\\Queue\\\\CallQueuedHandler@call\",\"maxTries\":null,\"maxExceptions\":null,\"failOnTimeout\":false,\"backoff\":null,\"timeout\":null,\"retryUntil\":null,\"data\":{\"commandName\":\"App\\\\Jobs\\\\BookCoachQueue\",\"command\":\"O:23:\\\"App\\\\Jobs\\\\BookCoachQueue\\\":2:{s:5:\\\"\\u0000*\\u0000id\\\";i:43;s:5:\\\"delay\\\";O:13:\\\"Carbon\\\\Carbon\\\":3:{s:4:\\\"date\\\";s:26:\\\"2022-10-31 11:38:52.800569\\\";s:13:\\\"timezone_type\\\";i:3;s:8:\\\"timezone\\\";s:3:\\\"UTC\\\";}}\"}}', 0, NULL, 1667216332, 1667216302),
(76, 'default', '{\"uuid\":\"1513c22b-c0a1-40cd-901e-20e507758853\",\"displayName\":\"App\\\\Jobs\\\\BookCoachQueue\",\"job\":\"Illuminate\\\\Queue\\\\CallQueuedHandler@call\",\"maxTries\":null,\"maxExceptions\":null,\"failOnTimeout\":false,\"backoff\":null,\"timeout\":null,\"retryUntil\":null,\"data\":{\"commandName\":\"App\\\\Jobs\\\\BookCoachQueue\",\"command\":\"O:23:\\\"App\\\\Jobs\\\\BookCoachQueue\\\":2:{s:5:\\\"\\u0000*\\u0000id\\\";i:44;s:5:\\\"delay\\\";O:13:\\\"Carbon\\\\Carbon\\\":3:{s:4:\\\"date\\\";s:26:\\\"2022-10-31 11:38:55.101880\\\";s:13:\\\"timezone_type\\\";i:3;s:8:\\\"timezone\\\";s:3:\\\"UTC\\\";}}\"}}', 0, NULL, 1667216335, 1667216305),
(77, 'default', '{\"uuid\":\"cb8b24fb-fa18-4481-979e-9d48f11412de\",\"displayName\":\"App\\\\Jobs\\\\BookCoachQueue\",\"job\":\"Illuminate\\\\Queue\\\\CallQueuedHandler@call\",\"maxTries\":null,\"maxExceptions\":null,\"failOnTimeout\":false,\"backoff\":null,\"timeout\":null,\"retryUntil\":null,\"data\":{\"commandName\":\"App\\\\Jobs\\\\BookCoachQueue\",\"command\":\"O:23:\\\"App\\\\Jobs\\\\BookCoachQueue\\\":2:{s:5:\\\"\\u0000*\\u0000id\\\";i:45;s:5:\\\"delay\\\";O:13:\\\"Carbon\\\\Carbon\\\":3:{s:4:\\\"date\\\";s:26:\\\"2022-10-31 11:38:56.702484\\\";s:13:\\\"timezone_type\\\";i:3;s:8:\\\"timezone\\\";s:3:\\\"UTC\\\";}}\"}}', 0, NULL, 1667216336, 1667216306);

-- --------------------------------------------------------

--
-- Table structure for table `mem_duration`
--

CREATE TABLE `mem_duration` (
  `id` int(11) NOT NULL,
  `dur_name` varchar(50) NOT NULL,
  `created_at` timestamp NULL DEFAULT current_timestamp(),
  `updated_at` timestamp NOT NULL DEFAULT current_timestamp(),
  `no_of_month` int(11) NOT NULL
) ENGINE=InnoDB DEFAULT CHARSET=utf8mb4;

--
-- Dumping data for table `mem_duration`
--

INSERT INTO `mem_duration` (`id`, `dur_name`, `created_at`, `updated_at`, `no_of_month`) VALUES
(1, '3 Month', '2022-11-01 05:37:14', '2022-11-01 05:37:14', 3),
(2, '6 Month', '2022-11-01 05:37:14', '2022-11-01 05:37:14', 6),
(3, '1 Year', '2022-11-01 05:38:32', '2022-11-01 05:38:32', 12);

-- --------------------------------------------------------

--
-- Table structure for table `mem_package`
--

CREATE TABLE `mem_package` (
  `id` int(11) NOT NULL,
  `dur_id` int(11) NOT NULL,
  `plan_id` int(11) NOT NULL,
  `discount` int(11) NOT NULL,
  `created_at` timestamp NOT NULL DEFAULT current_timestamp(),
  `updated_at` timestamp NOT NULL DEFAULT current_timestamp()
) ENGINE=InnoDB DEFAULT CHARSET=utf8mb4;

--
-- Dumping data for table `mem_package`
--

INSERT INTO `mem_package` (`id`, `dur_id`, `plan_id`, `discount`, `created_at`, `updated_at`) VALUES
(1, 1, 1, 10, '2022-11-01 05:42:04', '2022-11-01 05:42:04'),
(2, 1, 2, 20, '2022-11-01 05:42:19', '2022-11-01 05:42:19');

-- --------------------------------------------------------

--
-- Table structure for table `mem_plans`
--

CREATE TABLE `mem_plans` (
  `id` int(11) NOT NULL,
  `plan_name` varchar(50) NOT NULL,
  `creted_at` timestamp NOT NULL DEFAULT current_timestamp(),
  `updated_at` timestamp NOT NULL DEFAULT current_timestamp()
) ENGINE=InnoDB DEFAULT CHARSET=utf8mb4;

--
-- Dumping data for table `mem_plans`
--

INSERT INTO `mem_plans` (`id`, `plan_name`, `creted_at`, `updated_at`) VALUES
(1, 'Silver', '2022-11-01 05:39:14', '2022-11-01 05:39:14'),
(2, 'Gold', '2022-11-01 05:39:44', '2022-11-01 05:39:44'),
(3, 'Platinum', '2022-11-01 05:39:44', '2022-11-01 05:39:44');

-- --------------------------------------------------------

--
-- Table structure for table `mem_purchase`
--

CREATE TABLE `mem_purchase` (
  `id` int(11) NOT NULL,
  `pack_id` int(11) NOT NULL,
  `start_date` date NOT NULL,
  `end_date` date NOT NULL,
  `player_id` int(11) NOT NULL,
  `status` tinyint(1) DEFAULT NULL,
  `created_at` timestamp NOT NULL DEFAULT current_timestamp(),
  `updated_at` timestamp NOT NULL DEFAULT current_timestamp()
) ENGINE=InnoDB DEFAULT CHARSET=utf8mb4;

--
-- Dumping data for table `mem_purchase`
--

INSERT INTO `mem_purchase` (`id`, `pack_id`, `start_date`, `end_date`, `player_id`, `status`, `created_at`, `updated_at`) VALUES
(1, 1, '2022-11-01', '2024-10-16', 19, 1, '2022-11-01 05:52:00', '2022-11-01 05:52:00');

-- --------------------------------------------------------

--
-- Table structure for table `migrations`
--

CREATE TABLE `migrations` (
  `id` int(10) UNSIGNED NOT NULL,
  `migration` varchar(255) COLLATE utf8mb4_unicode_ci NOT NULL,
  `batch` int(11) NOT NULL
) ENGINE=InnoDB DEFAULT CHARSET=utf8mb4 COLLATE=utf8mb4_unicode_ci;

--
-- Dumping data for table `migrations`
--

INSERT INTO `migrations` (`id`, `migration`, `batch`) VALUES
(1, '2014_10_12_000000_create_users_table', 1),
(2, '2014_10_12_100000_create_password_resets_table', 1),
(3, '2019_08_19_000000_create_failed_jobs_table', 1),
(4, '2019_12_14_000001_create_personal_access_tokens_table', 1),
(5, '2022_08_22_125741_create_permission_tables', 1),
(6, '2021_04_14_044507_create_settings_table', 2),
(7, '2021_06_15_022916_create_user_infos_table', 2),
(8, '2021_06_23_041411_create_activity_log_table', 2),
(9, '2021_06_23_041412_add_event_column_to_activity_log_table', 2),
(10, '2021_06_23_041413_add_batch_uuid_column_to_activity_log_table', 2),
(11, '2021_11_04_200820_add_api_token_column', 2),
(12, '2022_08_30_132247_create_permission_tables', 3),
(13, '2016_06_01_000001_create_oauth_auth_codes_table', 4),
(14, '2016_06_01_000002_create_oauth_access_tokens_table', 4),
(15, '2016_06_01_000003_create_oauth_refresh_tokens_table', 4),
(16, '2016_06_01_000004_create_oauth_clients_table', 4),
(17, '2016_06_01_000005_create_oauth_personal_access_clients_table', 4),
(18, '2022_10_21_110637_create_jobs_table', 5);

-- --------------------------------------------------------

--
-- Table structure for table `model_has_permissions`
--

CREATE TABLE `model_has_permissions` (
  `permission_id` bigint(20) UNSIGNED NOT NULL,
  `model_type` varchar(255) COLLATE utf8mb4_unicode_ci NOT NULL,
  `model_id` bigint(20) UNSIGNED NOT NULL
) ENGINE=InnoDB DEFAULT CHARSET=utf8mb4 COLLATE=utf8mb4_unicode_ci;

-- --------------------------------------------------------

--
-- Table structure for table `model_has_roles`
--

CREATE TABLE `model_has_roles` (
  `role_id` bigint(20) UNSIGNED NOT NULL,
  `model_type` varchar(255) COLLATE utf8mb4_unicode_ci NOT NULL,
  `model_id` bigint(20) UNSIGNED NOT NULL
) ENGINE=InnoDB DEFAULT CHARSET=utf8mb4 COLLATE=utf8mb4_unicode_ci;

--
-- Dumping data for table `model_has_roles`
--

INSERT INTO `model_has_roles` (`role_id`, `model_type`, `model_id`) VALUES
(1, 'App\\Models\\User', 1),
(1, 'App\\Models\\User', 2),
(1, 'App\\Models\\User', 22),
(1, 'App\\Models\\User', 25),
(13, 'App\\Models\\User', 24);

-- --------------------------------------------------------

--
-- Table structure for table `oauth_auth_codes`
--

CREATE TABLE `oauth_auth_codes` (
  `id` varchar(100) COLLATE utf8mb4_unicode_ci NOT NULL,
  `user_id` bigint(20) UNSIGNED NOT NULL,
  `client_id` bigint(20) UNSIGNED NOT NULL,
  `scopes` text COLLATE utf8mb4_unicode_ci DEFAULT NULL,
  `revoked` tinyint(1) NOT NULL,
  `expires_at` datetime DEFAULT NULL
) ENGINE=InnoDB DEFAULT CHARSET=utf8mb4 COLLATE=utf8mb4_unicode_ci;

-- --------------------------------------------------------

--
-- Table structure for table `oauth_personal_access_clients`
--

CREATE TABLE `oauth_personal_access_clients` (
  `id` bigint(20) UNSIGNED NOT NULL,
  `client_id` bigint(20) UNSIGNED NOT NULL,
  `created_at` timestamp NULL DEFAULT NULL,
  `updated_at` timestamp NULL DEFAULT NULL
) ENGINE=InnoDB DEFAULT CHARSET=utf8mb4 COLLATE=utf8mb4_unicode_ci;

--
-- Dumping data for table `oauth_personal_access_clients`
--

INSERT INTO `oauth_personal_access_clients` (`id`, `client_id`, `created_at`, `updated_at`) VALUES
(1, 1, '2022-10-03 06:02:09', '2022-10-03 06:02:09');

-- --------------------------------------------------------

--
-- Table structure for table `permissions`
--

CREATE TABLE `permissions` (
  `id` bigint(20) UNSIGNED NOT NULL,
  `name` varchar(255) COLLATE utf8mb4_unicode_ci NOT NULL,
  `guard_name` varchar(255) COLLATE utf8mb4_unicode_ci NOT NULL,
  `created_at` timestamp NULL DEFAULT NULL,
  `updated_at` timestamp NULL DEFAULT NULL
) ENGINE=InnoDB DEFAULT CHARSET=utf8mb4 COLLATE=utf8mb4_unicode_ci;

--
-- Dumping data for table `permissions`
--

INSERT INTO `permissions` (`id`, `name`, `guard_name`, `created_at`, `updated_at`) VALUES
(1, 'role-list', 'web', NULL, NULL),
(2, 'role-create', 'web', NULL, NULL),
(3, 'category-list', 'web', NULL, NULL),
(4, 'category-edit', 'web', NULL, NULL),
(7, 'category-create', 'web', NULL, NULL),
(8, 'category-delete', 'web', NULL, NULL);

-- --------------------------------------------------------

--
-- Table structure for table `players_play_coin`
--

CREATE TABLE `players_play_coin` (
  `id` int(11) NOT NULL,
  `player_id` int(11) NOT NULL,
  `avail_coins` int(11) NOT NULL,
  `created_at` timestamp NOT NULL DEFAULT current_timestamp(),
  `updated_at` timestamp NOT NULL DEFAULT current_timestamp()
) ENGINE=InnoDB DEFAULT CHARSET=utf8mb4;

--
-- Dumping data for table `players_play_coin`
--

INSERT INTO `players_play_coin` (`id`, `player_id`, `avail_coins`, `created_at`, `updated_at`) VALUES
(1, 19, 1500, '2022-11-01 07:17:24', '2022-11-01 07:17:24');

-- --------------------------------------------------------

--
-- Table structure for table `players_play_coin_history`
--

CREATE TABLE `players_play_coin_history` (
  `id` int(11) NOT NULL,
  `players_id` int(11) NOT NULL,
  `coins` int(11) NOT NULL,
  `type` enum('credit','debit') NOT NULL,
  `balance` int(11) NOT NULL,
  `remarks` text NOT NULL,
  `created_at` timestamp NOT NULL DEFAULT current_timestamp(),
  `updated_at` timestamp NOT NULL DEFAULT current_timestamp()
) ENGINE=InnoDB DEFAULT CHARSET=utf8mb4;

--
-- Dumping data for table `players_play_coin_history`
--

INSERT INTO `players_play_coin_history` (`id`, `players_id`, `coins`, `type`, `balance`, `remarks`, `created_at`, `updated_at`) VALUES
(1, 19, 1500, 'credit', 1500, 'Testing', '2022-11-01 07:18:47', '2022-11-01 07:18:47');

-- --------------------------------------------------------

--
-- Table structure for table `player_type`
--

CREATE TABLE `player_type` (
  `id` int(11) NOT NULL,
  `name` varchar(50) NOT NULL,
  `offer` int(11) NOT NULL,
  `created_at` timestamp NOT NULL DEFAULT current_timestamp(),
  `updated_at` timestamp NOT NULL DEFAULT current_timestamp()
) ENGINE=InnoDB DEFAULT CHARSET=utf8mb4;

--
-- Dumping data for table `player_type`
--

INSERT INTO `player_type` (`id`, `name`, `offer`, `created_at`, `updated_at`) VALUES
(1, 'kids', 0, '2022-09-07 11:21:54', '2022-09-07 11:21:54'),
(2, 'adult', 0, '2022-09-07 11:21:54', '2022-09-07 11:21:54'),
(3, 'women', 0, '2022-09-07 11:21:54', '2022-09-07 11:21:54');

-- --------------------------------------------------------

--
-- Table structure for table `roles`
--

CREATE TABLE `roles` (
  `id` bigint(20) UNSIGNED NOT NULL,
  `name` varchar(255) COLLATE utf8mb4_unicode_ci NOT NULL,
  `guard_name` varchar(255) COLLATE utf8mb4_unicode_ci NOT NULL,
  `created_at` timestamp NULL DEFAULT NULL,
  `updated_at` timestamp NULL DEFAULT NULL
) ENGINE=InnoDB DEFAULT CHARSET=utf8mb4 COLLATE=utf8mb4_unicode_ci;

--
-- Dumping data for table `roles`
--

INSERT INTO `roles` (`id`, `name`, `guard_name`, `created_at`, `updated_at`) VALUES
(1, 'Admin', 'web', NULL, '2022-09-27 05:06:08'),
(13, 'Employee', 'web', '2022-09-27 01:51:51', '2022-09-27 01:51:51');

-- --------------------------------------------------------

--
-- Table structure for table `role_has_permissions`
--

CREATE TABLE `role_has_permissions` (
  `permission_id` bigint(20) UNSIGNED NOT NULL,
  `role_id` bigint(20) UNSIGNED NOT NULL
) ENGINE=InnoDB DEFAULT CHARSET=utf8mb4 COLLATE=utf8mb4_unicode_ci;

--
-- Dumping data for table `role_has_permissions`
--

INSERT INTO `role_has_permissions` (`permission_id`, `role_id`) VALUES
(1, 1),
(2, 1),
(2, 13),
(3, 1),
(4, 1),
(7, 1),
(8, 1);

-- --------------------------------------------------------

--
-- Table structure for table `setting`
--

CREATE TABLE `setting` (
  `id` int(11) NOT NULL,
  `type` varchar(50) NOT NULL,
  `value` longtext NOT NULL,
  `created_at` timestamp NOT NULL DEFAULT current_timestamp(),
  `updated_at` timestamp NOT NULL DEFAULT current_timestamp()
) ENGINE=InnoDB DEFAULT CHARSET=utf8mb4;

-- --------------------------------------------------------

--
-- Table structure for table `slots`
--

CREATE TABLE `slots` (
  `id` int(11) NOT NULL,
  `day_id` int(11) NOT NULL,
  `start_time` time DEFAULT NULL,
  `end_time` time DEFAULT NULL,
  `slot_break_time` int(11) DEFAULT NULL,
  `slot_duration` int(11) DEFAULT NULL,
  `price_per_slot` int(11) DEFAULT NULL,
  `time_off` tinyint(1) NOT NULL,
  `venue_id` int(11) DEFAULT NULL,
  `court_id` varchar(11) NOT NULL,
  `created_at` timestamp NOT NULL DEFAULT current_timestamp(),
  `updated_at` timestamp NOT NULL DEFAULT current_timestamp()
) ENGINE=InnoDB DEFAULT CHARSET=utf8mb4;

--
-- Dumping data for table `slots`
--

INSERT INTO `slots` (`id`, `day_id`, `start_time`, `end_time`, `slot_break_time`, `slot_duration`, `price_per_slot`, `time_off`, `venue_id`, `court_id`, `created_at`, `updated_at`) VALUES
(1, 0, '08:00:00', '20:00:00', 15, 1, 2000, 1, NULL, '1', '2022-10-20 07:00:43', '2022-10-20 07:47:31'),
(2, 1, '06:00:00', '20:00:00', 15, 1, 1000, 1, NULL, '1', '2022-10-20 07:00:43', '2022-10-20 07:00:43'),
(3, 2, '10:00:00', '20:00:00', 15, 1, 1000, 1, NULL, '1', '2022-10-20 07:00:43', '2022-10-20 07:20:14'),
(4, 3, '06:00:00', '20:00:00', 15, 1, 1000, 1, NULL, '1', '2022-10-20 07:00:43', '2022-10-20 07:00:43'),
(5, 4, '06:00:00', '20:00:00', 15, 1, 1000, 1, NULL, '1', '2022-10-20 07:00:43', '2022-10-20 07:00:43'),
(6, 5, '06:00:00', '20:00:00', 15, 1, 1000, 1, NULL, '1', '2022-10-20 07:00:43', '2022-10-20 07:00:43'),
(7, 6, '06:00:00', '20:00:00', 15, 1, 1500, 1, NULL, '1', '2022-10-20 07:00:43', '2022-10-20 07:00:43'),
(8, 0, NULL, NULL, NULL, NULL, NULL, 0, NULL, '10', '2022-10-24 10:39:41', '2022-10-24 10:39:41'),
(9, 1, '06:00:00', '20:00:00', 15, 1, 100, 1, NULL, '10', '2022-10-24 10:39:41', '2022-10-24 10:39:41'),
(10, 2, NULL, NULL, NULL, NULL, NULL, 0, NULL, '10', '2022-10-24 10:39:41', '2022-10-24 10:39:41'),
(11, 3, '06:00:00', '20:00:00', 15, 1, 100, 1, NULL, '10', '2022-10-24 10:39:41', '2022-10-24 10:48:50'),
(12, 4, NULL, NULL, NULL, NULL, NULL, 0, NULL, '10', '2022-10-24 10:39:41', '2022-10-24 10:39:41'),
(13, 5, '06:00:00', '20:00:00', 15, 1, 100, 1, NULL, '10', '2022-10-24 10:39:41', '2022-10-24 10:39:41'),
(14, 6, NULL, NULL, NULL, NULL, NULL, 0, NULL, '10', '2022-10-24 10:39:41', '2022-10-24 10:39:41');

-- --------------------------------------------------------

--
-- Table structure for table `slots_timing`
--

CREATE TABLE `slots_timing` (
  `id` int(11) NOT NULL,
  `slot_id` int(11) DEFAULT NULL,
  `day_id` int(11) NOT NULL,
  `court_id` int(11) NOT NULL,
  `price` float NOT NULL,
  `time_from` varchar(10) NOT NULL,
  `time_to` varchar(10) NOT NULL,
  `golden_hour` tinyint(1) NOT NULL,
  `status` tinyint(1) NOT NULL,
  `created_at` timestamp NOT NULL DEFAULT current_timestamp(),
  `updated_at` timestamp NOT NULL DEFAULT current_timestamp()
) ENGINE=InnoDB DEFAULT CHARSET=utf8mb4;

--
-- Dumping data for table `slots_timing`
--

INSERT INTO `slots_timing` (`id`, `slot_id`, `day_id`, `court_id`, `price`, `time_from`, `time_to`, `golden_hour`, `status`, `created_at`, `updated_at`) VALUES
(18, 3, 2, 1, 1000, '11:00', '12:00', 0, 1, '2022-10-20 12:30:43', '2022-10-20 12:30:43'),
(19, 3, 2, 1, 1000, '12:15', '13:15', 0, 1, '2022-10-20 12:30:43', '2022-10-20 12:30:43'),
(20, 3, 2, 1, 1000, '13:30', '14:30', 0, 1, '2022-10-20 12:30:43', '2022-10-20 12:30:43'),
(21, 3, 2, 1, 1000, '14:45', '15:45', 0, 1, '2022-10-20 12:30:43', '2022-10-20 12:30:43'),
(26, 5, 4, 1, 1000, '11:00', '12:00', 0, 1, '2022-10-20 12:30:43', '2022-10-20 12:30:43'),
(27, 5, 4, 1, 1000, '12:15', '13:15', 0, 1, '2022-10-20 12:30:43', '2022-10-20 12:30:43'),
(28, 5, 4, 1, 1000, '13:30', '14:30', 0, 1, '2022-10-20 12:30:43', '2022-10-20 12:30:43'),
(29, 5, 4, 1, 1000, '14:45', '15:45', 0, 1, '2022-10-20 12:30:43', '2022-10-20 12:30:43'),
(30, 6, 5, 1, 1000, '11:00', '12:00', 0, 1, '2022-10-20 12:30:43', '2022-10-20 12:30:43'),
(31, 6, 5, 1, 1000, '12:15', '13:15', 0, 1, '2022-10-20 12:30:43', '2022-10-20 12:30:43'),
(32, 6, 5, 1, 1000, '13:30', '14:30', 0, 1, '2022-10-20 12:30:43', '2022-10-20 12:30:43'),
(33, 6, 5, 1, 1000, '14:45', '15:45', 0, 1, '2022-10-20 12:30:43', '2022-10-20 12:30:43'),
(34, 7, 6, 1, 1500, '11:00', '12:00', 0, 1, '2022-10-20 12:30:43', '2022-10-20 12:30:43'),
(35, 7, 6, 1, 1500, '12:15', '13:15', 0, 1, '2022-10-20 12:30:43', '2022-10-20 12:30:43'),
(36, 7, 6, 1, 1500, '13:30', '14:30', 0, 1, '2022-10-20 12:30:43', '2022-10-20 12:30:43'),
(37, 7, 6, 1, 1500, '14:45', '15:45', 0, 1, '2022-10-20 12:30:43', '2022-10-20 12:30:43'),
(225, 2, 1, 1, 1000, '06:00', '07:00', 0, 1, '2022-10-20 13:26:27', '2022-10-20 13:26:27'),
(226, 2, 1, 1, 1000, '07:15', '08:15', 0, 1, '2022-10-20 13:26:27', '2022-10-20 13:26:27'),
(227, 2, 1, 1, 1000, '08:30', '09:30', 0, 1, '2022-10-20 13:26:27', '2022-10-20 13:26:27'),
(228, 2, 1, 1, 1000, '09:45', '10:45', 0, 1, '2022-10-20 13:26:27', '2022-10-20 13:26:27'),
(229, 2, 1, 1, 1000, '11:00', '12:00', 0, 1, '2022-10-20 13:26:27', '2022-10-20 13:26:27'),
(230, 2, 1, 1, 1000, '12:15', '13:15', 0, 1, '2022-10-20 13:26:27', '2022-10-20 13:26:27'),
(231, 2, 1, 1, 1000, '13:30', '14:30', 0, 1, '2022-10-20 13:26:27', '2022-10-20 13:26:27'),
(232, 2, 1, 1, 1000, '14:45', '15:45', 0, 1, '2022-10-20 13:26:27', '2022-10-20 13:26:27'),
(233, 2, 1, 1, 1000, '16:00', '17:00', 0, 1, '2022-10-20 13:26:27', '2022-10-20 13:26:27'),
(234, 2, 1, 1, 1000, '17:15', '18:15', 0, 1, '2022-10-20 13:26:27', '2022-10-20 13:26:27'),
(235, 2, 1, 1, 1000, '18:30', '19:30', 0, 1, '2022-10-20 13:26:27', '2022-10-20 13:26:27'),
(236, 2, 1, 1, 1000, '19:45', '20:45', 0, 1, '2022-10-20 13:26:27', '2022-10-20 13:26:27'),
(247, 1, 0, 1, 2000, '08:00', '09:00', 0, 1, '2022-10-20 13:29:16', '2022-10-20 13:29:16'),
(248, 1, 0, 1, 2000, '09:15', '10:15', 0, 1, '2022-10-20 13:29:16', '2022-10-20 13:29:16'),
(249, 1, 0, 1, 2000, '10:30', '11:30', 0, 1, '2022-10-20 13:29:16', '2022-10-20 13:29:16'),
(250, 1, 0, 1, 2000, '11:45', '12:45', 0, 1, '2022-10-20 13:29:16', '2022-10-20 13:29:16'),
(251, 1, 0, 1, 2000, '13:00', '14:00', 0, 1, '2022-10-20 13:29:16', '2022-10-20 13:29:16'),
(252, 1, 0, 1, 2000, '14:15', '15:15', 0, 1, '2022-10-20 13:29:16', '2022-10-20 13:29:16'),
(253, 1, 0, 1, 2000, '15:30', '16:30', 0, 1, '2022-10-20 13:29:16', '2022-10-20 13:29:16'),
(254, 1, 0, 1, 2000, '16:45', '17:45', 0, 1, '2022-10-20 13:29:16', '2022-10-20 13:29:16'),
(255, 1, 0, 1, 2000, '18:00', '19:00', 0, 1, '2022-10-20 13:29:16', '2022-10-20 13:29:16'),
(256, 1, 0, 1, 2000, '19:15', '20:15', 0, 1, '2022-10-20 13:29:16', '2022-10-20 13:29:16'),
(257, 11, 3, 10, 100, '06:00', '07:00', 0, 1, '2022-10-24 16:18:50', '2022-10-24 16:18:50'),
(258, 11, 3, 10, 100, '07:15', '08:15', 0, 1, '2022-10-24 16:18:50', '2022-10-24 16:18:50'),
(259, 11, 3, 10, 100, '08:30', '09:30', 0, 1, '2022-10-24 16:18:50', '2022-10-24 16:18:50'),
(260, 11, 3, 10, 100, '09:45', '10:45', 0, 1, '2022-10-24 16:18:50', '2022-10-24 16:18:50'),
(261, 11, 3, 10, 100, '11:00', '12:00', 0, 1, '2022-10-24 16:18:50', '2022-10-24 16:18:50'),
(262, 11, 3, 10, 100, '12:15', '13:15', 0, 1, '2022-10-24 16:18:50', '2022-10-24 16:18:50'),
(263, 11, 3, 10, 100, '13:30', '14:30', 0, 1, '2022-10-24 16:18:50', '2022-10-24 16:18:50'),
(264, 11, 3, 10, 100, '14:45', '15:45', 0, 1, '2022-10-24 16:18:50', '2022-10-24 16:18:50'),
(265, 11, 3, 10, 100, '16:00', '17:00', 0, 1, '2022-10-24 16:18:50', '2022-10-24 16:18:50'),
(266, 11, 3, 10, 100, '17:15', '18:15', 0, 1, '2022-10-24 16:18:50', '2022-10-24 16:18:50'),
(267, 11, 3, 10, 100, '18:30', '19:30', 0, 1, '2022-10-24 16:18:50', '2022-10-24 16:18:50'),
(268, 11, 3, 10, 100, '19:45', '20:45', 0, 1, '2022-10-24 16:18:50', '2022-10-24 16:18:50'),
(269, 4, 3, 1, 1000, '11:00', '12:00', 0, 1, '2022-10-29 13:35:32', '2022-10-29 13:35:32'),
(270, 4, 3, 1, 1000, '12:15', '13:15', 0, 1, '2022-10-29 13:35:32', '2022-10-29 13:35:32'),
(271, 4, 3, 1, 1000, '13:30', '14:30', 0, 1, '2022-10-29 13:35:32', '2022-10-29 13:35:32'),
(272, 4, 3, 1, 1000, '14:45', '15:45', 0, 1, '2022-10-29 13:35:32', '2022-10-29 13:35:32');

-- --------------------------------------------------------

--
-- Table structure for table `sports`
--

CREATE TABLE `sports` (
  `id` int(11) NOT NULL,
  `name` varchar(100) NOT NULL,
  `image` varchar(100) NOT NULL,
  `category` int(11) NOT NULL,
  `type` enum('Team','Individuals') NOT NULL,
  `slug` varchar(255) NOT NULL,
  `sports_description` text DEFAULT NULL,
  `sort` int(11) DEFAULT NULL,
  `created_at` timestamp NOT NULL DEFAULT current_timestamp(),
  `updated_at` timestamp NOT NULL DEFAULT current_timestamp()
) ENGINE=InnoDB DEFAULT CHARSET=utf8mb4;

--
-- Dumping data for table `sports`
--

INSERT INTO `sports` (`id`, `name`, `image`, `category`, `type`, `slug`, `sports_description`, `sort`, `created_at`, `updated_at`) VALUES
(1, 'Cricket', 'sports/thumbnail/1666268472.jpg', 2, 'Team', 'cricket', NULL, NULL, '2022-10-20 06:51:12', '2022-10-20 06:51:12'),
(2, 'Tennis', 'sports/thumbnail/1666268510.jpg', 2, 'Team', 'tennis', NULL, NULL, '2022-10-20 06:51:50', '2022-10-20 06:51:50');

-- --------------------------------------------------------

--
-- Table structure for table `user_infos`
--

CREATE TABLE `user_infos` (
  `id` bigint(20) UNSIGNED NOT NULL,
  `user_id` bigint(20) UNSIGNED NOT NULL,
  `avatar` text COLLATE utf8mb4_unicode_ci DEFAULT NULL,
  `company` varchar(255) COLLATE utf8mb4_unicode_ci DEFAULT NULL,
  `phone` varchar(255) COLLATE utf8mb4_unicode_ci DEFAULT NULL,
  `website` varchar(255) COLLATE utf8mb4_unicode_ci DEFAULT NULL,
  `country` varchar(255) COLLATE utf8mb4_unicode_ci DEFAULT NULL,
  `language` varchar(255) COLLATE utf8mb4_unicode_ci DEFAULT NULL,
  `timezone` varchar(255) COLLATE utf8mb4_unicode_ci DEFAULT NULL,
  `currency` varchar(255) COLLATE utf8mb4_unicode_ci DEFAULT NULL,
  `communication` varchar(255) COLLATE utf8mb4_unicode_ci DEFAULT NULL,
  `marketing` tinyint(4) DEFAULT NULL,
  `created_at` timestamp NULL DEFAULT NULL,
  `updated_at` timestamp NULL DEFAULT NULL
) ENGINE=InnoDB DEFAULT CHARSET=utf8mb4 COLLATE=utf8mb4_unicode_ci ROW_FORMAT=DYNAMIC;

-- --------------------------------------------------------

--
-- Table structure for table `user_permissions`
--

CREATE TABLE `user_permissions` (
  `id` bigint(20) UNSIGNED NOT NULL,
  `name` varchar(255) COLLATE utf8mb4_unicode_ci NOT NULL,
  `guard_name` varchar(255) COLLATE utf8mb4_unicode_ci NOT NULL,
  `created_at` timestamp NULL DEFAULT NULL,
  `updated_at` timestamp NULL DEFAULT NULL
) ENGINE=InnoDB DEFAULT CHARSET=utf8mb4 COLLATE=utf8mb4_unicode_ci;

--
-- Dumping data for table `user_permissions`
--

INSERT INTO `user_permissions` (`id`, `name`, `guard_name`, `created_at`, `updated_at`) VALUES
(1, 'role-list', 'web', '2022-08-22 08:01:09', '2022-08-22 08:01:09'),
(2, 'role-create', 'web', '2022-08-22 08:01:09', '2022-08-22 08:01:09'),
(3, 'role-edit', 'web', '2022-08-22 08:01:09', '2022-08-22 08:01:09'),
(4, 'role-delete', 'web', '2022-08-22 08:01:09', '2022-08-22 08:01:09'),
(5, 'product-list', 'web', '2022-08-22 08:01:09', '2022-08-22 08:01:09'),
(6, 'product-create', 'web', '2022-08-22 08:01:09', '2022-08-22 08:01:09'),
(7, 'product-edit', 'web', '2022-08-22 08:01:09', '2022-08-22 08:01:09'),
(8, 'product-delete', 'web', '2022-08-22 08:01:09', '2022-08-22 08:01:09');

-- --------------------------------------------------------

--
-- Table structure for table `user_roles`
--

CREATE TABLE `user_roles` (
  `id` bigint(20) UNSIGNED NOT NULL,
  `name` varchar(255) COLLATE utf8mb4_unicode_ci NOT NULL,
  `guard_name` varchar(255) COLLATE utf8mb4_unicode_ci NOT NULL,
  `created_at` timestamp NULL DEFAULT NULL,
  `updated_at` timestamp NULL DEFAULT NULL
) ENGINE=InnoDB DEFAULT CHARSET=utf8mb4 COLLATE=utf8mb4_unicode_ci;

--
-- Dumping data for table `user_roles`
--

INSERT INTO `user_roles` (`id`, `name`, `guard_name`, `created_at`, `updated_at`) VALUES
(1, 'admin', 'web', '2022-08-22 08:00:55', '2022-08-22 08:00:55'),
(2, 'user', 'web', '2022-08-22 08:00:55', '2022-08-22 08:00:55');

-- --------------------------------------------------------

--
-- Table structure for table `venues`
--

CREATE TABLE `venues` (
  `id` int(11) NOT NULL,
  `name` varchar(255) NOT NULL,
  `sports_category` int(11) NOT NULL,
  `sports` int(11) NOT NULL,
  `image` varchar(100) NOT NULL,
  `slug` varchar(100) NOT NULL,
  `sort` int(11) DEFAULT NULL,
  `created_at` timestamp NOT NULL DEFAULT current_timestamp(),
  `updated_at` timestamp NOT NULL DEFAULT current_timestamp()
) ENGINE=InnoDB DEFAULT CHARSET=utf8mb4;

--
-- Dumping data for table `venues`
--

INSERT INTO `venues` (`id`, `name`, `sports_category`, `sports`, `image`, `slug`, `sort`, `created_at`, `updated_at`) VALUES
(1, 'Tennis- Court1', 2, 2, 'venue/thumbnail/1666268547.jpg', 'tennis-court1', NULL, '2022-10-20 06:52:27', '2022-10-20 06:52:27'),
(2, 'Tennis-Court2', 2, 2, 'venue/thumbnail/1666268570.jpg', 'tennis-court2', NULL, '2022-10-20 06:52:50', '2022-10-20 06:52:50'),
(3, 'Tennis-Court3', 2, 1, 'venue/thumbnail/1666268599.jpg', 'tennis-court3', NULL, '2022-10-20 06:53:19', '2022-10-20 06:53:19');

--
-- Indexes for dumped tables
--

--
-- Indexes for table `activity_log`
--
ALTER TABLE `activity_log`
  ADD PRIMARY KEY (`id`),
  ADD KEY `subject` (`subject_type`,`subject_id`),
  ADD KEY `causer` (`causer_type`,`causer_id`),
  ADD KEY `activity_log_log_name_index` (`log_name`);

--
-- Indexes for table `booking`
--
ALTER TABLE `booking`
  ADD PRIMARY KEY (`id`);

--
-- Indexes for table `booking_slots`
--
ALTER TABLE `booking_slots`
  ADD PRIMARY KEY (`id`),
  ADD KEY `slot_id` (`slot_id`),
  ADD KEY `cus_slot_id` (`cus_slot_id`);

--
-- Indexes for table `category`
--
ALTER TABLE `category`
  ADD PRIMARY KEY (`id`);

--
-- Indexes for table `coaching_schedule`
--
ALTER TABLE `coaching_schedule`
  ADD PRIMARY KEY (`id`);

--
-- Indexes for table `coaching_timing_schedule`
--
ALTER TABLE `coaching_timing_schedule`
  ADD PRIMARY KEY (`id`);

--
-- Indexes for table `common_slots`
--
ALTER TABLE `common_slots`
  ADD PRIMARY KEY (`id`);

--
-- Indexes for table `couching_booking_history`
--
ALTER TABLE `couching_booking_history`
  ADD PRIMARY KEY (`id`);

--
-- Indexes for table `court`
--
ALTER TABLE `court`
  ADD PRIMARY KEY (`id`);

--
-- Indexes for table `custom_slots`
--
ALTER TABLE `custom_slots`
  ADD PRIMARY KEY (`id`);

--
-- Indexes for table `custom_slots_timing`
--
ALTER TABLE `custom_slots_timing`
  ADD PRIMARY KEY (`id`),
  ADD KEY `court_id` (`court_id`),
  ADD KEY `slot_id` (`slot_id`);

--
-- Indexes for table `days`
--
ALTER TABLE `days`
  ADD PRIMARY KEY (`id`);

--
-- Indexes for table `failed_jobs`
--
ALTER TABLE `failed_jobs`
  ADD PRIMARY KEY (`id`),
  ADD UNIQUE KEY `failed_jobs_uuid_unique` (`uuid`);

--
-- Indexes for table `jobs`
--
ALTER TABLE `jobs`
  ADD PRIMARY KEY (`id`),
  ADD KEY `jobs_queue_index` (`queue`);

--
-- Indexes for table `mem_duration`
--
ALTER TABLE `mem_duration`
  ADD PRIMARY KEY (`id`);

--
-- Indexes for table `mem_package`
--
ALTER TABLE `mem_package`
  ADD PRIMARY KEY (`id`);

--
-- Indexes for table `mem_plans`
--
ALTER TABLE `mem_plans`
  ADD PRIMARY KEY (`id`);

--
-- Indexes for table `mem_purchase`
--
ALTER TABLE `mem_purchase`
  ADD PRIMARY KEY (`id`);

--
-- Indexes for table `migrations`
--
ALTER TABLE `migrations`
  ADD PRIMARY KEY (`id`);

--
-- Indexes for table `model_has_permissions`
--
ALTER TABLE `model_has_permissions`
  ADD PRIMARY KEY (`permission_id`,`model_id`,`model_type`),
  ADD KEY `model_has_permissions_model_id_model_type_index` (`model_id`,`model_type`);

--
-- Indexes for table `model_has_roles`
--
ALTER TABLE `model_has_roles`
  ADD PRIMARY KEY (`role_id`,`model_id`,`model_type`),
  ADD KEY `model_has_roles_model_id_model_type_index` (`model_id`,`model_type`);

--
-- Indexes for table `oauth_auth_codes`
--
ALTER TABLE `oauth_auth_codes`
  ADD PRIMARY KEY (`id`),
  ADD KEY `oauth_auth_codes_user_id_index` (`user_id`);

--
-- Indexes for table `oauth_personal_access_clients`
--
ALTER TABLE `oauth_personal_access_clients`
  ADD PRIMARY KEY (`id`);

--
-- Indexes for table `permissions`
--
ALTER TABLE `permissions`
  ADD PRIMARY KEY (`id`),
  ADD UNIQUE KEY `permissions_name_guard_name_unique` (`name`,`guard_name`);

--
-- Indexes for table `players_play_coin`
--
ALTER TABLE `players_play_coin`
  ADD PRIMARY KEY (`id`);

--
-- Indexes for table `players_play_coin_history`
--
ALTER TABLE `players_play_coin_history`
  ADD PRIMARY KEY (`id`);

--
-- Indexes for table `player_type`
--
ALTER TABLE `player_type`
  ADD PRIMARY KEY (`id`);

--
-- Indexes for table `roles`
--
ALTER TABLE `roles`
  ADD PRIMARY KEY (`id`),
  ADD UNIQUE KEY `roles_name_guard_name_unique` (`name`,`guard_name`);

--
-- Indexes for table `role_has_permissions`
--
ALTER TABLE `role_has_permissions`
  ADD PRIMARY KEY (`permission_id`,`role_id`),
  ADD KEY `role_has_permissions_role_id_foreign` (`role_id`);

--
-- Indexes for table `setting`
--
ALTER TABLE `setting`
  ADD PRIMARY KEY (`id`);

--
-- Indexes for table `slots`
--
ALTER TABLE `slots`
  ADD PRIMARY KEY (`id`),
  ADD KEY `day_id` (`day_id`);

--
-- Indexes for table `slots_timing`
--
ALTER TABLE `slots_timing`
  ADD PRIMARY KEY (`id`),
  ADD KEY `slot_id` (`slot_id`),
  ADD KEY `day_id` (`day_id`);

--
-- Indexes for table `sports`
--
ALTER TABLE `sports`
  ADD PRIMARY KEY (`id`);

--
-- Indexes for table `user_infos`
--
ALTER TABLE `user_infos`
  ADD PRIMARY KEY (`id`);

--
-- Indexes for table `user_permissions`
--
ALTER TABLE `user_permissions`
  ADD PRIMARY KEY (`id`),
  ADD UNIQUE KEY `permissions_name_guard_name_unique` (`name`,`guard_name`);

--
-- Indexes for table `user_roles`
--
ALTER TABLE `user_roles`
  ADD PRIMARY KEY (`id`),
  ADD UNIQUE KEY `roles_name_guard_name_unique` (`name`,`guard_name`);

--
-- Indexes for table `venues`
--
ALTER TABLE `venues`
  ADD PRIMARY KEY (`id`);

--
-- AUTO_INCREMENT for dumped tables
--

--
-- AUTO_INCREMENT for table `activity_log`
--
ALTER TABLE `activity_log`
  MODIFY `id` bigint(20) UNSIGNED NOT NULL AUTO_INCREMENT;

--
-- AUTO_INCREMENT for table `booking`
--
ALTER TABLE `booking`
  MODIFY `id` int(11) NOT NULL AUTO_INCREMENT, AUTO_INCREMENT=5;

--
-- AUTO_INCREMENT for table `booking_slots`
--
ALTER TABLE `booking_slots`
  MODIFY `id` int(11) NOT NULL AUTO_INCREMENT, AUTO_INCREMENT=6;

--
-- AUTO_INCREMENT for table `category`
--
ALTER TABLE `category`
  MODIFY `id` int(11) NOT NULL AUTO_INCREMENT, AUTO_INCREMENT=3;

--
-- AUTO_INCREMENT for table `coaching_schedule`
--
ALTER TABLE `coaching_schedule`
  MODIFY `id` int(11) NOT NULL AUTO_INCREMENT, AUTO_INCREMENT=5;

--
-- AUTO_INCREMENT for table `coaching_timing_schedule`
--
ALTER TABLE `coaching_timing_schedule`
  MODIFY `id` int(11) NOT NULL AUTO_INCREMENT, AUTO_INCREMENT=34;

--
-- AUTO_INCREMENT for table `common_slots`
--
ALTER TABLE `common_slots`
  MODIFY `id` int(11) NOT NULL AUTO_INCREMENT;

--
-- AUTO_INCREMENT for table `couching_booking_history`
--
ALTER TABLE `couching_booking_history`
  MODIFY `id` int(11) NOT NULL AUTO_INCREMENT;

--
-- AUTO_INCREMENT for table `court`
--
ALTER TABLE `court`
  MODIFY `id` int(11) NOT NULL AUTO_INCREMENT;

--
-- AUTO_INCREMENT for table `custom_slots`
--
ALTER TABLE `custom_slots`
  MODIFY `id` int(11) NOT NULL AUTO_INCREMENT, AUTO_INCREMENT=3;

--
-- AUTO_INCREMENT for table `custom_slots_timing`
--
ALTER TABLE `custom_slots_timing`
  MODIFY `id` int(11) NOT NULL AUTO_INCREMENT, AUTO_INCREMENT=12;

--
-- AUTO_INCREMENT for table `days`
--
ALTER TABLE `days`
  MODIFY `id` int(11) NOT NULL AUTO_INCREMENT, AUTO_INCREMENT=8;

--
-- AUTO_INCREMENT for table `failed_jobs`
--
ALTER TABLE `failed_jobs`
  MODIFY `id` bigint(20) UNSIGNED NOT NULL AUTO_INCREMENT, AUTO_INCREMENT=13;

--
-- AUTO_INCREMENT for table `jobs`
--
ALTER TABLE `jobs`
  MODIFY `id` bigint(20) UNSIGNED NOT NULL AUTO_INCREMENT, AUTO_INCREMENT=78;

--
-- AUTO_INCREMENT for table `mem_duration`
--
ALTER TABLE `mem_duration`
  MODIFY `id` int(11) NOT NULL AUTO_INCREMENT, AUTO_INCREMENT=4;

--
-- AUTO_INCREMENT for table `mem_package`
--
ALTER TABLE `mem_package`
  MODIFY `id` int(11) NOT NULL AUTO_INCREMENT, AUTO_INCREMENT=3;

--
-- AUTO_INCREMENT for table `mem_plans`
--
ALTER TABLE `mem_plans`
  MODIFY `id` int(11) NOT NULL AUTO_INCREMENT, AUTO_INCREMENT=4;

--
-- AUTO_INCREMENT for table `mem_purchase`
--
ALTER TABLE `mem_purchase`
  MODIFY `id` int(11) NOT NULL AUTO_INCREMENT, AUTO_INCREMENT=2;

--
-- AUTO_INCREMENT for table `migrations`
--
ALTER TABLE `migrations`
  MODIFY `id` int(10) UNSIGNED NOT NULL AUTO_INCREMENT, AUTO_INCREMENT=19;

--
-- AUTO_INCREMENT for table `oauth_personal_access_clients`
--
ALTER TABLE `oauth_personal_access_clients`
  MODIFY `id` bigint(20) UNSIGNED NOT NULL AUTO_INCREMENT, AUTO_INCREMENT=2;

--
-- AUTO_INCREMENT for table `permissions`
--
ALTER TABLE `permissions`
  MODIFY `id` bigint(20) UNSIGNED NOT NULL AUTO_INCREMENT, AUTO_INCREMENT=9;

--
-- AUTO_INCREMENT for table `players_play_coin`
--
ALTER TABLE `players_play_coin`
  MODIFY `id` int(11) NOT NULL AUTO_INCREMENT, AUTO_INCREMENT=2;

--
-- AUTO_INCREMENT for table `players_play_coin_history`
--
ALTER TABLE `players_play_coin_history`
  MODIFY `id` int(11) NOT NULL AUTO_INCREMENT, AUTO_INCREMENT=2;

--
-- AUTO_INCREMENT for table `player_type`
--
ALTER TABLE `player_type`
  MODIFY `id` int(11) NOT NULL AUTO_INCREMENT, AUTO_INCREMENT=4;

--
-- AUTO_INCREMENT for table `roles`
--
ALTER TABLE `roles`
  MODIFY `id` bigint(20) UNSIGNED NOT NULL AUTO_INCREMENT, AUTO_INCREMENT=15;

--
-- AUTO_INCREMENT for table `setting`
--
ALTER TABLE `setting`
  MODIFY `id` int(11) NOT NULL AUTO_INCREMENT;

--
-- AUTO_INCREMENT for table `slots`
--
ALTER TABLE `slots`
  MODIFY `id` int(11) NOT NULL AUTO_INCREMENT, AUTO_INCREMENT=15;

--
-- AUTO_INCREMENT for table `slots_timing`
--
ALTER TABLE `slots_timing`
  MODIFY `id` int(11) NOT NULL AUTO_INCREMENT, AUTO_INCREMENT=273;

--
-- AUTO_INCREMENT for table `sports`
--
ALTER TABLE `sports`
  MODIFY `id` int(11) NOT NULL AUTO_INCREMENT, AUTO_INCREMENT=3;

--
-- AUTO_INCREMENT for table `user_infos`
--
ALTER TABLE `user_infos`
  MODIFY `id` bigint(20) UNSIGNED NOT NULL AUTO_INCREMENT;

--
-- AUTO_INCREMENT for table `user_permissions`
--
ALTER TABLE `user_permissions`
  MODIFY `id` bigint(20) UNSIGNED NOT NULL AUTO_INCREMENT, AUTO_INCREMENT=9;

--
-- AUTO_INCREMENT for table `user_roles`
--
ALTER TABLE `user_roles`
  MODIFY `id` bigint(20) UNSIGNED NOT NULL AUTO_INCREMENT, AUTO_INCREMENT=3;

--
-- AUTO_INCREMENT for table `venues`
--
ALTER TABLE `venues`
  MODIFY `id` int(11) NOT NULL AUTO_INCREMENT, AUTO_INCREMENT=4;

--
-- Constraints for dumped tables
--

--
-- Constraints for table `model_has_permissions`
--
ALTER TABLE `model_has_permissions`
  ADD CONSTRAINT `model_has_permissions_permission_id_foreign` FOREIGN KEY (`permission_id`) REFERENCES `permissions` (`id`) ON DELETE CASCADE;

--
-- Constraints for table `model_has_roles`
--
ALTER TABLE `model_has_roles`
  ADD CONSTRAINT `model_has_roles_role_id_foreign` FOREIGN KEY (`role_id`) REFERENCES `roles` (`id`) ON DELETE CASCADE;

--
-- Constraints for table `role_has_permissions`
--
ALTER TABLE `role_has_permissions`
  ADD CONSTRAINT `role_has_permissions_permission_id_foreign` FOREIGN KEY (`permission_id`) REFERENCES `permissions` (`id`) ON DELETE CASCADE,
  ADD CONSTRAINT `role_has_permissions_role_id_foreign` FOREIGN KEY (`role_id`) REFERENCES `roles` (`id`) ON DELETE CASCADE;
COMMIT;

